-- https://www.phpmyadmin.net/
--
-- Máy chủ: localhost:3306
-- Thời gian đã tạo: Th2 13, 2023 lúc 09:38 AM
-- Phiên bản máy phục vụ: 5.7.41-log-cll-lve
-- Phiên bản PHP: 7.4.33

START TRANSACTION;



--
-- Cơ sở dữ liệu: `annh87_cms`
--

-- --------------------------------------------------------

--
-- Cấu trúc bảng cho bảng `audio`
--

CREATE TABLE IF NOT EXISTS `audio` (
  `id` int(11) NOT NULL AUTO_INCREMENT,
  `name` varchar(255) DEFAULT NULL,
  `path` varchar(255) DEFAULT NULL,
  PRIMARY KEY (`id`)
) ENGINE=InnoDB AUTO_INCREMENT=17 DEFAULT CHARSET=utf8mb4;

--
-- Đang đổ dữ liệu cho bảng `audio`
--

INSERT INTO `audio` (`id`, `name`, `path`) VALUES
(1, 'Decal giấy', 'https://annhanprinting.com/mp3/decalgiay.mp3'),
(2, 'Catalog', 'https://annhanprinting.com/mp3/catalog.mp3'),
(3, 'Danh thiếp C300', 'https://annhanprinting.com/mp3/danhthiepc300.mp3'),
(4, 'Danh thiếp mỹ thuật', 'https://annhanprinting.com/mp3/danhthiepmythuat.mp3'),
(5, 'Danh thiếp giấy nhựa', 'https://annhanprinting.com/mp3/danhthiepgiaynhua.mp3'),
(6, 'Saigonsticker', 'https://annhanprinting.com/mp3/saigonsticker.mp3'),
(7, 'Bao thư 12x22', 'https://annhanprinting.com/mp3/baothu12x22.mp3'),
(8, 'Decal nhựa', 'https://annhanprinting.com/mp3/decalnhua.mp3'),
(9, 'Decal nhựa trong', 'https://annhanprinting.com/mp3/decalnhuatrong.mp3'),
(10, 'Folder', 'https://annhanprinting.com/mp3/folder.mp3'),
(11, 'Tem bảo hành', 'https://annhanprinting.com/mp3/tembaohanh.mp3'),
(12, 'Tem mã vạch', 'https://annhanprinting.com/mp3/temmavach.mp3'),
(13, 'Tem void', 'https://annhanprinting.com/mp3/temvoid.mp3'),
(14, 'Tem xi bạc', 'https://annhanprinting.com/mp3/temxibac.mp3'),
(15, 'Tiêu đề', 'https://annhanprinting.com/mp3/tieude.mp3'),
(16, 'Tem 7 màu', 'https://annhanprinting.com/mp3/tem7mau.mp3');

-- --------------------------------------------------------

--
-- Cấu trúc bảng cho bảng `banner`
--

CREATE TABLE IF NOT EXISTS `banner` (
  `id` int(11) NOT NULL AUTO_INCREMENT,
  `name` varchar(50) DEFAULT '0',
  `status` tinyint(2) DEFAULT '0',
  `position` tinyint(2) DEFAULT '0',
  `image` varchar(50) DEFAULT NULL,
  `link` varchar(50) DEFAULT NULL,
  PRIMARY KEY (`id`) USING BTREE
) ENGINE=InnoDB AUTO_INCREMENT=9 DEFAULT CHARSET=utf8mb4;

--
-- Đang đổ dữ liệu cho bảng `banner`
--

INSERT INTO `banner` (`id`, `name`, `status`, `position`, `image`, `link`) VALUES
(1, 'Banner header', 0, 0, '/source/SanPham/timthumb-1881.png', ''),
(3, 'Banner header', 0, 0, '/source/banner/banner-1.jpg', 'https://annhan.vn/danh-thiep'),
(4, 'Banner header', 0, 0, '/source/banner/banner-2.jpg', 'https://annhan.vn/san-pham/catalog-a4-23'),
(5, 'banner header', 0, 0, '/source/banner/banner-3.jpg', 'https://thiepcuoiannhan.vn/danh-muc/in-hinh-dau-re'),
(6, 'banner header', 0, 0, '/source/banner/banner-4.jpg', 'http://saigonsticker.com/'),
(8, 'Banner duoi thiep cuoi', 0, 3, '/source/banner/banner.jpg', 'https://thiepcuoiannhan.vn');

-- --------------------------------------------------------

--
-- Cấu trúc bảng cho bảng `calculate_price_category`
--

CREATE TABLE IF NOT EXISTS `calculate_price_category` (
  `id` int(11) NOT NULL,
  `name` varchar(100) DEFAULT NULL,
  PRIMARY KEY (`id`)
) ENGINE=InnoDB DEFAULT CHARSET=utf8mb4;

--
-- Đang đổ dữ liệu cho bảng `calculate_price_category`
--

INSERT INTO `calculate_price_category` (`id`, `name`) VALUES
(1, 'Form tính giá catalog'),
(2, 'Form tính giá sticker'),
(3, 'From tính giá thiệp cưới'),
(4, 'Form tính giá NameCard'),
(5, 'Tính giá bao thư'),
(6, 'Tính giá biểu mẫu'),
(7, 'Form tính giá lịch để bàn'),
(8, 'Form tính giá túi giấy');

-- --------------------------------------------------------

--
-- Cấu trúc bảng cho bảng `category_product`
--

CREATE TABLE IF NOT EXISTS `category_product` (
  `id` int(11) UNSIGNED NOT NULL AUTO_INCREMENT,
  `product_id` int(11) UNSIGNED NOT NULL,
  `category_id` int(11) UNSIGNED NOT NULL,
  `status` tinyint(1) UNSIGNED NOT NULL DEFAULT '1',
  PRIMARY KEY (`id`)
) ENGINE=InnoDB AUTO_INCREMENT=53 DEFAULT CHARSET=utf8 COLLATE=utf8_unicode_ci;

--
-- Đang đổ dữ liệu cho bảng `category_product`
--

INSERT INTO `category_product` (`id`, `product_id`, `category_id`, `status`) VALUES
(3, 5, 14, 1),
(4, 6, 11, 1),
(5, 7, 27, 1),
(6, 8, 4, 1),
(7, 9, 17, 1),
(8, 10, 21, 1),
(9, 11, 28, 1),
(10, 12, 28, 1),
(12, 14, 19, 1),
(13, 15, 15, 1),
(14, 4, 1, 1),
(15, 3, 1, 1),
(16, 13, 29, 1),
(17, 16, 1, 1),
(18, 17, 1, 1),
(19, 18, 2, 1),
(20, 19, 2, 1),
(21, 20, 3, 1),
(22, 21, 3, 1),
(23, 22, 3, 1),
(24, 23, 7, 1),
(25, 24, 33, 1),
(26, 25, 3, 1),
(27, 26, 34, 0),
(28, 27, 1, 1),
(29, 28, 1, 1),
(30, 29, 30, 1),
(31, 30, 18, 1),
(32, 31, 26, 1),
(33, 32, 26, 1),
(34, 33, 1, 1),
(35, 34, 1, 1),
(36, 35, 29, 1),
(37, 36, 12, 1),
(38, 37, 35, 1),
(39, 38, 1, 1),
(40, 39, 1, 1),
(41, 40, 32, 1),
(42, 41, 31, 1),
(43, 42, 30, 1),
(44, 43, 36, 1),
(45, 44, 31, 1),
(46, 45, 30, 1),
(47, 26, 2, 1),
(48, 46, 2, 1),
(49, 47, 2, 1),
(50, 48, 2, 1),
(51, 49, 2, 1),
(52, 50, 2, 1);

-- --------------------------------------------------------

--
-- Cấu trúc bảng cho bảng `colors`
--

CREATE TABLE IF NOT EXISTS `colors` (
  `id` int(11) UNSIGNED NOT NULL AUTO_INCREMENT,
  `name` varchar(50) COLLATE utf8_unicode_ci NOT NULL,
  `hex` varchar(7) COLLATE utf8_unicode_ci DEFAULT NULL,
  `status` tinyint(1) UNSIGNED NOT NULL DEFAULT '1',
  PRIMARY KEY (`id`)
) ENGINE=InnoDB AUTO_INCREMENT=22 DEFAULT CHARSET=utf8 COLLATE=utf8_unicode_ci;

--
-- Đang đổ dữ liệu cho bảng `colors`
--

INSERT INTO `colors` (`id`, `name`, `hex`, `status`) VALUES
(1, 'Đỏ', '#ff0000', 1),
(3, 'Xanh dương', '#3200fb', 1),
(4, 'Đen', '#000000', 1),
(5, 'Da Beo', '#ffffff', 1),
(6, 'Vàng', '#ffff00', 1),
(7, 'Trắng', '#ffffff', 1),
(8, 'Hồng Sen', '#ff1a8c', 1),
(9, 'Hống Phấn', '#ffaaff', 1),
(10, 'Tím', '#800080', 1),
(11, 'Nude', '#d5c19b', 1),
(12, 'Xanh Rêu', '#0ab155', 1),
(13, 'Xanh Ngọc', '#00ffff', 1),
(14, 'Cam', '#ff8080', 1),
(15, 'Đỏ Đô', '#9b0000', 1),
(16, 'Tím Môn', '#e267f3', 1),
(17, 'Nude Đậm', '#e1be46', 1),
(18, 'Cam Nhạt', '#ffa953', 1),
(19, 'Xanh Lá', '#00ff40', 1),
(20, 'Hồng Dạ Quang', '#ff0080', 1),
(21, 'Xanh Đen', '#000080', 1);

-- --------------------------------------------------------

--
-- Cấu trúc bảng cho bảng `config`
--

CREATE TABLE IF NOT EXISTS `config` (
  `id` int(2) UNSIGNED NOT NULL AUTO_INCREMENT,
  `website_name` varchar(255) COLLATE utf8_unicode_ci DEFAULT NULL,
  `slogan` varchar(255) COLLATE utf8_unicode_ci DEFAULT NULL,
  `website_intro` varchar(255) COLLATE utf8_unicode_ci DEFAULT NULL,
  `hotline` varchar(50) COLLATE utf8_unicode_ci NOT NULL,
  `email` varchar(255) COLLATE utf8_unicode_ci DEFAULT NULL,
  `email_send` varchar(255) COLLATE utf8_unicode_ci DEFAULT NULL,
  `address` varchar(255) COLLATE utf8_unicode_ci DEFAULT NULL,
  `map` text COLLATE utf8_unicode_ci,
  `facebook` varchar(255) COLLATE utf8_unicode_ci NOT NULL,
  `zalo` varchar(255) COLLATE utf8_unicode_ci NOT NULL,
  `skype` varchar(255) COLLATE utf8_unicode_ci NOT NULL,
  `logo` varchar(255) COLLATE utf8_unicode_ci DEFAULT NULL,
  `logo_footer` varchar(255) COLLATE utf8_unicode_ci DEFAULT NULL,
  `favicon` varchar(255) COLLATE utf8_unicode_ci DEFAULT NULL,
  `domain` varchar(255) COLLATE utf8_unicode_ci DEFAULT NULL,
  `youtube` varchar(255) COLLATE utf8_unicode_ci NOT NULL,
  `seo_title` varchar(255) COLLATE utf8_unicode_ci DEFAULT NULL,
  `seo_keyword` varchar(255) COLLATE utf8_unicode_ci DEFAULT NULL,
  `seo_description` varchar(255) COLLATE utf8_unicode_ci DEFAULT NULL,
  `copyright` varchar(255) COLLATE utf8_unicode_ci DEFAULT NULL,
  PRIMARY KEY (`id`)
) ENGINE=InnoDB AUTO_INCREMENT=3 DEFAULT CHARSET=utf8 COLLATE=utf8_unicode_ci;

--
-- Đang đổ dữ liệu cho bảng `config`
--

INSERT INTO `config` (`id`, `website_name`, `slogan`, `website_intro`, `hotline`, `email`, `email_send`, `address`, `map`, `facebook`, `zalo`, `skype`, `logo`, `logo_footer`, `favicon`, `domain`, `youtube`, `seo_title`, `seo_keyword`, `seo_description`, `copyright`) VALUES
(2, 'CÔNG TY CỔ PHẦN IN AN NHÂN', 'CÔNG TY CỔ PHẦN IN AN NHÂN', 'CÔNG TY CỔ PHẦN IN AN NHÂN', 'số bàn (028) 3989 4779 - di động 089 89 89 440', 'annhangovap@gmail.com', NULL, '958 Nguyễn Kiệm, P. 3, Q. Gò Vấp,  Tp. HCM', '<iframe src=\"https://www.google.com/maps/embed?pb=!1m14!1m8!1m3!1d7837.658728764443!2d106.679552!3d10.824367!3m2!1i1024!2i768!4f13.1!3m3!1m2!1s0x0%3A0xed6c928d31dc6c98!2zQ8O0bmcgdHkgY-G7lSBwaOG6p24gaW4gQW4gTmjDom4!5e0!3m2!1svi!2sus!4v1614152379030!5m2!1svi!2sus\" width=\"600\" height=\"450\" style=\"border:0;\" allowfullscreen=\"\" loading=\"lazy\"></iframe>', 'https://www.facebook.com/annhanprinting', '0898989440', 'annhanprinting', '/source/hinh-anh/logo/logo-1.png', '/source/hinh-anh/logo/logo-1.png', '/source/Icons/logo.jpg', 'http://annhan.vn', 'https://www.youtube.com/channel/UCTr6GZJmntndU-SN9URoq3Q', 'Công ty cổ phần in An Nhân', 'công ty in an nhân, In ấn An Nhân, In ấn Thành phố Hồ chí minh, thiet ke ,in an, tp hcm', 'Chuyên in nhanh lấy ngay namecard, danh thiếp, bao thư, catalog, báo cáo thường niên, tem nhãn sticker', NULL);

-- --------------------------------------------------------

--
-- Cấu trúc bảng cho bảng `customer_messages`
--

CREATE TABLE IF NOT EXISTS `customer_messages` (
  `id` int(11) UNSIGNED NOT NULL AUTO_INCREMENT,
  `fullname` varchar(100) COLLATE utf8_unicode_ci NOT NULL,
  `email` varchar(100) COLLATE utf8_unicode_ci NOT NULL,
  `phone` varchar(12) COLLATE utf8_unicode_ci DEFAULT NULL,
  `message` text COLLATE utf8_unicode_ci NOT NULL,
  `is_replied` tinyint(1) UNSIGNED NOT NULL DEFAULT '0',
  `is_read` tinyint(1) UNSIGNED NOT NULL DEFAULT '0',
  `status` tinyint(3) UNSIGNED NOT NULL DEFAULT '1',
  `created_at` datetime DEFAULT NULL,
  PRIMARY KEY (`id`)
) ENGINE=InnoDB AUTO_INCREMENT=17 DEFAULT CHARSET=utf8 COLLATE=utf8_unicode_ci;

--
-- Đang đổ dữ liệu cho bảng `customer_messages`
--

INSERT INTO `customer_messages` (`id`, `fullname`, `email`, `phone`, `message`, `is_replied`, `is_read`, `status`, `created_at`) VALUES
(1, 'Khách Hàng 1', 'vuminhluantest1@gmail.com', '0981112234', 'Đây là tin nhắn liên hệ đầu tiên của chúng tôi', 0, 0, 1, '2019-05-13 00:00:00'),
(2, 'Khách Hàng 2', 'vuminhluantest2@gmail.com', '', 'Xin chào\r\nXin chào\r\nXin chào\r\nHello', 0, 0, 1, '2019-05-05 00:00:00'),
(3, 'Khách Hàng 3', 'vuminhluantest3@gmail.com', '', 'Lorem ipsum dolor sit amet, consectetur adipisicing elit, sed do eiusmod tempor incididunt ut labore et dolore magna aliqua. Ut enim ad minim veniam, quis nostrud exercitation ullamco laboris nisi ut aliquip ex ea commodo consequat. Duis aute irure dolor in reprehenderit in voluptate velit esse cillum dolore eu fugiat nulla pariatur. Excepteur sint occaecat cupidatat non proident, sunt in culpa qui officia deserunt mollit anim id est laborum.\r\n\r\nLorem ipsum dolor sit amet, consectetur adipisicing elit, sed do eiusmod tempor incididunt ut labore et dolore magna aliqua. Ut enim ad minim veniam, quis nostrud exercitation ullamco laboris nisi ut aliquip ex ea commodo consequat. Duis aute irure dolor in reprehenderit in voluptate velit esse cillum dolore eu fugiat nulla pariatur. Excepteur sint occaecat cupidatat non proident, sunt in culpa qui officia deserunt mollit anim id est laborum.', 0, 0, 1, '2019-05-08 00:00:00'),
(4, 'Khách Hàng 4', 'khach@gmail.com', '', 'Lorem ipsum dolor sit amet, consectetur adipisic\r\n\r\nLorem ipsum dolor sit amet, consectetur adipisicing elit, sed do eiusmod tempor incididunt ut labore et dolore magna aliqua. Ut enim ad minim veniam, quis nostrud exercitation ullamco laboris nisi ut aliquip ex ea commodo consequat. Duis aute irure dolor in reprehenderit in voluptate velit esse cillum dolore eu fugiat nulla pariatur. Excepteur sint occaecat cupidatat non proident, sunt in culpa qui officia deserunt mollit anim id est laborum.', 0, 0, 1, '2019-05-01 00:00:00'),
(5, 'Khách Hàng 5', 'kh5@a.com', '', 'Lorem ipsum dolor sit amet,\r\n\r\nLorem ipsum dolor sit amet, consectetur adipisicing elit, \r\n\r\nLorem ipsum dolor sit amet, consectetur adipisicing elit, sed do eiusmod tempor incididunt ut labore et dolore magna aliqua. Ut enim ad minim veniam, quis nostrud exercitation ullamco laboris nisi ut aliquip ex ea commodo consequat. Duis aute irure dolor in reprehenderit in voluptate velit esse cillum dolore eu fugiat nulla pariatur. Excepteur sint occaecat cupidatat non proident, sunt in culpa qui officia deserunt mollit anim id est laborum.', 0, 0, 1, '2019-05-09 00:00:00'),
(6, 'Khách Hàng 6', 'kh6@asd.com', '', 'Lorem ipsum dolor sit amet, consectetur adipisicing elit, sed do eiusmod tempor incididunt ut\r\nLorem ipsum dolor sit amet, consectetur adipisicing elit, sed do eiusmod tempor incididunt ut labore et dolore magna aliqua. Ut enim ad minim veniam, quis nostrud exercitation ullamco laboris nisi ut aliquip ex ea commodo consequat. Duis aute irure dolor in reprehenderit in voluptate velit esse cillum dolore eu fugiat nulla pariatur.\r\nLorem ipsum dolor sit amet, consectetur adipisicing elit, sed do eiusmod tempor incididunt ut labore et dolore magna aliqua. Ut enim ad minim veniam, quis nostrud exercitation ullamco laboris nisi ut aliquip ex ea commodo consequat. Duis aute irure dolor in reprehenderit in voluptate velit esse cillum dolore eu fugiat nulla pariatur. Excepteur sint occaecat cupidatat non proident, sunt in culpa qui officia deserunt mollit anim id est laborum.', 0, 0, 1, '2019-05-02 00:00:00'),
(7, 'Khách Hàng 7', 'kh7@d.com', '', 'Lorem ipsum\r\nLorem ipsum dolor sit amet,\r\nLorem ipsum dolor sit amet, consectetur adipisicing elit, sed do eiusmod tempor incididunt ut labore et dolore magna aliqua. Ut enim ad minim veniam, quis nostrud exercitation ullamco laboris nisi ut aliquip ex ea commodo consequat. Duis aute irure dolor in reprehenderit in voluptate velit esse', 0, 0, 1, '2019-04-17 00:00:00'),
(8, 'Khach Hang 8', 'kh8@a.com', '', 'Lorem ipsum dolor sit amet, consectetur adipisicing elit, sed do eiusmod tempor incididunt ut labore et dolore magna aliqua. Ut enim ad minim veniam, quis nostrud exercitation ullamco laboris nisi ut aliquip ex ea commodo consequat. Duis aute irure dolor in reprehenderit in voluptate velit esse cillum dolore eu fugiat nulla pariatur. Excepteur sint occaecat cupidatat non proident, sunt in culpa qui officia deserunt mollit anim id est laborum.', 0, 0, 1, '2019-04-30 00:00:00'),
(9, 'Khach Hang 9', 'kh9@a.com', '', 'Lorem ipsum dolor sit amet, consectetur adipisicing elit, sed do eiusmod tempor incididunt ut labore et dolore magna aliqua. Ut enim ad minim veniam, quis nostrud exercitation ullamco laboris nisi ut aliquip ex ea commodo consequat. Duis aute irure dolor in reprehenderit in voluptate velit esse cillum dolore eu fugiat nulla pariatur. Excepteur sint occaecat cupidatat non proident, sunt in culpa qui officia deserunt mollit anim id est laborum.', 0, 0, 1, '2019-05-14 15:45:16'),
(10, 'Khach Hang 10', 'a@gmail.com', '', 'Lorem ipsum dolor sit amet, consectetur adipisicing elit, sed do eiusmod tempor incididunt ut labore et dolore magna aliqua. Ut enim ad minim veniam, quis nostrud exercitation ullamco laboris nisi ut aliquip ex ea commodo consequat. Duis aute irure dolor in reprehenderit in voluptate velit esse cillum dolore eu fugiat nulla pariatur. Excepteur sint occaecat cupidatat non proident, sunt in culpa qui officia deserunt mollit anim id est laborum.', 0, 0, 1, '2019-05-14 15:47:47'),
(11, 'Khach Hang 11', 'kh11@gmail.com', '', 'Lorem ipsum dolor sit amet, consectetur adipisicing elit. Dolore tenetur, repudiandae animi obcaecati sint beatae quod debitis nostrum! Dignissimos, vel ipsa inventore corrupti obcaecati reprehenderit, ipsam culpa itaque! Autem quis commodi vitae maxime et enim iure cupiditate illum qui corporis minima voluptatibus delectus dolor eos aut magni esse, dolore debitis facilis repudiandae. Dolorem, aliquam, architecto. Aperiam, molestias vel nisi, officiis possimus hic in harum nobis dicta, necessitatibus veritatis placeat accusantium odit delectus iste! Enim totam quis rerum doloribus. Eaque ipsam quibusdam dolorum voluptatem quidem asperiores perspiciatis facere temporibus architecto impedit, necessitatibus iusto vel aliquam deleniti nobis excepturi et sunt maiores.', 0, 0, 1, '2019-05-14 15:48:56'),
(12, 'Khach Hang 12', 'kh12@gmail.com', '', 'Lorem ipsum dolor sit amet, consectetur adipisicing elit. Dolore tenetur, repudiandae', 0, 0, 1, '2019-05-14 15:49:38'),
(13, 'Mai Van Dang', 'dang@123123.com', '', 'Lorem ipsum dolor sit amet, consectetur adipisicing elit. Dolore tenetur, repudiandae animi obcaecati sint beatae quod debitis nostrum! Dignissimos, vel ipsa inventore corrupti obcaecati reprehenderit, ipsam culpa itaque! Autem quis commodi vitae maxime et enim iure cupiditate\r\nLorem ipsum dolor sit amet, consectetur adipisicing elit. Dolore tenetur, repudiandae animi obcaecati sint beatae quod debitis nostrum! Dignissimos, vel ipsa inventore corrupti obcaecati reprehenderit, ipsam culpa itaque! Autem quis commodi vitae maxime et enim iure cupiditate illum qui corporis minima voluptatibus delectus dolor eos aut magni esse, dolore debitis facilis repudiandae. Dolorem, aliquam, architecto. Aperiam, molestias vel nisi, officiis possimus hic in harum nobis dicta, necessitatibus veritatis placeat accusantium odit delectus iste! Enim totam quis rerum doloribus. Eaque ipsam quibusdam dolorum voluptatem quidem asperiores perspiciatis facere temporibus architecto impedit, necessitatibus iusto vel aliquam deleniti nobis excepturi et sunt maiores.', 0, 0, 1, '2019-05-14 15:51:09'),
(14, 'Khach Hang 13', 'kh13@g.com', '', 'Lorem ipsum dolor sit amet, consectetur adipisicing elit. Dolore tenetur, repudiandae animi obcaecati sint beatae quod debitis nostrum! Dignissimos, vel ipsa inventore corrupti obcaecati reprehenderit, ipsam culpa itaque! Autem quis commodi vitae maxime et enim iure cupiditate illum qui corporis\r\n\r\nLorem ipsum dolor sit amet, consectetur adipisicing elit. Dolore tenetur, repudiandae animi obcaecati sint beatae quod debitis nostrum! Dignissimos, vel ipsa inventore corrupti obcaecati reprehenderit, ipsam culpa itaque! Autem quis commodi vitae maxime et enim iure cupiditate illum qui corporis', 0, 0, 1, '2019-05-14 15:56:22'),
(15, 'What Is Your Name', 'name@e.com', '0126123456', 'Lorem ipsum dolor sit amet, consectetur adipisicing elit. Dolore tenetur, repudiandae animi obcaecati sint beatae quod debitis nostrum!\r\nLorem ipsum dolor sit amet, consectetur adipisicing elit. Dolore tenetur, repudiandae animi obcaecati sint beatae quod debitis nostrum! Dignissimos, vel ipsa inventore corrupti obcaecati reprehenderit, ipsam culpa itaque!', 0, 0, 1, '2019-05-14 15:57:58'),
(16, 'Đỗ Tiến Đạt', 'dotiendatcntt@gmail.com', '0346164334', 'Nội dung', 0, 0, 1, '2021-03-10 14:30:12');

-- --------------------------------------------------------

--
-- Cấu trúc bảng cho bảng `district`
--

CREATE TABLE IF NOT EXISTS `district` (
  `id` int(10) UNSIGNED NOT NULL AUTO_INCREMENT,
  `province_id` int(10) UNSIGNED DEFAULT NULL,
  `name` varchar(100) COLLATE utf8_unicode_ci DEFAULT NULL,
  `status` tinyint(1) UNSIGNED NOT NULL DEFAULT '1',
  PRIMARY KEY (`id`)
) ENGINE=InnoDB AUTO_INCREMENT=723 DEFAULT CHARSET=utf8 COLLATE=utf8_unicode_ci;

--
-- Đang đổ dữ liệu cho bảng `district`
--

INSERT INTO `district` (`id`, `province_id`, `name`, `status`) VALUES
(1, 2, 'Quận Ba Đình', 1),
(2, 2, 'Quận Hoàn Kiếm', 1),
(3, 2, 'Quận Tây Hồ', 1),
(4, 2, 'Quận Long Biên', 1),
(5, 2, 'Quận Cầu Giấy', 1),
(6, 2, 'Quận Đống Đa', 1),
(7, 2, 'Quận Hai Bà Trưng', 1),
(8, 2, 'Quận Hoàng Mai', 1),
(9, 2, 'Quận Thanh Xuân', 1),
(10, 2, 'Huyện Sóc Sơn', 1),
(11, 2, 'Huyện Đông Anh', 1),
(12, 2, 'Huyện Gia Lâm', 1),
(13, 2, 'Quận Nam Từ Liêm', 1),
(14, 2, 'Huyện Thanh Trì', 1),
(15, 2, 'Quận Bắc Từ Liêm', 1),
(16, 61, 'Thành phố Hà Giang', 1),
(17, 61, 'Huyện Đồng Văn', 1),
(18, 61, 'Huyện Mèo Vạc', 1),
(19, 61, 'Huyện Yên Minh', 1),
(20, 61, 'Huyện Quản Bạ', 1),
(21, 61, 'Huyện Vị Xuyên', 1),
(22, 61, 'Huyện Bắc Mê', 1),
(23, 61, 'Huyện Hoàng Su Phì', 1),
(24, 61, 'Huyện Xín Mần', 1),
(25, 61, 'Huyện Bắc Quang', 1),
(26, 61, 'Huyện Quang Bình', 1),
(27, 63, 'Thành phố Cao Bằng', 1),
(28, 63, 'Huyện Bảo Lâm', 1),
(29, 63, 'Huyện Bảo Lạc', 1),
(30, 63, 'Huyện Thông Nông', 1),
(31, 63, 'Huyện Hà Quảng', 1),
(32, 63, 'Huyện Trà Lĩnh', 1),
(33, 63, 'Huyện Trùng Khánh', 1),
(34, 63, 'Huyện Hạ Lang', 1),
(35, 63, 'Huyện Quảng Uyên', 1),
(36, 63, 'Huyện Phục Hoà', 1),
(37, 63, 'Huyện Hoà An', 1),
(38, 63, 'Huyện Nguyên Bình', 1),
(39, 63, 'Huyện Thạch An', 1),
(40, 62, 'Thành Phố Bắc Kạn', 1),
(41, 62, 'Huyện Pác Nặm', 1),
(42, 62, 'Huyện Ba Bể', 1),
(43, 62, 'Huyện Ngân Sơn', 1),
(44, 62, 'Huyện Bạch Thông', 1),
(45, 62, 'Huyện Chợ Đồn', 1),
(46, 62, 'Huyện Chợ Mới', 1),
(47, 62, 'Huyện Na Rì', 1),
(48, 57, 'Thành phố Tuyên Quang', 1),
(49, 57, 'Huyện Lâm Bình', 1),
(50, 57, 'Huyện Nà Hang', 1),
(51, 57, 'Huyện Chiêm Hóa', 1),
(52, 57, 'Huyện Hàm Yên', 1),
(53, 57, 'Huyện Yên Sơn', 1),
(54, 57, 'Huyện Sơn Dương', 1),
(55, 34, 'Thành phố Lào Cai', 1),
(56, 34, 'Huyện Bát Xát', 1),
(57, 34, 'Huyện Mường Khương', 1),
(58, 34, 'Huyện Si Ma Cai', 1),
(59, 34, 'Huyện Bắc Hà', 1),
(60, 34, 'Huyện Bảo Thắng', 1),
(61, 34, 'Huyện Bảo Yên', 1),
(62, 34, 'Huyện Sa Pa', 1),
(63, 34, 'Huyện Văn Bàn', 1),
(64, 58, 'Thành phố Điện Biên Phủ', 1),
(65, 58, 'Thị Xã Mường Lay', 1),
(66, 58, 'Huyện Mường Nhé', 1),
(67, 58, 'Huyện Mường Chà', 1),
(68, 58, 'Huyện Tủa Chùa', 1),
(69, 58, 'Huyện Tuần Giáo', 1),
(70, 58, 'Huyện Điện Biên', 1),
(71, 58, 'Huyện Điện Biên Đông', 1),
(72, 58, 'Huyện Mường Ảng', 1),
(73, 58, 'Huyện Nậm Pồ', 1),
(74, 59, 'Thành phố Lai Châu', 1),
(75, 59, 'Huyện Tam Đường', 1),
(76, 59, 'Huyện Mường Tè', 1),
(77, 59, 'Huyện Sìn Hồ', 1),
(78, 59, 'Huyện Phong Thổ', 1),
(79, 59, 'Huyện Than Uyên', 1),
(80, 59, 'Huyện Tân Uyên', 1),
(81, 59, 'Huyện Nậm Nhùn', 1),
(82, 54, 'Thành phố Sơn La', 1),
(83, 54, 'Huyện Quỳnh Nhai', 1),
(84, 54, 'Huyện Thuận Châu', 1),
(85, 54, 'Huyện Mường La', 1),
(86, 54, 'Huyện Bắc Yên', 1),
(87, 54, 'Huyện Phù Yên', 1),
(88, 54, 'Huyện Mộc Châu', 1),
(89, 54, 'Huyện Yên Châu', 1),
(90, 54, 'Huyện Mai Sơn', 1),
(91, 54, 'Huyện Sông Mã', 1),
(92, 54, 'Huyện Sốp Cộp', 1),
(93, 54, 'Huyện Vân Hồ', 1),
(94, 56, 'Thành phố Yên Bái', 1),
(95, 56, 'Thị xã Nghĩa Lộ', 1),
(96, 56, 'Huyện Lục Yên', 1),
(97, 56, 'Huyện Văn Yên', 1),
(98, 56, 'Huyện Mù Căng Chải', 1),
(99, 56, 'Huyện Trấn Yên', 1),
(100, 56, 'Huyện Trạm Tấu', 1),
(101, 56, 'Huyện Văn Chấn', 1),
(102, 56, 'Huyện Yên Bình', 1),
(103, 29, 'Thành phố Hòa Bình', 1),
(104, 29, 'Huyện Đà Bắc', 1),
(105, 29, 'Huyện Kỳ Sơn', 1),
(106, 29, 'Huyện Lương Sơn', 1),
(107, 29, 'Huyện Kim Bôi', 1),
(108, 29, 'Huyện Cao Phong', 1),
(109, 29, 'Huyện Tân Lạc', 1),
(110, 29, 'Huyện Mai Châu', 1),
(111, 29, 'Huyện Lạc Sơn', 1),
(112, 29, 'Huyện Yên Thủy', 1),
(113, 29, 'Huyện Lạc Thủy', 1),
(114, 33, 'Thành phố Thái Nguyên', 1),
(115, 33, 'Thành phố Sông Công', 1),
(116, 33, 'Huyện Định Hóa', 1),
(117, 33, 'Huyện Phú Lương', 1),
(118, 33, 'Huyện Đồng Hỷ', 1),
(119, 33, 'Huyện Võ Nhai', 1),
(120, 33, 'Huyện Đại Từ', 1),
(121, 33, 'Thành phố Thái Nguyên', 1),
(122, 33, 'Thành phố Sông Công', 1),
(123, 33, 'Huyện Định Hóa', 1),
(124, 33, 'Huyện Phú Lương', 1),
(125, 33, 'Huyện Đồng Hỷ', 1),
(126, 33, 'Huyện Võ Nhai', 1),
(127, 33, 'Huyện Đại Từ', 1),
(128, 33, 'Thị xã Phổ Yên', 1),
(129, 33, 'Huyện Phú Bình', 1),
(130, 60, 'Thành phố Lạng Sơn', 1),
(131, 60, 'Huyện Tràng Định', 1),
(132, 60, 'Huyện Bình Gia', 1),
(133, 60, 'Huyện Văn Lãng', 1),
(134, 60, 'Huyện Cao Lộc', 1),
(135, 60, 'Huyện Văn Quan', 1),
(136, 60, 'Huyện Bắc Sơn', 1),
(137, 60, 'Huyện Hữu Lũng', 1),
(138, 60, 'Huyện Chi Lăng', 1),
(139, 60, 'Huyện Lộc Bình', 1),
(140, 60, 'Huyện Đình Lập', 1),
(141, 18, 'Thành phố Hạ Long', 1),
(142, 18, 'Thành phố Móng Cái', 1),
(143, 18, 'Thành phố Cẩm Phả', 1),
(144, 18, 'Thành phố Uông Bí', 1),
(145, 18, 'Huyện Bình Liêu', 1),
(146, 18, 'Huyện Tiên Yên', 1),
(147, 18, 'Huyện Đầm Hà', 1),
(148, 18, 'Huyện Hải Hà', 1),
(149, 18, 'Huyện Ba Chẽ', 1),
(150, 18, 'Huyện Vân Đồn', 1),
(151, 18, 'Huyện Hoành Bồ', 1),
(152, 18, 'Thị xã Đông Triều', 1),
(153, 18, 'Thị xã Quảng Yên', 1),
(154, 18, 'Huyện Cô Tô', 1),
(155, 28, 'Thành phố Bắc Giang', 1),
(156, 28, 'Huyện Yên Thế', 1),
(157, 28, 'Huyện Tân Yên', 1),
(158, 28, 'Huyện Lạng Giang', 1),
(159, 28, 'Huyện Lục Nam', 1),
(160, 28, 'Huyện Lục Ngạn', 1),
(161, 28, 'Huyện Sơn Động', 1),
(162, 28, 'Huyện Yên Dũng', 1),
(163, 28, 'Huyện Việt Yên', 1),
(164, 28, 'Huyện Hiệp Hòa', 1),
(165, 42, 'Thành phố Việt Trì', 1),
(166, 42, 'Thị xã Phú Thọ', 1),
(167, 42, 'Huyện Đoan Hùng', 1),
(168, 42, 'Huyện Hạ Hoà', 1),
(169, 42, 'Huyện Thanh Ba', 1),
(170, 42, 'Huyện Phù Ninh', 1),
(171, 42, 'Huyện Yên Lập', 1),
(172, 42, 'Huyện Cẩm Khê', 1),
(173, 42, 'Huyện Tam Nông', 1),
(174, 42, 'Huyện Lâm Thao', 1),
(175, 42, 'Huyện Thanh Sơn', 1),
(176, 42, 'Huyện Thanh Thuỷ', 1),
(177, 42, 'Huyện Tân Sơn', 1),
(178, 31, 'Thành phố Vĩnh Yên', 1),
(179, 31, 'Thị xã Phúc Yên', 1),
(180, 31, 'Huyện Lập Thạch', 1),
(181, 31, 'Huyện Tam Dương', 1),
(182, 31, 'Huyện Tam Đảo', 1),
(183, 31, 'Huyện Bình Xuyên', 1),
(184, 2, 'Huyện Mê Linh', 1),
(185, 31, 'Huyện Yên Lạc', 1),
(186, 31, 'Huyện Vĩnh Tường', 1),
(187, 31, 'Huyện Sông Lô', 1),
(188, 17, 'Thành phố Bắc Ninh', 1),
(189, 17, 'Huyện Yên Phong', 1),
(190, 17, 'Huyện Quế Võ', 1),
(191, 17, 'Huyện Tiên Du', 1),
(192, 17, 'Thị xã Từ Sơn', 1),
(193, 17, 'Huyện Thuận Thành', 1),
(194, 17, 'Huyện Gia Bình', 1),
(195, 17, 'Huyện Lương Tài', 1),
(196, 2, 'Quận Hà Đông', 1),
(197, 2, 'Thị xã Sơn Tây', 1),
(198, 2, 'Huyện Ba Vì', 1),
(199, 2, 'Huyện Phúc Thọ', 1),
(200, 2, 'Huyện Đan Phượng', 1),
(201, 2, 'Huyện Hoài Đức', 1),
(202, 2, 'Huyện Quốc Oai', 1),
(203, 2, 'Huyện Thạch Thất', 1),
(204, 2, 'Huyện Chương Mỹ', 1),
(205, 2, 'Huyện Thanh Oai', 1),
(206, 2, 'Huyện Thường Tín', 1),
(207, 2, 'Huyện Phú Xuyên', 1),
(208, 2, 'Huyện Ứng Hòa', 1),
(209, 2, 'Huyện Mỹ Đức', 1),
(210, 21, 'Thành phố Hải Dương', 1),
(211, 21, 'Thị xã Chí Linh', 1),
(212, 21, 'Huyện Nam Sách', 1),
(213, 21, 'Huyện Kinh Môn', 1),
(214, 21, 'Huyện Kim Thành', 1),
(215, 21, 'Huyện Thanh Hà', 1),
(216, 21, 'Huyện Cẩm Giàng', 1),
(217, 21, 'Huyện Bình Giang', 1),
(218, 21, 'Huyện Gia Lộc', 1),
(219, 21, 'Huyện Tứ Kỳ', 1),
(220, 21, 'Huyện Ninh Giang', 1),
(221, 21, 'Huyện Thanh Miện', 1),
(222, 7, 'Quận Hồng Bàng', 1),
(223, 7, 'Quận Ngô Quyền', 1),
(224, 7, 'Quận Lê Chân', 1),
(225, 7, 'Quận Hải An', 1),
(226, 7, 'Quận Kiến An', 1),
(227, 7, 'Quận Đồ Sơn', 1),
(228, 7, 'Quận Dương Kinh', 1),
(229, 7, 'Huyện Thuỷ Nguyên', 1),
(230, 7, 'Huyện An Dương', 1),
(231, 7, 'Huyện An Lão', 1),
(232, 7, 'Huyện Kiến Thuỵ', 1),
(233, 7, 'Huyện Tiên Lãng', 1),
(234, 7, 'Huyện Vĩnh Bảo', 1),
(235, 7, 'Huyện Cát Hải', 1),
(236, 7, 'Huyện Bạch Long Vĩ', 1),
(237, 24, 'Thành phố Hưng Yên', 1),
(238, 24, 'Huyện Văn Lâm', 1),
(239, 24, 'Huyện Văn Giang', 1),
(240, 24, 'Huyện Yên Mỹ', 1),
(241, 24, 'Huyện Mỹ Hào', 1),
(242, 24, 'Huyện Ân Thi', 1),
(243, 24, 'Huyện Khoái Châu', 1),
(244, 24, 'Huyện Kim Động', 1),
(245, 24, 'Huyện Tiên Lữ', 1),
(246, 24, 'Huyện Phù Cừ', 1),
(247, 27, 'Thành phố Thái Bình', 1),
(248, 27, 'Huyện Quỳnh Phụ', 1),
(249, 27, 'Huyện Hưng Hà', 1),
(250, 27, 'Huyện Đông Hưng', 1),
(251, 27, 'Huyện Thái Thụy', 1),
(252, 27, 'Huyện Tiền Hải', 1),
(253, 27, 'Huyện Kiến Xương', 1),
(254, 27, 'Huyện Vũ Thư', 1),
(255, 45, 'Thành phố Phủ Lý', 1),
(256, 45, 'Huyện Duy Tiên', 1),
(257, 45, 'Huyện Kim Bảng', 1),
(258, 45, 'Huyện Thanh Liêm', 1),
(259, 45, 'Huyện Bình Lục', 1),
(260, 45, 'Huyện Lý Nhân', 1),
(261, 35, 'Thành phố Nam Định', 1),
(262, 35, 'Huyện Mỹ Lộc', 1),
(263, 35, 'Huyện Vụ Bản', 1),
(264, 35, 'Huyện Ý Yên', 1),
(265, 35, 'Huyện Nghĩa Hưng', 1),
(266, 35, 'Huyện Nam Trực', 1),
(267, 35, 'Huyện Trực Ninh', 1),
(268, 35, 'Huyện Xuân Trường', 1),
(269, 35, 'Huyện Giao Thủy', 1),
(270, 35, 'Huyện Hải Hậu', 1),
(271, 41, 'Thành phố Ninh Bình', 1),
(272, 41, 'Thành phố Tam Điệp', 1),
(273, 41, 'Huyện Nho Quan', 1),
(274, 41, 'Huyện Gia Viễn', 1),
(275, 41, 'Huyện Hoa Lư', 1),
(276, 41, 'Huyện Yên Khánh', 1),
(277, 41, 'Huyện Kim Sơn', 1),
(278, 41, 'Huyện Yên Mô', 1),
(279, 19, 'Thành phố Thanh Hóa', 1),
(280, 19, 'Thị xã Bỉm Sơn', 1),
(281, 19, 'Thị xã Sầm Sơn', 1),
(282, 19, 'Huyện Mường Lát', 1),
(283, 19, 'Huyện Quan Hóa', 1),
(284, 19, 'Huyện Bá Thước', 1),
(285, 19, 'Huyện Quan Sơn', 1),
(286, 19, 'Huyện Lang Chánh', 1),
(287, 19, 'Huyện Ngọc Lặc', 1),
(288, 19, 'Huyện Cẩm Thủy', 1),
(289, 19, 'Huyện Thạch Thành', 1),
(290, 19, 'Huyện Hà Trung', 1),
(291, 19, 'Huyện Vĩnh Lộc', 1),
(292, 19, 'Huyện Yên Định', 1),
(293, 19, 'Huyện Thọ Xuân', 1),
(294, 19, 'Huyện Thường Xuân', 1),
(295, 19, 'Huyện Triệu Sơn', 1),
(296, 19, 'Huyện Thiệu Hóa', 1),
(297, 19, 'Huyện Hoằng Hóa', 1),
(298, 19, 'Huyện Hậu Lộc', 1),
(299, 19, 'Huyện Nga Sơn', 1),
(300, 19, 'Huyện Như Xuân', 1),
(301, 19, 'Huyện Như Thanh', 1),
(302, 19, 'Huyện Nông Cống', 1),
(303, 19, 'Huyện Đông Sơn', 1),
(304, 19, 'Huyện Quảng Xương', 1),
(305, 19, 'Huyện Tĩnh Gia', 1),
(306, 20, 'Thành phố Vinh', 1),
(307, 20, 'Thị xã Cửa Lò', 1),
(308, 20, 'Thị xã Thái Hoà', 1),
(309, 20, 'Huyện Quế Phong', 1),
(310, 20, 'Huyện Quỳ Châu', 1),
(311, 20, 'Huyện Kỳ Sơn', 1),
(312, 20, 'Huyện Tương Dương', 1),
(313, 20, 'Huyện Nghĩa Đàn', 1),
(314, 20, 'Huyện Quỳ Hợp', 1),
(315, 20, 'Huyện Quỳnh Lưu', 1),
(316, 20, 'Huyện Con Cuông', 1),
(317, 20, 'Huyện Tân Kỳ', 1),
(318, 20, 'Huyện Anh Sơn', 1),
(319, 20, 'Huyện Diễn Châu', 1),
(320, 20, 'Huyện Yên Thành', 1),
(321, 20, 'Huyện Đô Lương', 1),
(322, 20, 'Huyện Thanh Chương', 1),
(323, 20, 'Huyện Nghi Lộc', 1),
(324, 20, 'Huyện Nam Đàn', 1),
(325, 20, 'Huyện Hưng Nguyên', 1),
(326, 20, 'Thị xã Hoàng Mai', 1),
(327, 46, 'Thành phố Hà Tĩnh', 1),
(328, 46, 'Thị xã Hồng Lĩnh', 1),
(329, 46, 'Huyện Hương Sơn', 1),
(330, 46, 'Huyện Đức Thọ', 1),
(331, 46, 'Huyện Vũ Quang', 1),
(332, 46, 'Huyện Nghi Xuân', 1),
(333, 46, 'Huyện Can Lộc', 1),
(334, 46, 'Huyện Hương Khê', 1),
(335, 46, 'Huyện Thạch Hà', 1),
(336, 46, 'Huyện Cẩm Xuyên', 1),
(337, 46, 'Huyện Kỳ Anh', 1),
(338, 46, 'Huyện Lộc Hà', 1),
(339, 46, 'Thị xã Kỳ Anh', 1),
(340, 50, 'Thành Phố Đồng Hới', 1),
(341, 50, 'Huyện Minh Hóa', 1),
(342, 50, 'Huyện Tuyên Hóa', 1),
(343, 50, 'Huyện Quảng Trạch', 1),
(344, 50, 'Huyện Bố Trạch', 1),
(345, 50, 'Huyện Quảng Ninh', 1),
(346, 50, 'Huyện Lệ Thủy', 1),
(347, 50, 'Thị xã Ba Đồn', 1),
(348, 51, 'Thành phố Đông Hà', 1),
(349, 51, 'Thị xã Quảng Trị', 1),
(350, 51, 'Huyện Vĩnh Linh', 1),
(351, 51, 'Huyện Hướng Hóa', 1),
(352, 51, 'Huyện Gio Linh', 1),
(353, 51, 'Huyện Đa Krông', 1),
(354, 51, 'Huyện Cam Lộ', 1),
(355, 51, 'Huyện Triệu Phong', 1),
(356, 51, 'Huyện Hải Lăng', 1),
(357, 51, 'Huyện Cồn Cỏ', 1),
(358, 15, 'Thành phố Huế', 1),
(359, 15, 'Huyện Phong Điền', 1),
(360, 15, 'Huyện Quảng Điền', 1),
(361, 15, 'Huyện Phú Vang', 1),
(362, 15, 'Thị xã Hương Thủy', 1),
(363, 15, 'Thị xã Hương Trà', 1),
(364, 15, 'Huyện A Lưới', 1),
(365, 15, 'Huyện Phú Lộc', 1),
(366, 15, 'Huyện Nam Đông', 1),
(367, 3, 'Quận Liên Chiểu', 1),
(368, 3, 'Quận Thanh Khê', 1),
(369, 3, 'Quận Hải Châu', 1),
(370, 3, 'Quận Sơn Trà', 1),
(371, 3, 'Quận Ngũ Hành Sơn', 1),
(372, 3, 'Quận Cẩm Lệ', 1),
(373, 3, 'Huyện Hòa Vang', 1),
(374, 3, 'Huyện Hoàng Sa', 1),
(375, 9, 'Thành phố Tam Kỳ', 1),
(376, 9, 'Thành phố Hội An', 1),
(377, 9, 'Huyện Tây Giang', 1),
(378, 9, 'Huyện Đông Giang', 1),
(379, 9, 'Huyện Đại Lộc', 1),
(380, 9, 'Thị xã Điện Bàn', 1),
(381, 9, 'Huyện Duy Xuyên', 1),
(382, 9, 'Huyện Quế Sơn', 1),
(383, 9, 'Huyện Nam Giang', 1),
(384, 9, 'Huyện Phước Sơn', 1),
(385, 9, 'Huyện Hiệp Đức', 1),
(386, 9, 'Huyện Thăng Bình', 1),
(387, 9, 'Huyện Tiên Phước', 1),
(388, 9, 'Huyện Bắc Trà My', 1),
(389, 9, 'Huyện Nam Trà My', 1),
(390, 9, 'Huyện Núi Thành', 1),
(391, 9, 'Huyện Phú Ninh', 1),
(392, 9, 'Huyện Nông Sơn', 1),
(393, 36, 'Thành phố Quảng Ngãi', 1),
(394, 36, 'Huyện Bình Sơn', 1),
(395, 36, 'Huyện Trà Bồng', 1),
(396, 36, 'Huyện Tây Trà', 1),
(397, 36, 'Huyện Sơn Tịnh', 1),
(398, 36, 'Huyện Tư Nghĩa', 1),
(399, 36, 'Huyện Sơn Hà', 1),
(400, 36, 'Huyện Sơn Tây', 1),
(401, 36, 'Huyện Minh Long', 1),
(402, 36, 'Huyện Nghĩa Hành', 1),
(403, 36, 'Huyện Mộ Đức', 1),
(404, 36, 'Huyện Đức Phổ', 1),
(405, 36, 'Huyện Ba Tơ', 1),
(406, 36, 'Huyện Lý Sơn', 1),
(407, 25, 'Thành phố Qui Nhơn', 1),
(408, 25, 'Huyện An Lão', 1),
(409, 25, 'Huyện Hoài Nhơn', 1),
(410, 25, 'Huyện Hoài Ân', 1),
(411, 25, 'Huyện Phù Mỹ', 1),
(412, 25, 'Huyện Vĩnh Thạnh', 1),
(413, 25, 'Huyện Tây Sơn', 1),
(414, 25, 'Huyện Phù Cát', 1),
(415, 25, 'Thị xã An Nhơn', 1),
(416, 25, 'Huyện Tuy Phước', 1),
(417, 25, 'Huyện Vân Canh', 1),
(418, 44, 'Thành phố Tuy Hoà', 1),
(419, 44, 'Thị xã Sông Cầu', 1),
(420, 44, 'Huyện Đồng Xuân', 1),
(421, 44, 'Huyện Tuy An', 1),
(422, 44, 'Huyện Sơn Hòa', 1),
(423, 44, 'Huyện Sông Hinh', 1),
(424, 44, 'Huyện Tây Hoà', 1),
(425, 44, 'Huyện Phú Hoà', 1),
(426, 44, 'Huyện Đông Hòa', 1),
(427, 6, 'Thành phố Nha Trang', 1),
(428, 6, 'Thành phố Cam Ranh', 1),
(429, 6, 'Huyện Cam Lâm', 1),
(430, 6, 'Huyện Vạn Ninh', 1),
(431, 6, 'Thị xã Ninh Hòa', 1),
(432, 6, 'Huyện Khánh Vĩnh', 1),
(433, 6, 'Huyện Diên Khánh', 1),
(434, 6, 'Huyện Khánh Sơn', 1),
(435, 6, 'Huyện Trường Sa', 1),
(436, 43, 'Thành phố Phan Rang-Tháp Chàm', 1),
(437, 43, 'Huyện Bác Ái', 1),
(438, 43, 'Huyện Ninh Sơn', 1),
(439, 43, 'Huyện Ninh Hải', 1),
(440, 43, 'Huyện Ninh Phước', 1),
(441, 43, 'Huyện Thuận Bắc', 1),
(442, 43, 'Huyện Thuận Nam', 1),
(443, 13, 'Thành phố Phan Thiết', 1),
(444, 13, 'Thị xã La Gi', 1),
(445, 13, 'Huyện Tuy Phong', 1),
(446, 13, 'Huyện Bắc Bình', 1),
(447, 13, 'Huyện Hàm Thuận Bắc', 1),
(448, 13, 'Huyện Hàm Thuận Nam', 1),
(449, 13, 'Huyện Tánh Linh', 1),
(450, 13, 'Huyện Đức Linh', 1),
(451, 13, 'Huyện Hàm Tân', 1),
(452, 13, 'Huyện Phú Quí', 1),
(453, 49, 'Thành phố Kon Tum', 1),
(454, 49, 'Huyện Đắk Glei', 1),
(455, 49, 'Huyện Ngọc Hồi', 1),
(456, 49, 'Huyện Đắk Tô', 1),
(457, 49, 'Huyện Kon Plông', 1),
(458, 49, 'Huyện Kon Rẫy', 1),
(459, 49, 'Huyện Đắk Hà', 1),
(460, 49, 'Huyện Sa Thầy', 1),
(461, 49, 'Huyện Tu Mơ Rông', 1),
(462, 49, 'Huyện Ia H\' Drai', 1),
(463, 22, 'Thành phố Pleiku', 1),
(464, 22, 'Thị xã An Khê', 1),
(465, 22, 'Thị xã Ayun Pa', 1),
(466, 22, 'Huyện KBang', 1),
(467, 22, 'Huyện Đăk Đoa', 1),
(468, 22, 'Huyện Chư Păh', 1),
(469, 22, 'Huyện Ia Grai', 1),
(470, 22, 'Huyện Mang Yang', 1),
(471, 22, 'Huyện Kông Chro', 1),
(472, 22, 'Huyện Đức Cơ', 1),
(473, 22, 'Huyện Chư Prông', 1),
(474, 22, 'Huyện Chư Sê', 1),
(475, 22, 'Huyện Đăk Pơ', 1),
(476, 22, 'Huyện Ia Pa', 1),
(477, 22, 'Huyện Krông Pa', 1),
(478, 22, 'Huyện Phú Thiện', 1),
(479, 22, 'Huyện Chư Pưh', 1),
(480, 11, 'Thành phố Buôn Ma Thuột', 1),
(481, 11, 'Thị Xã Buôn Hồ', 1),
(482, 11, 'Huyện Ea H\'leo', 1),
(483, 11, 'Huyện Ea Súp', 1),
(484, 11, 'Huyện Buôn Đôn', 1),
(485, 11, 'Huyện Cư M\'gar', 1),
(486, 11, 'Huyện Krông Búk', 1),
(487, 11, 'Huyện Krông Năng', 1),
(488, 11, 'Huyện Ea Kar', 1),
(489, 11, 'Huyện M\'Đrắk', 1),
(490, 11, 'Huyện Krông Bông', 1),
(491, 11, 'Huyện Krông Pắc', 1),
(492, 11, 'Huyện Krông A Na', 1),
(493, 11, 'Huyện Lắk', 1),
(494, 11, 'Huyện Cư Kuin', 1),
(495, 38, 'Thị xã Gia Nghĩa', 1),
(496, 38, 'Huyện Đăk Glong', 1),
(497, 38, 'Huyện Cư Jút', 1),
(498, 38, 'Huyện Đắk Mil', 1),
(499, 38, 'Huyện Krông Nô', 1),
(500, 38, 'Huyện Đắk Song', 1),
(501, 38, 'Huyện Đắk R\'Lấp', 1),
(502, 38, 'Huyện Tuy Đức', 1),
(503, 14, 'Thành phố Đà Lạt', 1),
(504, 14, 'Thành phố Bảo Lộc', 1),
(505, 14, 'Huyện Đam Rông', 1),
(506, 14, 'Huyện Lạc Dương', 1),
(507, 14, 'Huyện Lâm Hà', 1),
(508, 14, 'Huyện Đơn Dương', 1),
(509, 14, 'Huyện Đức Trọng', 1),
(510, 14, 'Huyện Di Linh', 1),
(511, 14, 'Huyện Bảo Lâm', 1),
(512, 14, 'Huyện Đạ Huoai', 1),
(513, 14, 'Huyện Đạ Tẻh', 1),
(514, 14, 'Huyện Cát Tiên', 1),
(515, 23, 'Thị xã Phước Long', 1),
(516, 23, 'Thị xã Đồng Xoài', 1),
(517, 23, 'Thị xã Bình Long', 1),
(518, 23, 'Huyện Bù Gia Mập', 1),
(519, 23, 'Huyện Lộc Ninh', 1),
(520, 23, 'Huyện Bù Đốp', 1),
(521, 23, 'Huyện Hớn Quản', 1),
(522, 23, 'Huyện Đồng Phú', 1),
(523, 23, 'Huyện Bù Đăng', 1),
(524, 23, 'Huyện Chơn Thành', 1),
(525, 23, 'Huyện Phú Riềng', 1),
(526, 32, 'Thành phố Tây Ninh', 1),
(527, 32, 'Huyện Tân Biên', 1),
(528, 32, 'Huyện Tân Châu', 1),
(529, 32, 'Huyện Dương Minh Châu', 1),
(530, 32, 'Huyện Châu Thành', 1),
(531, 32, 'Huyện Hòa Thành', 1),
(532, 32, 'Huyện Gò Dầu', 1),
(533, 32, 'Huyện Bến Cầu', 1),
(534, 32, 'Huyện Trảng Bàng', 1),
(535, 4, 'Thành phố Thủ Dầu Một', 1),
(536, 4, 'Huyện Bàu Bàng', 1),
(537, 4, 'Huyện Dầu Tiếng', 1),
(538, 4, 'Thị xã Bến Cát', 1),
(539, 4, 'Huyện Phú Giáo', 1),
(540, 4, 'Thị xã Tân Uyên', 1),
(541, 4, 'Thị xã Dĩ An', 1),
(542, 4, 'Thị xã Thuận An', 1),
(543, 4, 'Huyện Bắc Tân Uyên', 1),
(544, 5, 'Thành phố Biên Hòa', 1),
(545, 5, 'Thị xã Long Khánh', 1),
(546, 5, 'Huyện Tân Phú', 1),
(547, 5, 'Huyện Vĩnh Cửu', 1),
(548, 5, 'Huyện Định Quán', 1),
(549, 5, 'Huyện Trảng Bom', 1),
(550, 5, 'Huyện Thống Nhất', 1),
(551, 5, 'Huyện Cẩm Mỹ', 1),
(552, 5, 'Huyện Long Thành', 1),
(553, 5, 'Huyện Xuân Lộc', 1),
(554, 5, 'Huyện Nhơn Trạch', 1),
(555, 10, 'Thành phố Vũng Tàu', 1),
(556, 10, 'Thành phố Bà Rịa', 1),
(557, 10, 'Huyện Châu Đức', 1),
(558, 10, 'Huyện Xuyên Mộc', 1),
(559, 10, 'Huyện Long Điền', 1),
(560, 10, 'Huyện Đất Đỏ', 1),
(561, 10, 'Huyện Tân Thành', 1),
(562, 10, 'Huyện Côn Đảo', 1),
(563, 1, 'Quận 1', 1),
(564, 1, 'Quận 12', 1),
(565, 1, 'Quận Thủ Đức', 1),
(566, 1, 'Quận 9', 1),
(567, 1, 'Quận Gò Vấp', 1),
(568, 1, 'Quận Bình Thạnh', 1),
(569, 1, 'Quận Tân Bình', 1),
(570, 1, 'Quận Tân Phú', 1),
(571, 1, 'Quận Phú Nhuận', 1),
(572, 1, 'Quận 2', 1),
(573, 1, 'Quận 3', 1),
(574, 1, 'Quận 10', 1),
(575, 1, 'Quận 11', 1),
(576, 1, 'Quận 4', 1),
(577, 1, 'Quận 5', 1),
(578, 1, 'Quận 6', 1),
(579, 1, 'Quận 8', 1),
(580, 1, 'Quận Bình Tân', 1),
(581, 1, 'Quận 7', 1),
(582, 1, 'Huyện Củ Chi', 1),
(583, 1, 'Huyện Hóc Môn', 1),
(584, 1, 'Huyện Bình Chánh', 1),
(585, 1, 'Huyện Nhà Bè', 1),
(586, 1, 'Huyện Cần Giờ', 1),
(587, 8, 'Thành phố Tân An', 1),
(588, 8, 'Thị xã Kiến Tường', 1),
(589, 8, 'Huyện Tân Hưng', 1),
(590, 8, 'Huyện Vĩnh Hưng', 1),
(591, 8, 'Huyện Mộc Hóa', 1),
(592, 8, 'Huyện Tân Thạnh', 1),
(593, 8, 'Huyện Thạnh Hóa', 1),
(594, 8, 'Huyện Đức Huệ', 1),
(595, 8, 'Huyện Đức Hòa', 1),
(596, 8, 'Huyện Bến Lức', 1),
(597, 8, 'Huyện Thủ Thừa', 1),
(598, 8, 'Huyện Tân Trụ', 1),
(599, 8, 'Huyện Cần Đước', 1),
(600, 8, 'Huyện Cần Giuộc', 1),
(601, 8, 'Huyện Châu Thành', 1),
(602, 26, 'Thành phố Mỹ Tho', 1),
(603, 26, 'Thị xã Gò Công', 1),
(604, 26, 'Thị xã Cai Lậy', 1),
(605, 26, 'Huyện Tân Phước', 1),
(606, 26, 'Huyện Cái Bè', 1),
(607, 26, 'Huyện Cai Lậy', 1),
(608, 26, 'Huyện Châu Thành', 1),
(609, 26, 'Huyện Chợ Gạo', 1),
(610, 26, 'Huyện Gò Công Tây', 1),
(611, 26, 'Huyện Gò Công Đông', 1),
(612, 26, 'Huyện Tân Phú Đông', 1),
(613, 37, 'Thành phố Bến Tre', 1),
(614, 37, 'Huyện Châu Thành', 1),
(615, 37, 'Huyện Chợ Lách', 1),
(616, 37, 'Huyện Mỏ Cày Nam', 1),
(617, 37, 'Huyện Giồng Trôm', 1),
(618, 37, 'Huyện Bình Đại', 1),
(619, 37, 'Huyện Ba Tri', 1),
(620, 37, 'Huyện Thạnh Phú', 1),
(621, 37, 'Huyện Mỏ Cày Bắc', 1),
(622, 52, 'Thành phố Trà Vinh', 1),
(623, 52, 'Huyện Càng Long', 1),
(624, 52, 'Huyện Cầu Kè', 1),
(625, 52, 'Huyện Tiểu Cần', 1),
(626, 52, 'Huyện Châu Thành', 1),
(627, 52, 'Huyện Cầu Ngang', 1),
(628, 52, 'Huyện Trà Cú', 1),
(629, 52, 'Huyện Duyên Hải', 1),
(630, 52, 'Thị xã Duyên Hải', 1),
(631, 40, 'Thành phố Vĩnh Long', 1),
(632, 40, 'Huyện Long Hồ', 1),
(633, 40, 'Huyện Mang Thít', 1),
(634, 40, 'Huyện  Vũng Liêm', 1),
(635, 40, 'Huyện Tam Bình', 1),
(636, 40, 'Thị xã Bình Minh', 1),
(637, 40, 'Huyện Trà Ôn', 1),
(638, 40, 'Huyện Bình Tân', 1),
(639, 47, 'Thành phố Cao Lãnh', 1),
(640, 47, 'Thành phố Sa Đéc', 1),
(641, 47, 'Thị xã Hồng Ngự', 1),
(642, 47, 'Huyện Tân Hồng', 1),
(643, 47, 'Huyện Hồng Ngự', 1),
(644, 47, 'Huyện Tam Nông', 1),
(645, 47, 'Huyện Tháp Mười', 1),
(646, 47, 'Huyện Cao Lãnh', 1),
(647, 47, 'Huyện Thanh Bình', 1),
(648, 47, 'Huyện Lấp Vò', 1),
(649, 47, 'Huyện Lai Vung', 1),
(650, 47, 'Huyện Châu Thành', 1),
(651, 30, 'Thành phố Long Xuyên', 1),
(652, 30, 'Thành phố Châu Đốc', 1),
(653, 30, 'Huyện An Phú', 1),
(654, 30, 'Thị xã Tân Châu', 1),
(655, 30, 'Huyện Phú Tân', 1),
(656, 30, 'Huyện Châu Phú', 1),
(657, 30, 'Huyện Tịnh Biên', 1),
(658, 30, 'Huyện Tri Tôn', 1),
(659, 30, 'Huyện Châu Thành', 1),
(660, 30, 'Huyện Chợ Mới', 1),
(661, 30, 'Huyện Thoại Sơn', 1),
(662, 16, 'Thành phố Rạch Giá', 1),
(663, 16, 'Thị xã Hà Tiên', 1),
(664, 16, 'Huyện Kiên Lương', 1),
(665, 16, 'Huyện Hòn Đất', 1),
(666, 16, 'Huyện Tân Hiệp', 1),
(667, 16, 'Huyện Châu Thành', 1),
(668, 16, 'Huyện Giồng Riềng', 1),
(669, 16, 'Huyện Gò Quao', 1),
(670, 16, 'Huyện An Biên', 1),
(671, 16, 'Huyện An Minh', 1),
(672, 16, 'Huyện Vĩnh Thuận', 1),
(673, 16, 'Huyện Phú Quốc', 1),
(674, 16, 'Huyện Kiên Hải', 1),
(675, 16, 'Huyện U Minh Thượng', 1),
(676, 16, 'Huyện Giang Thành', 1),
(677, 12, 'Quận Ninh Kiều', 1),
(678, 12, 'Quận Ô Môn', 1),
(679, 12, 'Quận Bình Thuỷ', 1),
(680, 12, 'Quận Cái Răng', 1),
(681, 12, 'Quận Thốt Nốt', 1),
(682, 12, 'Huyện Vĩnh Thạnh', 1),
(683, 12, 'Huyện Cờ Đỏ', 1),
(684, 12, 'Huyện Phong Điền', 1),
(685, 12, 'Huyện Thới Lai', 1),
(686, 53, 'Thành phố Vị Thanh', 1),
(687, 53, 'Thị xã Ngã Bảy', 1),
(688, 53, 'Huyện Châu Thành A', 1),
(689, 53, 'Huyện Châu Thành', 1),
(690, 53, 'Huyện Phụng Hiệp', 1),
(691, 53, 'Huyện Vị Thuỷ', 1),
(692, 53, 'Huyện Long Mỹ', 1),
(693, 53, 'Thị xã Long Mỹ', 1),
(694, 48, 'Thành phố Sóc Trăng', 1),
(695, 48, 'Huyện Châu Thành', 1),
(696, 48, 'Huyện Kế Sách', 1),
(697, 48, 'Huyện Mỹ Tú', 1),
(698, 48, 'Huyện Cù Lao Dung', 1),
(699, 48, 'Huyện Long Phú', 1),
(700, 48, 'Huyện Mỹ Xuyên', 1),
(701, 48, 'Thị xã Ngã Năm', 1),
(702, 48, 'Huyện Thạnh Trị', 1),
(703, 48, 'Thị xã Vĩnh Châu', 1),
(704, 48, 'Huyện Trần Đề', 1),
(705, 55, 'Thành phố Bạc Liêu', 1),
(706, 55, 'Huyện Hồng Dân', 1),
(707, 55, 'Huyện Phước Long', 1),
(708, 55, 'Huyện Vĩnh Lợi', 1),
(709, 55, 'Thị xã Giá Rai', 1),
(710, 55, 'Huyện Đông Hải', 1),
(711, 55, 'Huyện Hoà Bình', 1),
(712, 39, 'Thành phố Cà Mau', 1),
(713, 39, 'Huyện U Minh', 1),
(714, 39, 'Huyện Thới Bình', 1),
(715, 39, 'Huyện Trần Văn Thời', 1),
(716, 39, 'Huyện Cái Nước', 1),
(717, 39, 'Huyện Đầm Dơi', 1),
(718, 39, 'Huyện Năm Căn', 1),
(719, 39, 'Huyện Phú Tân', 1),
(720, 39, 'Huyện Ngọc Hiển', 1),
(721, 64, 'test tinh 1', 1),
(722, 64, 'test tinh 2', 1);

-- --------------------------------------------------------

--
-- Cấu trúc bảng cho bảng `images`
--

CREATE TABLE IF NOT EXISTS `images` (
  `id` int(11) UNSIGNED NOT NULL AUTO_INCREMENT,
  `name` varchar(255) COLLATE utf8_unicode_ci DEFAULT NULL,
  `image` text COLLATE utf8_unicode_ci,
  `note` varchar(255) COLLATE utf8_unicode_ci DEFAULT NULL,
  `link` varchar(255) COLLATE utf8_unicode_ci DEFAULT NULL,
  `title` varchar(255) COLLATE utf8_unicode_ci DEFAULT NULL,
  `keyword` varchar(255) COLLATE utf8_unicode_ci DEFAULT NULL,
  `description` varchar(255) COLLATE utf8_unicode_ci DEFAULT NULL,
  `created_at` datetime DEFAULT NULL,
  `status` tinyint(1) NOT NULL DEFAULT '1',
  PRIMARY KEY (`id`)
) ENGINE=InnoDB AUTO_INCREMENT=2 DEFAULT CHARSET=utf8 COLLATE=utf8_unicode_ci;

--
-- Đang đổ dữ liệu cho bảng `images`
--

INSERT INTO `images` (`id`, `name`, `image`, `note`, `link`, `title`, `keyword`, `description`, `created_at`, `status`) VALUES
(1, 'Trang chủ', '/source/hinh-anh/logo/logo-1.png', '', '/', 'Trang chủ', '', '', '2021-03-16 15:52:32', 1);

-- --------------------------------------------------------

--
-- Cấu trúc bảng cho bảng `landing`
--

CREATE TABLE IF NOT EXISTS `landing` (
  `id` int(10) UNSIGNED NOT NULL AUTO_INCREMENT,
  `author` int(11) NOT NULL,
  `name` varchar(255) COLLATE utf8_unicode_ci NOT NULL,
  `alias` varchar(255) COLLATE utf8_unicode_ci NOT NULL,
  `thumbnail` varchar(255) COLLATE utf8_unicode_ci DEFAULT NULL,
  `caption` varchar(255) COLLATE utf8_unicode_ci DEFAULT NULL,
  `content` text COLLATE utf8_unicode_ci NOT NULL,
  `created_at` datetime DEFAULT NULL,
  `status` int(11) NOT NULL,
  `title` varchar(255) COLLATE utf8_unicode_ci DEFAULT NULL,
  `keyword` varchar(255) COLLATE utf8_unicode_ci DEFAULT NULL,
  `description` varchar(255) COLLATE utf8_unicode_ci DEFAULT NULL,
  PRIMARY KEY (`id`)
) ENGINE=InnoDB AUTO_INCREMENT=15 DEFAULT CHARSET=utf8 COLLATE=utf8_unicode_ci;

--
-- Đang đổ dữ liệu cho bảng `landing`
--

INSERT INTO `landing` (`id`, `author`, `name`, `alias`, `thumbnail`, `caption`, `content`, `created_at`, `status`, `title`, `keyword`, `description`) VALUES
(10, 1, 'GIỚI THIỆU CÔNG TY IN AN NHÂN', 'gioi-thieu-cong-ty-in-an-nhan', '/source/hinh-anh/logo/logo-1.png', 'Công ty cổ phần in An Nhân được thành lập từ tháng 9 năm 2007, là một đơn vị hàng đầu TP. Hồ Chí Minh và cả nước về lĩnh vực in nhanh kỹ thuật số. Chúng tôi có đầy đủ máy móc thiết bi hiện đại từ máy in đến máy thành phẩm, hoàn thiện sau in.', '<div class=\"title-single\">\r\n<h3 class=\"title-gt\" style=\"text-align: center;\">GIỚI THIỆU</h3>\r\n</div>\r\n<div class=\"article-top\">\r\n<p><strong>C&ocirc;ng ty cổ phần in An Nh&acirc;n</strong>&nbsp;được th&agrave;nh lập từ th&aacute;ng 9 năm 2007, l&agrave; một đơn vị h&agrave;ng đầu TP. Hồ Ch&iacute; Minh v&agrave; cả nước về lĩnh vực in nhanh kỹ thuật số. Ch&uacute;ng t&ocirc;i c&oacute; đầy đủ m&aacute;y m&oacute;c thiết bi hiện đại từ m&aacute;y in đến m&aacute;y th&agrave;nh phẩm, ho&agrave;n thiện sau in đ&aacute;p ứng mọi nhu cầu về in ấn của kh&aacute;ch h&agrave;ng.</p>\r\n<p>Trang thiết bị hiện c&oacute;:</p>\r\n<ul>\r\n<li>5 m&aacute;y in m&agrave;u c&ocirc;ng nghiệp Konica Minolta</li>\r\n<li>1 m&aacute;y in trắng đen c&ocirc;ng nghiệp Canon OCE VarioPrint 145 hiện đại nhất Việt Nam</li>\r\n<li>Hệ thống m&aacute;y th&agrave;nh phẩm sau in hiện đại gồm\r\n<ul>\r\n<li>2 m&aacute;y cắt lập tr&igrave;nh Nagai Nhật Bản</li>\r\n<li>2 m&aacute;y c&aacute;n m&agrave;ng nhiệt</li>\r\n<li>1 m&aacute;y bế chiết quang</li>\r\n<li>1 m&aacute;y bế tự động Heidelberg</li>\r\n<li>12 m&aacute;y bế decal Graphtec CE-6000</li>\r\n<li>1 m&aacute;y v&agrave;o b&igrave;a keo g&aacute;y s&aacute;ch Horizon BQ-250</li>\r\n<li>M&aacute;y đ&oacute;ng kim, m&aacute;y bo g&oacute;c, m&aacute;y khoan lỗ, m&aacute;y đ&oacute;ng g&aacute;y l&ograve; xo c&ocirc;ng nghiệp</li>\r\n</ul>\r\n</li>\r\n</ul>\r\n<p>Hiện tại, c&aacute;c sản phẩm m&agrave; An Nh&acirc;n đang gia c&ocirc;ng rất đa dạng về mẫu m&atilde; v&agrave; k&yacute; thuật thực hiện, bạn c&oacute; thể tham khảo tại mục&nbsp;<strong>Sản Phẩm</strong>&nbsp;của website để xem b&aacute;o gi&aacute; hoặc gọi trực tiếp đến hotline:&nbsp;089 89 89 440</p>\r\n<p><strong><br /></strong>Danh s&aacute;ch c&aacute;c sản phẩm đang thực hiện:</p>\r\n<p>&ndash; In bao thư</p>\r\n<p>&ndash; In giấy ti&ecirc;u đề &ndash; Letter Heads</p>\r\n<p>&ndash; In nh&atilde;n d&aacute;n đĩa</p>\r\n<p>&ndash; In folder, b&igrave;a đựng hồ sơ</p>\r\n<p>&ndash; In danh thiếp, name card, card visit</p>\r\n<p>&ndash; In giấy ghi ch&uacute;, in block note</p>\r\n<p>&ndash; In catalogue gi&aacute; rẻ&nbsp;Tphcm</p>\r\n<p>&ndash; In voucher</p>\r\n<p>&ndash; In băng r&ocirc;n</p>\r\n<p>&ndash; In standee, in poster</p>\r\n<p>&ndash; In brochure, in tờ gấp</p>\r\n<p>&ndash; In tờ rơi gi&aacute; rẻ, in leaflet gi&aacute; rẻ, in flyer gi&aacute; rẻ</p>\r\n<p>&ndash; In phiếu bảo h&agrave;nh</p>\r\n<p>&ndash; In tem bảo h&agrave;nh gi&aacute; rẻ</p>\r\n<p>&ndash; In decal gi&aacute; rẻ</p>\r\n<p>&ndash; In biểu mẫu, in carbonless gi&aacute; rẻ</p>\r\n<p>&ndash; In thẻ nhựa gi&aacute; rẻ</p>\r\n<p>&ndash; In m&aacute;c sản phẩm, in product tag</p>\r\n<p>&ndash; In t&uacute;i giấy gi&aacute; rẻ</p>\r\n<p>&ndash; In v&eacute; chương tr&igrave;nh, in ticket</p>\r\n<p>&ndash; In thực đơn, in menu</p>\r\n<p>Nếu bạn đang c&oacute; nhu cầu về in ấn gi&aacute; rẻ &ndash; chất lượng &ndash; nhanh ch&oacute;ng h&atilde;y li&ecirc;n hệ ngay với ch&uacute;ng t&ocirc;i bởi v&igrave;:</p>\r\n<p><strong><em>Sự h&agrave;i l&ograve;ng v&agrave; tin tưởng của Qu&yacute; kh&aacute;ch h&agrave;ng lu&ocirc;n l&agrave; động lực ph&aacute;t triển của ch&uacute;ng t&ocirc;i !</em></strong></p>\r\n</div>', '2021-02-24 08:07:31', 1, 'Giới thiệu công ty cổ phần in An Nhân', '1', '1'),
(11, 1, 'Liên hệ với chúng tôi', 'lien-he-voi-chung-toi', '/source/Icons/logo.jpg', '', '<table style=\"width: 100%; border-collapse: collapse;\" border=\"0\">\r\n<tbody>\r\n<tr>\r\n<td style=\"width: 50%;\" valign=\"top\">\r\n<p><span style=\"font-size: 18pt;\"><strong>C&Ocirc;NG TY CỔ PHẦN IN AN NH&Acirc;N</strong></span><br /><span style=\"font-size: 14pt;\">Địa chỉ: 958 Nguyễn Kiệm, P3, G&ograve; Vấp, TP.HCM</span><br /><span style=\"font-size: 14pt;\">Điện thoại b&agrave;n: (028) 3989 4779</span></p>\r\n<p>Đặt h&agrave;ng in nhanh: 089 89 89 442 - 089 89 89 445 - 089 89 89 446 - 089 89 89 447</p>\r\n<p>Đặt h&agrave;ng in offset: 089 89 89 440</p>\r\n<p><br /><span style=\"font-size: 14pt;\">Skype: annhanprinting</span><br /><span style=\"font-size: 14pt;\">Email:&nbsp;&nbsp;<a href=\"http://annhangovap@gmail.com/\" data-cke-saved-href=\"http://annhangovap@gmail.com\">annhangovap@gmail.com</a>&nbsp;</span></p>\r\n</td>\r\n<td style=\"width: 50%;\">\r\n<div class=\"col-12\"><iframe style=\"border: 0;\" src=\"https://www.google.com/maps/embed?pb=!1m14!1m8!1m3!1d7837.658728764443!2d106.679552!3d10.824367!3m2!1i1024!2i768!4f13.1!3m3!1m2!1s0x0%3A0xed6c928d31dc6c98!2zQ8O0bmcgdHkgY-G7lSBwaOG6p24gaW4gQW4gTmjDom4!5e0!3m2!1svi!2sus!4v1614152379030!5m2!1svi!2sus\" width=\"600\" height=\"450\" allowfullscreen=\"allowfullscreen\"></iframe></div>\r\n</td>\r\n</tr>\r\n</tbody>\r\n</table>\r\n<p>&nbsp;</p>\r\n<p>&nbsp;</p>\r\n<div id=\"gtx-trans\" style=\"position: absolute; left: -1px; top: 145.95px;\">\r\n<div class=\"gtx-trans-icon\">&nbsp;</div>\r\n</div>', '2021-05-07 12:51:36', 1, 'Liên hệ với công ty An Nhân', '1', '1'),
(12, 1, 'Hướng dẫn đặt hàng và thanh toán', 'huong-dan-dat-hang-va-thanh-toan', '/source/hinh-anh/danh-thiep.jpg', 'Hướng dẫn đặt hàng và thanh toán', '<p><span style=\"color: #0000ff; font-size: 14pt;\"><strong>Qu&yacute; kh&aacute;ch c&oacute; thể đặt h&agrave;ng sản phẩm in theo một trong những c&aacute;ch sau đ&acirc;y:</strong></span></p>\r\n<p><span style=\"font-size: 12pt;\">C&aacute;ch 1:&nbsp; Đặt h&agrave;ng trực tiếp tr&ecirc;n website <span style=\"color: #ff0000;\"><strong>đối với những sản phẩm c&oacute; mục T&iacute;nh gi&aacute;.</strong></span> Sau khi qu&yacute; kh&aacute;ch t&iacute;nh gi&aacute; xong sẽ c&oacute; n&uacute;t Đặt h&agrave;ng, qu&yacute; kh&aacute;ch bấm v&agrave;o Đặt h&agrave;ng v&agrave; điền c&aacute;c th&ocirc;ng tin cần thiết, x&aacute;c minh bảo mật sau đ&oacute; bấm n&uacute;t Đặt h&agrave;ng.</span></p>\r\n<p>&nbsp;</p>\r\n<p><img style=\"display: block; margin-left: auto; margin-right: auto;\" src=\"/source/hinh-anh/FORMDATHANG.jpg\" alt=\"form đặt h&agrave;ng\" width=\"600\" height=\"562\" /></p>\r\n<p><span style=\"font-size: 12pt;\">Sau khi nhận được th&ocirc;ng tin đặt h&agrave;ng, bộ phận kinh doanh sẽ li&ecirc;n hệ với qu&yacute; kh&aacute;ch trong thời gian sớm nhất.</span></p>\r\n<p>&nbsp;</p>\r\n<p><span style=\"font-size: 12pt;\">C&aacute;ch 2: Qu&yacute; kh&aacute;ch đặt h&agrave;ng bằng c&aacute;ch gửi email trực tiếp về địa chỉ <a href=\"mailto:annhangovap@gmail.com\">annhangovap@gmail.com</a>.</span></p>\r\n<p><span style=\"font-size: 12pt;\">C&aacute;ch 3: Qu&yacute; kh&aacute;ch điện thoại trực tiếp hoặc add Zalo c&aacute;c số hotline của bộ phận kinh doanh:&nbsp;089 89 89 442 (Kim Phận) - 089 89 89 445 (L&ecirc; H&acirc;n) - 089 89 89 446 (Thảo) - 089 89 89 447 (Oanh)</span></p>\r\n<p><span style=\"font-size: 12pt;\">C&aacute;ch 4: Qu&yacute; kh&aacute;ch add Skype annhanprinting v&agrave; trao đổi trực tiếp với nh&acirc;n vi&ecirc;n trực Skype.</span></p>\r\n<p>&nbsp;</p>\r\n<p><span style=\"color: #0000ff;\"><strong><strong><span style=\"font-size: 12pt;\">Hướng dẫn thanh to&aacute;n:</span></strong></strong></span></p>\r\n<p><span style=\"font-size: 12pt;\">Sau khi đặt h&agrave;ng, qu&yacute; kh&aacute;ch sẽ nhận được tin nhắn b&aacute;o m&atilde; số đơn h&agrave;ng v&agrave; số tiền cần thanh to&aacute;n. Qu&yacute; kh&aacute;ch c&oacute; thể thanh to&aacute;n trực tiếp cho nh&acirc;n vi&ecirc;n thu ng&acirc;n tại c&ocirc;ng ty, hoặc chuyển khoản qua một trong c&aacute;c t&agrave;i khoản sau:</span></p>\r\n<p><span style=\"font-size: 12pt;\">Lương Thị Ngọc Trang - Số t&agrave;i khoản: 007100108 3629, ng&acirc;n h&agrave;ng Ngoại thương Việt Nam (Vietcombank), chi nh&aacute;nh G&ograve; Vấp, TP. Hồ Ch&iacute; Minh.</span></p>\r\n<p><span style=\"font-size: 12pt;\">Lương Thị Ngọc Trang - Số t&agrave;i khoản: 185255189, ng&acirc;n h&agrave;ng TMCP &Aacute; Ch&acirc;u (ACB), chi nh&aacute;nh Văn Lang, TP. Hồ Ch&iacute; Minh.</span></p>\r\n<p><span style=\"font-size: 12pt;\">Lương Thị Ngọc Trang - Số t&agrave;i khoản: 1602205110537, ng&acirc;n h&agrave;ng N&ocirc;ng nghiệp v&agrave; Ph&aacute;t triển n&ocirc;ng th&ocirc;n (Agribank), chi nh&aacute;nh 3, TP. Hồ Ch&iacute; Minh.</span></p>\r\n<p><span style=\"font-size: 12pt;\">Nếu thanh to&aacute;n chuyển khoản, sau khi chuyển khoản qu&yacute; kh&aacute;ch vui l&ograve;ng chụp m&agrave;n h&igrave;nh giao dịch hoặc nội dung tin nhắn gửi cho nh&acirc;n vi&ecirc;n kinh doanh phụ tr&aacute;ch đơn h&agrave;ng để cập nhật trạng th&aacute;i thanh to&aacute;n cho đơn h&agrave;ng của qu&yacute; kh&aacute;ch.</span></p>\r\n<p><span style=\"color: #0000ff;\"><strong><span style=\"font-size: 12pt;\">Giao nhận h&agrave;ng h&oacute;a:</span></strong></span></p>\r\n<p><span style=\"font-size: 12pt;\">- Giao h&agrave;ng miễn ph&iacute; trong nội th&agrave;nh TP. HCM đối với c&aacute;c đơn h&agrave;ng c&oacute; gi&aacute; trị tr&ecirc;n 500.000đ</span></p>\r\n<p><span style=\"font-size: 12pt;\">- Đối với kh&aacute;ch h&agrave;ng ở xa c&oacute; thể chọn giao h&agrave;ng qua ch&agrave;nh xe hoặc qua dịch vụ chuyển ph&aacute;t nhanh.</span></p>\r\n<p><span style=\"font-size: 12pt;\">Xin li&ecirc;n hệ với bộ phận kinh doanh để được tư vấn chi tiết.</span></p>', '2021-06-13 21:52:34', 1, 'Hướng dẫn đặt hàng', '1', '1'),
(13, 1, 'Câu hỏi thường gặp', 'cau-hoi-thuong-gap', '/source/hinh-anh/logo/logo-1.png', 'Một số vấn đề khách hàng thường gặp khi giao dịch với công ty An Nhân', '<p><span style=\"color: #3366ff;\"><strong><span style=\"font-size: 12pt;\">Hỏi: Giờ l&agrave;m việc của c&ocirc;ng ty như thế n&agrave;o? C&oacute; thể li&ecirc;n hệ ngo&agrave;i giờ hay kh&ocirc;ng?</span></strong></span></p>\r\n<p><span style=\"font-size: 12pt;\">Trả lời: Giờ l&agrave;m việc của c&ocirc;ng ty l&agrave; từ 8h00 s&aacute;ng đến 5h00 chiều từ thứ hai đến thứ bảy, buổi trưa nghỉ từ 12h đến 1h00 chiều. Nếu cần li&ecirc;n hệ ngo&agrave;i giờ l&agrave;m việc, xin vui l&ograve;ng b&aacute;o trước hoặc điện thoại trực tiếp với bộ phận kinh doanh hoặc người cần gặp để c&oacute; thể sắp xếp.</span></p>\r\n<p><strong><span style=\"font-size: 12pt; color: #3366ff;\">Hỏi: L&agrave;m sao để biết đơn h&agrave;ng của t&ocirc;i in xong hay chưa?</span></strong></p>\r\n<p><span style=\"font-size: 12pt;\">Trả lời: Khi đặt h&agrave;ng, qu&yacute; kh&aacute;ch sẽ nhận được tin nhắn th&ocirc;ng b&aacute;o m&atilde; đơn h&agrave;ng k&egrave;m đường link truy cập v&agrave;o trang web để theo d&otilde;i t&igrave;nh trạng sản xuất của đơn h&agrave;ng. Khi đơn h&agrave;ng sản xuất xong, qu&yacute; kh&aacute;ch cũng sẽ nhận được tin nhắn th&ocirc;ng b&aacute;o đ&atilde; sản xuất xong từ phần mềm quản l&yacute; của c&ocirc;ng ty ch&uacute;ng t&ocirc;i.</span></p>\r\n<p><span style=\"font-size: 12pt;\">Nếu kh&ocirc;ng nhận được tin nhắn, vui l&ograve;ng li&ecirc;n hệ nh&acirc;n vi&ecirc;n kinh doanh để được hỗ trợ.</span></p>\r\n<p><span style=\"font-size: 12pt;\">Ngo&agrave;i ra, nếu qu&yacute; kh&aacute;ch cung cấp email cho ch&uacute;ng t&ocirc;i, đơn h&agrave;ng cũng sẽ được gửi v&agrave;o email của qu&yacute; kh&aacute;ch để tiện theo d&otilde;i.</span></p>\r\n<p><span style=\"color: #3366ff;\"><strong><span style=\"font-size: 12pt;\">Hỏi: Trường hợp đơn h&agrave;ng in bị sai hỏng sẽ giải quyết như thế n&agrave;o?</span></strong></span></p>\r\n<p><span style=\"font-size: 12pt;\">Trả lời: Nguy&ecirc;n tắc l&agrave;m việc của An Nh&acirc;n l&agrave; hỗ trợ kh&aacute;ch h&agrave;ng hết sức tối đa để kh&aacute;ch h&agrave;ng giải quyết được c&ocirc;ng việc một c&aacute;ch nhanh ch&oacute;ng v&agrave; thuận lợi nhất. Trường hợp h&agrave;ng in bị sai, lỗi do ph&iacute;a c&ocirc;ng ty An Nh&acirc;n, ch&uacute;ng t&ocirc;i sẽ thu hồi sản phẩm bị sai hỏng v&agrave; in lại sản phẩm mới cho qu&yacute; kh&aacute;ch. Trường hợp sai do qu&yacute; kh&aacute;ch gửi file hoặc th&ocirc;ng tin đặt h&agrave;ng bị sai, hoặc đ&atilde; duyệt b&agrave;i in mẫu trước khi sản xuất sau đ&oacute; mới ph&aacute;t hiện sai hỏng, nếu cần in lại An Nh&acirc;n sẽ hỗ trợ gi&aacute; in tốt nhất cho kh&aacute;ch h&agrave;ng.</span></p>\r\n<p><strong><span style=\"font-size: 12pt; color: #3366ff;\">Hỏi: M&agrave;u sắc v&agrave; chất lượng sản phẩm được đảm bảo như thế n&agrave;o?</span></strong></p>\r\n<p><span style=\"font-size: 12pt;\">Trả lời: Ch&uacute;ng t&ocirc;i hiểu m&agrave;u sắc ch&iacute;nh x&aacute;c l&agrave; y&ecirc;u cầu quan trọng nhất trong in ấn, do đ&oacute; ch&uacute;ng t&ocirc;i c&oacute; hỗ trợ in test m&agrave;u sản phẩm cho kh&aacute;ch h&agrave;ng duyệt trước khi in sản lượng. Ngo&agrave;i ra đối với c&aacute;c sản phẩm gi&aacute; trị cao như catalog, brochure, b&aacute;o c&aacute;o thường ni&ecirc;n, s&aacute;ch b&igrave;a cứng, kỷ yếu,... ch&uacute;ng t&ocirc;i hỗ trợ sản xuất 1 cuốn mẫu ho&agrave;n chỉnh gi&uacute;p qu&yacute; kh&aacute;ch duyệt mẫu về m&agrave;u sắc, nội dung, chất liệu giấy v&agrave; c&aacute;ch thức đ&oacute;ng cuốn trước khi in h&agrave;ng loạt.</span></p>\r\n<p><strong><span style=\"font-size: 12pt; color: #3366ff;\">Hỏi: Ở tỉnh xa th&igrave; đặt h&agrave;ng như thế n&agrave;o?</span></strong></p>\r\n<p><span style=\"font-size: 12pt;\">Trả lời: Ch&uacute;ng t&ocirc;i nhận đặt h&agrave;ng v&agrave; gửi h&agrave;ng to&agrave;n quốc. Ngo&agrave;i ra c&oacute; thể hỗ trợ kh&aacute;ch h&agrave;ng về mẫu sản phẩm, mẫu giấy, hỗ trợ kỹ thuật xử l&yacute; file, b&igrave;nh file cũng như ưu ti&ecirc;n về tiến độ, thời gian sản xuất nhằm gi&uacute;p kh&aacute;ch h&agrave;ng nhận h&agrave;ng nhanh ch&oacute;ng nhất.</span></p>', '2021-06-13 22:14:11', 1, 'Câu hỏi thường gặp', '1', '1'),
(14, 1, 'LỰA CHỌN LOẠI TEM NHÃN PHÙ HỢP CHO SẢN PHẨM', 'lua-chon-loai-tem-nhan-phu-hop-cho-san-pham', '/source/SanPham/decal_kraf/krf1.jpg', 'Nếu bạn đang bán hàng mà không có tem nhãn cho sản phẩm, hãy nhanh chóng đặt in ngay. Vì  ngoài chức năng cung cấp thông tin về sản phẩm, tem nhãn đẹp còn giúp giúp khách hàng dễ dàng nhận diện và ghi nhớ được sản phẩm, thương hiệu của bạn trong vô số các', '<p>Đầu ti&ecirc;n, c&oacute; thể kể đến tem nh&atilde;n in bằng chất liệu decal giấy. Đ&acirc;y l&agrave; loại tem nh&atilde;n sử dụng phổ biến nhờ v&agrave;o mức gi&aacute; rẻ, in ấn đơn giản c&oacute; thể sử dụng từ m&aacute;y in văn ph&ograve;ng đến m&aacute;y in c&ocirc;ng nghiệp để in, d&aacute;n được l&ecirc;n nhiều loại bề mặt sản phẩm kh&aacute;c nhau. Kh&aacute;ch h&agrave;ng c&oacute; thể t&igrave;m đến c&aacute;c cơ sở in ấn nhỏ lẻ như tiệm photocopy hay c&aacute;c tiệm in m&agrave;u để đặt h&agrave;ng với số lượng &iacute;t v&agrave;i chục, v&agrave;i trăm nh&atilde;n phục vụ cho nhu cầu b&aacute;n h&agrave;ng của m&igrave;nh. Nhược điểm của loại n&agrave;y l&agrave; do l&agrave;m bằng chất liệu giấy n&ecirc;n kh&ocirc;ng chống nước, kh&ocirc;ng d&ugrave;ng cho c&aacute;c sản phẩm ướp lạnh như tem tr&agrave; sữa, c&agrave; ph&ecirc;, kh&ocirc;ng ng&acirc;m sản phẩm trong nước được. Ngo&agrave;i ra, khi in tại c&aacute;c cơ sở in nhỏ lẻ th&igrave; chất lượng sản phẩm kh&ocirc;ng cao, h&igrave;nh ảnh kh&ocirc;ng sắc n&eacute;t, m&agrave;u sắc kh&ocirc;ng tươi s&aacute;ng do in bằng c&aacute;c loại m&aacute;y văn ph&ograve;ng rẻ tiền kh&ocirc;ng được thiết kế để in tr&ecirc;n c&aacute;c loại chất liệu decal n&agrave;y.</p>\r\n<p>&nbsp;</p>\r\n<p style=\"text-align: center;\"><img src=\"/source/SanPham/301754692250x200-2866_250x200.jpg\" alt=\"\" width=\"250\" height=\"200\" /></p>\r\n<p style=\"text-align: left;\">Tại An Nh&acirc;n, ch&uacute;ng t&ocirc;i sử dụng d&ograve;ng m&aacute;y in m&agrave;u c&ocirc;ng nghiệp hiện đại nhất l&agrave; Konica Minolta C6085, đảm bảo chất lượng in tem nh&atilde;n lu&ocirc;n cao nhất, sản phẩm đẹp nhất thỏa m&atilde;n những y&ecirc;u cầu khắt khe nhất của kh&aacute;ch h&agrave;ng.</p>\r\n<p style=\"text-align: left;\">&nbsp;</p>\r\n<p style=\"text-align: left;\">Một loại tem nh&atilde;n thứ hai thường d&ugrave;ng d&aacute;n l&ecirc;n c&aacute;c sản phẩm ướp lạnh, sản phẩm tiếp x&uacute;c với nước, đ&oacute; l&agrave; tem nh&atilde;n in bằng chất liệu decal nhựa. C&oacute; 3 loại decal nhựa thường d&ugrave;ng: decal nhựa trắng sữa, decal nhựa trong v&agrave; decal nhựa mờ. Những loại tem nh&atilde;n in bằng decal n&agrave;y sau khi in đều được c&aacute;n một lớp băng keo tăng độ b&oacute;ng của m&agrave;u sắc, bảo vệ lớp mực in kh&ocirc;ng bị trầy xước trong qu&aacute; tr&igrave;nh sử dụng. Nhược điểm l&agrave; gi&aacute; th&agrave;nh cao hơn decal giấy, v&agrave; đặc biệt khi in tem bằng decal nhựa trong th&igrave; kh&ocirc;ng n&ecirc;n d&ugrave;ng d&aacute;n l&ecirc;n c&aacute;c bề mặt c&oacute; m&agrave;u tối v&igrave; sẽ ... kh&ocirc;ng nh&igrave;n thấy g&igrave; lu&ocirc;n ^^</p>\r\n<p style=\"text-align: center;\"><img src=\"/source/SanPham/decal_nhuatrong/dd1.jpg\" alt=\"\" width=\"320\" height=\"270\" /></p>\r\n<p style=\"text-align: center;\">&nbsp;</p>\r\n<p style=\"text-align: left;\">Loại tem nh&atilde;n đặc biệt thường d&ugrave;ng cho c&aacute;c sản phẩm thực phẩm, c&aacute;c loại sản phẩm mang t&iacute;nh nghệ thuật, phong c&aacute;ch ri&ecirc;ng hoặc mang hơi hướng thi&ecirc;n nhi&ecirc;n, bảo vệ m&ocirc;i trường đ&oacute; l&agrave; tem nh&atilde;n in tr&ecirc;n decal kraf (c&ograve;n gọi l&agrave; decal giấy da b&ograve;). Loại decal n&agrave;y c&oacute; bề mặt m&agrave;u n&acirc;u như giấy carton, th&iacute;ch hợp với c&aacute;c thiết kế t&ocirc;ng m&agrave;u đen hoặc c&aacute;c chi tiết đơn giản nổi l&agrave;m bật nền m&agrave;u chất liệu.</p>\r\n<p style=\"text-align: left;\">&nbsp;</p>\r\n<p style=\"text-align: center;\"><img src=\"/source/SanPham/decal_kraf/krf3.jpg\" alt=\"\" width=\"300\" height=\"225\" /></p>\r\n<p style=\"text-align: center;\">&nbsp;</p>', '2021-07-08 13:35:01', 1, 'LỰA CHỌN LOẠI TEM NHÃN PHÙ HỢP CHO SẢN PHẨM', '1', '1');

-- --------------------------------------------------------

--
-- Cấu trúc bảng cho bảng `menu`
--

CREATE TABLE IF NOT EXISTS `menu` (
  `id` int(3) UNSIGNED NOT NULL AUTO_INCREMENT,
  `parent_id` int(3) UNSIGNED NOT NULL,
  `name` varchar(255) COLLATE utf8_unicode_ci NOT NULL,
  `link` varchar(255) COLLATE utf8_unicode_ci DEFAULT NULL,
  `image` text COLLATE utf8_unicode_ci,
  `icon` varchar(255) COLLATE utf8_unicode_ci DEFAULT NULL,
  `orders` int(3) UNSIGNED NOT NULL,
  `type` varchar(30) COLLATE utf8_unicode_ci NOT NULL DEFAULT 'header',
  `target` tinyint(1) UNSIGNED NOT NULL DEFAULT '0' COMMENT '0: tab hiện tại; 1: tab mới',
  `status` tinyint(1) UNSIGNED NOT NULL DEFAULT '1',
  PRIMARY KEY (`id`)
) ENGINE=InnoDB AUTO_INCREMENT=62 DEFAULT CHARSET=utf8 COLLATE=utf8_unicode_ci;

--
-- Đang đổ dữ liệu cho bảng `menu`
--

INSERT INTO `menu` (`id`, `parent_id`, `name`, `link`, `image`, `icon`, `orders`, `type`, `target`, `status`) VALUES
(1, 0, 'Tem nhãn', 'tem-nhan', '', NULL, 6, 'header', 0, 1),
(4, 0, 'Liên hệ', '/lien-he-voi-chung-toi', '', NULL, 8, 'header', 0, 1),
(55, 0, 'Trang chủ', '', '', NULL, 4, 'header', 0, 1),
(56, 0, 'Sản phẩm in', 'san-pham-all', '', NULL, 5, 'header', 0, 1),
(58, 0, 'Kiến thức về in ấn', '/tin-tuc/kien-thuc-ve-in-an', '', NULL, 7, 'header', 0, 1),
(59, 0, 'Câu hỏi thường gặp', '/cau-hoi-thuong-gap', '', NULL, 1, 'footer', 0, 1),
(60, 0, 'Hướng dẫn đặt hàng và thanh toán', '/huong-dan-dat-hang-va-thanh-toan', '', NULL, 2, 'footer', 0, 1),
(61, 0, 'Liên hệ với chúng tôi', '/lien-he-voi-chung-toi', '', NULL, 3, 'footer', 0, 1);

-- --------------------------------------------------------

--
-- Cấu trúc bảng cho bảng `news`
--

CREATE TABLE IF NOT EXISTS `news` (
  `id` int(11) UNSIGNED NOT NULL AUTO_INCREMENT,
  `category_id` int(11) UNSIGNED NOT NULL,
  `author` int(11) UNSIGNED NOT NULL,
  `name` varchar(255) COLLATE utf8_unicode_ci NOT NULL,
  `alias` varchar(255) COLLATE utf8_unicode_ci NOT NULL,
  `view` int(11) UNSIGNED NOT NULL DEFAULT '0',
  `thumbnail` varchar(255) COLLATE utf8_unicode_ci NOT NULL,
  `caption` varchar(255) COLLATE utf8_unicode_ci DEFAULT NULL,
  `content` text COLLATE utf8_unicode_ci NOT NULL,
  `status` tinyint(1) UNSIGNED NOT NULL,
  `created_at` datetime NOT NULL,
  `title` varchar(255) COLLATE utf8_unicode_ci DEFAULT NULL,
  `keyword` varchar(255) COLLATE utf8_unicode_ci DEFAULT NULL,
  `description` varchar(255) COLLATE utf8_unicode_ci DEFAULT NULL,
  PRIMARY KEY (`id`)
) ENGINE=InnoDB AUTO_INCREMENT=8 DEFAULT CHARSET=utf8 COLLATE=utf8_unicode_ci;

--
-- Đang đổ dữ liệu cho bảng `news`
--

INSERT INTO `news` (`id`, `category_id`, `author`, `name`, `alias`, `view`, `thumbnail`, `caption`, `content`, `status`, `created_at`, `title`, `keyword`, `description`) VALUES
(4, 1, 1, 'IN NHANH LÀ GÌ?', 'in-nhanh-la-gi', 731, '/source/Slideshow/509384678381994.jpg', 'In nhanh nói một cách dễ hiểu là in số lượng ít và in gấp, giao hàng nhanh nhằm phục vụ các khách hàng có nhu cầu tiết kiệm chi phí và thời gian. Ví dụ như trước kia, để in catalog các nhà in yêu cầu phải đặt hàng từ 500 cuốn đến 1000 cuốn trở lên mới nhậ', '<h2>1. In nhanh l&agrave; g&igrave;?</h2>\r\n<p class=\"p\" align=\"justify\">In nhanh n&oacute;i một c&aacute;ch dễ hiểu l&agrave; in số lượng &iacute;t v&agrave; in gấp, giao h&agrave;ng nhanh nhằm phục vụ c&aacute;c kh&aacute;ch h&agrave;ng c&oacute; nhu cầu tiết kiệm chi ph&iacute; v&agrave; thời gian. V&iacute; dụ như trước kia, để in catalog c&aacute;c nh&agrave; in y&ecirc;u cầu phải đặt h&agrave;ng từ 500 cuốn đến 1000 cuốn trở l&ecirc;n mới nhận đặt h&agrave;ng, v&agrave; phải sau 5 đến 7 ng&agrave;y mới in xong, th&igrave; ng&agrave;y nay, kh&aacute;ch h&agrave;ng c&oacute; thể chỉ cần đặt h&agrave;ng v&agrave;i quyển vừa đủ d&ugrave;ng, v&agrave; c&oacute; thể s&aacute;ng đặt in chiều nhận h&agrave;ng.</p>\r\n<p class=\"p\" align=\"center\">&nbsp;</p>\r\n<p class=\"p\" align=\"center\"><img src=\"/source/Slideshow/cataloge.jpg\" alt=\"\" width=\"570\" height=\"360\" /></p>\r\n<h3 class=\"p\" align=\"center\"><em>&nbsp;</em></h3>\r\n<p><span style=\"font-size: 12pt;\"><strong>2. In nhanh th&igrave; in c&oacute; đẹp như in offset kh&ocirc;ng?</strong></span></p>\r\n<p class=\"p\" align=\"justify\">Một số kh&aacute;ch h&agrave;ng thường e ngại in nhanh sẽ kh&ocirc;ng đẹp như in offset, c&oacute; thể do họ t&igrave;m kh&ocirc;ng đ&uacute;ng nơi để đặt h&agrave;ng. C&aacute;c nh&agrave; in lớn d&ugrave;ng m&aacute;y in offset th&igrave; kh&ocirc;ng nhận h&agrave;ng số lượng &iacute;t, n&ecirc;n kh&aacute;ch h&agrave;ng thường hay t&igrave;m đến c&aacute;c tiệm in m&agrave;u hay photocopy, ở đ&oacute; họ sử dụng c&aacute;c loại m&aacute;y in m&agrave;u văn ph&ograve;ng hoặc m&aacute;y in phun để in cho kh&aacute;ch, đ&oacute;ng cuốn sơ s&agrave;i kiểu đ&oacute;ng kim tập học sinh, sử dụng c&aacute;c loại giấy thường n&ecirc;n chất lượng in kh&ocirc;ng được đảm bảo, c&oacute; thể n&oacute;i l&agrave; xấu.</p>\r\n<p class=\"p\" align=\"justify\">Tuy nhi&ecirc;n, tại c&ocirc;ng ty An Nh&acirc;n, ch&uacute;ng t&ocirc;i sử dụng c&aacute;c m&aacute;y in m&agrave;u c&ocirc;ng nghiệp h&agrave;ng đầu của h&atilde;ng Konica Minolta Nhật Bản với gi&aacute; trị mỗi m&aacute;y l&ecirc;n đến h&agrave;ng tỷ đồng, in được tr&ecirc;n c&ugrave;ng loại giấy in offset, v&agrave; sử dụng c&aacute;c m&aacute;y m&oacute;c th&agrave;nh phẩm đ&oacute;ng cuốn cắt x&eacute;n chuy&ecirc;n dụng cho in nhanh, do đ&oacute; c&oacute; thể tự tin khẳng định với kh&aacute;ch h&agrave;ng về chất lượng sản phẩm do An Nh&acirc;n sản xuất đẹp hơn cả in offset.</p>\r\n<p class=\"p\" align=\"justify\">Ngo&agrave;i ra, c&ocirc;ng ty An Nh&acirc;n c&ograve;n sử dụng phần mềm quản l&yacute; đơn h&agrave;ng hiện đại, gi&uacute;p qu&yacute; kh&aacute;ch h&agrave;ng theo d&otilde;i t&igrave;nh trạng đơn h&agrave;ng mọi l&uacute;c mọi nơi, tin nhắn b&aacute;o về điện thoại khi h&agrave;ng đ&atilde; in xong, gi&uacute;p qu&yacute; kh&aacute;ch lu&ocirc;n đảm bảo được tiến độ c&ocirc;ng việc.</p>\r\n<p class=\"p\" align=\"justify\">&nbsp;</p>\r\n<p class=\"p\" style=\"text-align: center;\" align=\"justify\"><img src=\"/source/Slideshow/nhan.jpg\" alt=\"\" width=\"570\" height=\"360\" /></p>\r\n<h2><span style=\"font-size: 12pt;\"><strong>3.</strong>&nbsp;C&ocirc;ng ty An Nh&acirc;n c&oacute; thể nhận in được những sản phẩm g&igrave;?</span></h2>\r\n<p><span style=\"font-size: 12pt;\">Hầu như An Nh&acirc;n c&oacute; thể nhận in mọi sản phẩm in tr&ecirc;n giấy như catalog, namecard, tem nh&atilde;n sản phẩm, c&aacute;c loại hộp giấy, t&uacute;i x&aacute;ch giấy, chứng chỉ, chứng nhận, bằng khen, c&aacute;c loại biểu mẫu chứng từ, s&aacute;ch, truyện, kỷ yếu, t&agrave;i liệu hội thảo,... Đặc biệt ch&uacute;ng t&ocirc;i c&oacute; nhận in dữ liệu biến đổi như in giấy khen k&egrave;m theo nội dung danh s&aacute;ch từ file Excel, in m&atilde; vạch biến đổi, số serial biến đổi,...</span></p>', 1, '2021-07-08 14:05:01', 'IN NHANH LÀ GÌ?', 'IN NHANH LÀ GÌ?, in ấn an nhân, in nhanh sài gòn', ' In nhanh là phương pháp in màu với số lượng tùy theo nhu cầu của quý khách, nhưng điểm đặc biệt là in rất nhanh và có thể giao ngay trong vòng 2 tiếng kể từ lúc thế giới in nhanh nhận được yêu cầu của quý khách.'),
(5, 1, 1, 'LỰA CHỌN LOẠI TEM NHÃN PHÙ HỢP CHO SẢN PHẨM', 'lua-chon-loai-tem-nhan-phu-hop-cho-san-pham', 785, '/source/Slideshow/nhan2.jpg', 'Nếu bạn đang bán hàng mà không có tem nhãn cho sản phẩm, hãy nhanh chóng đặt in ngay. Vì  ngoài chức năng cung cấp thông tin về sản phẩm, tem nhãn đẹp còn giúp giúp khách hàng dễ dàng nhận diện và ghi nhớ được sản phẩm, thương hiệu của bạn trong vô số các', '<p>Nếu bạn đang b&aacute;n h&agrave;ng m&agrave; kh&ocirc;ng c&oacute; tem nh&atilde;n cho sản phẩm, h&atilde;y nhanh ch&oacute;ng đặt in ngay. V&igrave; ngo&agrave;i chức năng cung cấp th&ocirc;ng tin về sản phẩm, tem nh&atilde;n đẹp c&ograve;n gi&uacute;p gi&uacute;p kh&aacute;ch h&agrave;ng dễ d&agrave;ng nhận diện v&agrave; ghi nhớ được sản phẩm, thương hiệu của bạn trong v&ocirc; số c&aacute;c</p>\r\n<p>&nbsp;</p>\r\n<p style=\"text-align: center;\"><iframe title=\"YouTube video player\" src=\"https://www.youtube.com/embed/r-IZDI6z7ls\" width=\"560\" height=\"315\" frameborder=\"0\" allowfullscreen=\"allowfullscreen\"></iframe></p>\r\n<p>&nbsp;</p>\r\n<p>Đầu ti&ecirc;n, c&oacute; thể kể đến tem nh&atilde;n in bằng chất liệu decal giấy. Đ&acirc;y l&agrave; loại tem nh&atilde;n sử dụng phổ biến nhờ v&agrave;o mức gi&aacute; rẻ, in ấn đơn giản c&oacute; thể sử dụng từ m&aacute;y in văn ph&ograve;ng đến m&aacute;y in c&ocirc;ng nghiệp để in, d&aacute;n được l&ecirc;n nhiều loại bề mặt sản phẩm kh&aacute;c nhau. Kh&aacute;ch h&agrave;ng c&oacute; thể t&igrave;m đến c&aacute;c cơ sở in ấn nhỏ lẻ như tiệm photocopy hay c&aacute;c tiệm in m&agrave;u để đặt h&agrave;ng với số lượng &iacute;t v&agrave;i chục, v&agrave;i trăm nh&atilde;n phục vụ cho nhu cầu b&aacute;n h&agrave;ng của m&igrave;nh. Nhược điểm của loại n&agrave;y l&agrave; do l&agrave;m bằng chất liệu giấy n&ecirc;n kh&ocirc;ng chống nước, kh&ocirc;ng d&ugrave;ng cho c&aacute;c sản phẩm ướp lạnh như tem tr&agrave; sữa, c&agrave; ph&ecirc;, kh&ocirc;ng ng&acirc;m sản phẩm trong nước được. Ngo&agrave;i ra, khi in tại c&aacute;c cơ sở in nhỏ lẻ th&igrave; chất lượng sản phẩm kh&ocirc;ng cao, h&igrave;nh ảnh kh&ocirc;ng sắc n&eacute;t, m&agrave;u sắc kh&ocirc;ng tươi s&aacute;ng do in bằng c&aacute;c loại m&aacute;y văn ph&ograve;ng rẻ tiền kh&ocirc;ng được thiết kế để in tr&ecirc;n c&aacute;c loại chất liệu decal n&agrave;y.</p>\r\n<p>&nbsp;</p>\r\n<p><img style=\"display: block; margin-left: auto; margin-right: auto;\" src=\"/source/SanPham/301754692250x200-2866_250x200.jpg\" alt=\"\" width=\"250\" height=\"200\" /></p>\r\n<p>Tại An Nh&acirc;n, ch&uacute;ng t&ocirc;i sử dụng d&ograve;ng m&aacute;y in m&agrave;u c&ocirc;ng nghiệp hiện đại nhất l&agrave; Konica Minolta C6085, đảm bảo chất lượng in tem nh&atilde;n lu&ocirc;n cao nhất, sản phẩm đẹp nhất thỏa m&atilde;n những y&ecirc;u cầu khắt khe nhất của kh&aacute;ch h&agrave;ng.</p>\r\n<p>&nbsp;</p>\r\n<p>Một loại tem nh&atilde;n thứ hai thường d&ugrave;ng d&aacute;n l&ecirc;n c&aacute;c sản phẩm ướp lạnh, sản phẩm tiếp x&uacute;c với nước, đ&oacute; l&agrave; tem nh&atilde;n in bằng chất liệu decal nhựa. C&oacute; 3 loại decal nhựa thường d&ugrave;ng: decal nhựa trắng sữa, decal nhựa trong v&agrave; decal nhựa mờ. Những loại tem nh&atilde;n in bằng decal n&agrave;y sau khi in đều được c&aacute;n một lớp băng keo tăng độ b&oacute;ng của m&agrave;u sắc, bảo vệ lớp mực in kh&ocirc;ng bị trầy xước trong qu&aacute; tr&igrave;nh sử dụng. Nhược điểm l&agrave; gi&aacute; th&agrave;nh cao hơn decal giấy, v&agrave; đặc biệt khi in tem bằng decal nhựa trong th&igrave; kh&ocirc;ng n&ecirc;n d&ugrave;ng d&aacute;n l&ecirc;n c&aacute;c bề mặt c&oacute; m&agrave;u tối v&igrave; sẽ ... kh&ocirc;ng nh&igrave;n thấy g&igrave; lu&ocirc;n ^^</p>\r\n<p><img style=\"display: block; margin-left: auto; margin-right: auto;\" src=\"/source/SanPham/decal_nhuatrong/dd1.jpg\" alt=\"\" width=\"320\" height=\"270\" /></p>\r\n<p>&nbsp;</p>\r\n<p>Loại tem nh&atilde;n đặc biệt thường d&ugrave;ng cho c&aacute;c sản phẩm thực phẩm, c&aacute;c loại sản phẩm mang t&iacute;nh nghệ thuật, phong c&aacute;ch ri&ecirc;ng hoặc mang hơi hướng thi&ecirc;n nhi&ecirc;n, bảo vệ m&ocirc;i trường đ&oacute; l&agrave; tem nh&atilde;n in tr&ecirc;n decal kraf (c&ograve;n gọi l&agrave; decal giấy da b&ograve;). Loại decal n&agrave;y c&oacute; bề mặt m&agrave;u n&acirc;u như giấy carton, th&iacute;ch hợp với c&aacute;c thiết kế t&ocirc;ng m&agrave;u đen hoặc c&aacute;c chi tiết đơn giản nổi l&agrave;m bật nền m&agrave;u chất liệu.</p>\r\n<p>&nbsp;</p>\r\n<p><img style=\"display: block; margin-left: auto; margin-right: auto;\" src=\"/source/SanPham/decal_kraf/krf3.jpg\" alt=\"\" width=\"300\" height=\"225\" /></p>', 1, '2021-07-08 15:34:21', 'LỰA CHỌN LOẠI TEM NHÃN PHÙ HỢP CHO SẢN PHẨM', 'LỰA CHỌN LOẠI TEM NHÃN PHÙ HỢP CHO SẢN PHẨM', ''),
(6, 1, 1, 'Giải pháp cho in tem nhãn dán số lượng ít', 'giai-phap-cho-in-tem-nhan-dan-so-luong-it', 57, '/source/SanPham/annhan-decal-gaiy-1150x150.jpg', 'Nhiều khách hàng đang gặp khó khăn khi cần đặt in tem nhãn dán cho sản phẩm của mình. Với số lượng đặt in ít từ vài chục đến vài trăm nhãn, các xưởng in offset đều không nhận in, còn những tiệm in photo hoặc in quảng cáo thì nhận in nhưng chất lượng sản p', '<p>Nhiều kh&aacute;ch h&agrave;ng đang gặp kh&oacute; khăn khi cần đặt in tem nh&atilde;n d&aacute;n cho sản phẩm của m&igrave;nh. Với số lượng đặt in &iacute;t từ v&agrave;i chục đến v&agrave;i trăm nh&atilde;n, c&aacute;c xưởng in offset đều kh&ocirc;ng nhận in, c&ograve;n những tiệm in photo hoặc in quảng c&aacute;o th&igrave; nhận in nhưng chất lượng sản phẩm thường kh&ocirc;ng được tốt do m&aacute;y in, giấy in hoặc loại decal d&ugrave;ng in nh&atilde;n kh&ocirc;ng ph&ugrave; hợp.&nbsp;Mặt kh&aacute;c, một số tiệm in chỉ nhận in kh&ocirc;ng bế lột cho kh&aacute;ch h&agrave;ng khiến việc sử dụng tem nh&atilde;n số lượng &iacute;t trở n&ecirc;n kh&oacute; khăn v&agrave; thiếu chuy&ecirc;n nghiệp. Để giải quyết nhu cầu đ&oacute;, c&ocirc;ng ty An Nh&acirc;n từ nhiều năm nay đ&atilde; đưa ra giải ph&aacute;p in tem nh&atilde;n số lượng &iacute;t bằng m&aacute;y in kỹ thuật số c&ocirc;ng nghiệp v&agrave; bế lột tự động ho&agrave;n to&agrave;n tr&ecirc;n m&aacute;y bế tem nh&atilde;n. Chất lượng in tr&ecirc;n m&aacute;y kỹ thuật số c&ocirc;ng nghiệp l&agrave; vượt trội so với in phun m&agrave;u v&agrave; c&oacute; thể so s&aacute;nh tương đương với in offset, ngo&agrave;i ra việc bế lột tr&ecirc;n m&aacute;y bế tự động gi&uacute;p tiết kiệm thời gian, đảm bảo chất lượng tem nh&atilde;n tốt nhất. Kh&aacute;ch h&agrave;ng giờ đ&acirc;y c&oacute; thể đặt h&agrave;ng tem nh&atilde;n mọi số lượng từ v&agrave;i chục tem, v&agrave; c&oacute; thể đặt in v&agrave; nhận h&agrave;ng ngay trong ng&agrave;y kh&ocirc;ng phải chờ đợi.</p>\r\n<p><img src=\"/source/hinh-anh/Tem%20nh%C3%A3n/22.png\" alt=\"22\" /></p>\r\n<p>Khi in tem nh&atilde;n tại c&ocirc;ng ty An Nh&acirc;n, kh&aacute;ch h&agrave;ng c&ograve;n được hỗ trợ thiết kế mẫu, in thử m&agrave;u để duyệt trước khi in sản lượng.</p>\r\n<p><img src=\"/source/hinh-anh/Tem%20nh%C3%A3n/20.png\" alt=\"20\" /></p>\r\n<p>Ngo&agrave;i ra An Nh&acirc;n c&ograve;n cung cấp rất nhiều loại chất liệu decal ph&ugrave; hợp với mọi mục đ&iacute;ch sử dụng của kh&aacute;ch h&agrave;ng, như decal nhựa chống nước, decal nhựa trong, tem vỡ, decal tổ ong chống b&oacute;c tem,....</p>\r\n<p><img src=\"/source/hinh-anh/Tem%20nh%C3%A3n/77.png\" alt=\"77\" /></p>\r\n<p>&nbsp;</p>\r\n<p><img src=\"/source/hinh-anh/Tem%20nh%C3%A3n/75.png\" alt=\"75\" /></p>\r\n<p>&nbsp;</p>\r\n<p><img src=\"/source/hinh-anh/Tem%20nh%C3%A3n/23.png\" alt=\"23\" /></p>\r\n<p>&nbsp;</p>\r\n<p><img src=\"/source/hinh-anh/Tem%20nh%C3%A3n/55.png\" alt=\"55\" /></p>\r\n<p>Đơn h&agrave;ng của qu&yacute; kh&aacute;ch được xử l&yacute; tr&ecirc;n phần mềm quản l&yacute; tiến độ, tự động gửi tin nhắn qua Zalo cho kh&aacute;ch h&agrave;ng gi&uacute;p kh&aacute;ch h&agrave;ng nắm tiến độ v&agrave; th&ocirc;ng tin đơn h&agrave;ng đầy đủ, kịp thời. Với nguồn nh&acirc;n lực c&oacute; tr&igrave;nh độ chuy&ecirc;n m&ocirc;n cao c&ugrave;ng m&aacute;y m&oacute;c kỹ thuật hiện đại, An Nh&acirc;n tin rằng sẽ mang đến cho Qu&yacute; kh&aacute;ch h&agrave;ng, Qu&yacute; đối t&aacute;c những trải nghiệm tốt nhất từ dịch vụ đến chất lượng sản phẩm.</p>', 1, '2023-02-02 14:27:15', 'Giải pháp cho in tem nhãn dán số lượng ít', 'in tem nhãn, in nhãn, in nhãn số lượng ít, in tem số lượng ít, in nhãn dán', ''),
(7, 1, 1, 'Những lưu ý khi đặt in catalog sản phẩm', 'nhung-luu-y-khi-dat-in-catalog-san-pham', 45, '/source/SanPham/thietkecatalogue05-896.jpg', 'Catalog sản phẩm là một công cụ hữu ích để doanh nghiệp giới thiệu một cách hiệu quả sản phẩm của mình đến khách hàng,  Một catalog sản phẩm tốt cần có một thiết kế đẹp, nội dung chi tiết và hình ảnh sản phẩm rõ nét. Catalog sản phẩm cũng cung cấp nhiều t', '<p>Catalog sản phẩm l&agrave; một c&ocirc;ng cụ hữu &iacute;ch để doanh nghiệp giới thiệu một c&aacute;ch hiệu quả sản phẩm của m&igrave;nh đến kh&aacute;ch h&agrave;ng, Một catalog sản phẩm tốt cần c&oacute; một thiết kế đẹp, nội dung chi tiết v&agrave; h&igrave;nh ảnh sản phẩm r&otilde; n&eacute;t. Catalog sản phẩm cũng cung cấp nhiều th&ocirc;ng tin quan trọng v&agrave; hữu &iacute;ch về sản phẩm, gi&uacute;p kh&aacute;ch h&agrave;ng hiểu r&otilde; v&agrave; c&oacute; th&ecirc;m th&ocirc;ng tin trong việc quyết định mua h&agrave;ng.</p>\r\n<p><img src=\"/source/hinh-anh/catalogue/2.png\" alt=\"2\" /></p>\r\n<p>Ng&agrave;y nay, nhu cầu in catalog đ&atilde; giảm nhiều do sự thay thế bởi c&aacute;c phương tiện v&agrave; nền tảng kỹ thuật số, tuy nhi&ecirc;n việc cầm tr&ecirc;n tay một quyển catalog in ấn đẹp v&agrave; sang trọng đều mang lại cảm gi&aacute;c ch&acirc;n thực v&agrave; th&iacute;ch th&uacute; hơn hẳn việc lướt xem tr&ecirc;n m&agrave;n h&igrave;nh điện thoại hay m&aacute;y t&iacute;nh. Nhờ sự ph&aacute;t triển của c&ocirc;ng nghệ in kỹ thuật số, giờ đ&acirc;y kh&aacute;ch h&agrave;ng c&oacute; thể đặt in catalog số lượng &iacute;t, mỗi lần chỉ cần v&agrave;i quyển đến v&agrave;i chục quyển đủ d&ugrave;ng cho nhu cầu tiếp kh&aacute;ch hay hội thảo, triển l&atilde;m.</p>\r\n<p><img src=\"/source/hinh-anh/catalogue/7.png\" alt=\"7\" /></p>\r\n<p><img src=\"/source/hinh-anh/catalogue/3.png\" alt=\"3\" /></p>\r\n<p>Mặt kh&aacute;c, việc in catalog bằng m&aacute;y kỹ thuật số c&ograve;n mang lại nhiều lợi &iacute;ch như c&oacute; thể in thử trước 1 quyển để duyệt m&agrave;u sắc, nội dung, hoặc c&oacute; thể thay đổi chỉnh sửa nội dung một c&aacute;ch linh hoạt trong những lần in kh&aacute;c nhau. Tại c&ocirc;ng ty An Nh&acirc;n, ch&uacute;ng t&ocirc;i cung cấp dịch vụ thiết kế v&agrave; in ấn trọn g&oacute;i c&aacute;c loại catalog, tờ rơi, tời gấp phục vụ c&ocirc;ng việc quảng b&aacute; giới thiệu sản phẩm của kh&aacute;ch h&agrave;ng.</p>\r\n<p>&nbsp;</p>', 1, '2023-02-02 16:25:10', 'Những lưu ý khi đặt in catalog sản phẩm', '', 'Những lưu ý khi đặt in catalog sản phẩm');

-- --------------------------------------------------------

--
-- Cấu trúc bảng cho bảng `newsletter`
--

CREATE TABLE IF NOT EXISTS `newsletter` (
  `id` int(11) UNSIGNED NOT NULL AUTO_INCREMENT,
  `fullname` varchar(255) CHARACTER SET utf8 COLLATE utf8_unicode_ci NOT NULL,
  `phone` varchar(12) CHARACTER SET utf8 COLLATE utf8_unicode_ci NOT NULL,
  `email` varchar(255) CHARACTER SET utf8 COLLATE utf8_unicode_ci DEFAULT NULL,
  `created_at` datetime DEFAULT NULL,
  `updated_at` datetime DEFAULT NULL,
  `status` tinyint(1) UNSIGNED NOT NULL DEFAULT '1',
  PRIMARY KEY (`id`)
) ENGINE=InnoDB DEFAULT CHARSET=latin1;

-- --------------------------------------------------------

--
-- Cấu trúc bảng cho bảng `news_categories`
--

CREATE TABLE IF NOT EXISTS `news_categories` (
  `id` int(11) UNSIGNED NOT NULL AUTO_INCREMENT,
  `parent_id` int(11) UNSIGNED NOT NULL,
  `name` varchar(255) COLLATE utf8_unicode_ci NOT NULL,
  `alias` varchar(255) COLLATE utf8_unicode_ci NOT NULL,
  `banner` varchar(255) COLLATE utf8_unicode_ci DEFAULT NULL,
  `thumbnail` varchar(255) COLLATE utf8_unicode_ci DEFAULT NULL,
  `link` varchar(255) COLLATE utf8_unicode_ci DEFAULT NULL,
  `introduction` text COLLATE utf8_unicode_ci,
  `orders` int(3) UNSIGNED DEFAULT NULL,
  `title` varchar(255) COLLATE utf8_unicode_ci DEFAULT NULL,
  `keyword` varchar(255) COLLATE utf8_unicode_ci DEFAULT NULL,
  `description` varchar(255) COLLATE utf8_unicode_ci DEFAULT NULL,
  `status` tinyint(1) UNSIGNED NOT NULL DEFAULT '1',
  PRIMARY KEY (`id`)
) ENGINE=InnoDB AUTO_INCREMENT=4 DEFAULT CHARSET=utf8 COLLATE=utf8_unicode_ci;

--
-- Đang đổ dữ liệu cho bảng `news_categories`
--

INSERT INTO `news_categories` (`id`, `parent_id`, `name`, `alias`, `banner`, `thumbnail`, `link`, `introduction`, `orders`, `title`, `keyword`, `description`, `status`) VALUES
(1, 0, 'Kiến thức về in ấn', 'kien-thuc-ve-in-an', NULL, NULL, NULL, NULL, NULL, 'Kiến thức về in ấn', '', '', 1),
(2, 0, 'Tin trong nước', 'tin-trong-nuoc', NULL, NULL, NULL, NULL, NULL, '', '', '', 0),
(3, 0, 'Tin ngoài nước', 'tin-ngoai-nuoc', NULL, NULL, NULL, NULL, NULL, '', '', '', 0);

-- --------------------------------------------------------

--
-- Cấu trúc bảng cho bảng `oauth_providers`
--

CREATE TABLE IF NOT EXISTS `oauth_providers` (
  `id` int(2) UNSIGNED NOT NULL AUTO_INCREMENT,
  `name` varchar(100) COLLATE utf8_unicode_ci NOT NULL,
  PRIMARY KEY (`id`)
) ENGINE=InnoDB AUTO_INCREMENT=3 DEFAULT CHARSET=utf8 COLLATE=utf8_unicode_ci;

--
-- Đang đổ dữ liệu cho bảng `oauth_providers`
--

INSERT INTO `oauth_providers` (`id`, `name`) VALUES
(1, 'facebook'),
(2, 'google');

-- --------------------------------------------------------

--
-- Cấu trúc bảng cho bảng `orders`
--

CREATE TABLE IF NOT EXISTS `orders` (
  `id` int(11) UNSIGNED NOT NULL AUTO_INCREMENT,
  `user_id` int(11) UNSIGNED DEFAULT NULL,
  `name` varchar(255) COLLATE utf8_unicode_ci DEFAULT NULL,
  `phone` varchar(11) COLLATE utf8_unicode_ci DEFAULT NULL,
  `email` varchar(255) COLLATE utf8_unicode_ci DEFAULT NULL,
  `address` varchar(255) COLLATE utf8_unicode_ci DEFAULT NULL,
  `message` varchar(255) COLLATE utf8_unicode_ci DEFAULT NULL,
  `total` bigint(20) DEFAULT NULL,
  `created_at` datetime DEFAULT NULL,
  `is_paid` tinyint(1) NOT NULL DEFAULT '0',
  `is_delivered` tinyint(1) NOT NULL DEFAULT '0',
  `shipping_province` varchar(100) COLLATE utf8_unicode_ci DEFAULT NULL,
  `shipping_district` varchar(100) COLLATE utf8_unicode_ci DEFAULT NULL,
  `shipping_fee` bigint(20) DEFAULT '0',
  `status` tinyint(1) NOT NULL DEFAULT '0',
  PRIMARY KEY (`id`)
) ENGINE=InnoDB AUTO_INCREMENT=32 DEFAULT CHARSET=utf8 COLLATE=utf8_unicode_ci;

--
-- Đang đổ dữ liệu cho bảng `orders`
--

INSERT INTO `orders` (`id`, `user_id`, `name`, `phone`, `email`, `address`, `message`, `total`, `created_at`, `is_paid`, `is_delivered`, `shipping_province`, `shipping_district`, `shipping_fee`, `status`) VALUES
(1, NULL, NULL, 'sddsdsd', 'sdsds@gmai.com', '3334', NULL, NULL, '2021-03-09 10:21:28', 0, 0, NULL, NULL, 0, 1),
(2, NULL, NULL, 'ádđ', 'eeee@a.com', 'sdfsf', NULL, NULL, '2021-03-09 10:22:30', 0, 0, NULL, NULL, 0, 1),
(3, NULL, NULL, NULL, NULL, NULL, NULL, NULL, '2021-03-09 11:04:46', 0, 0, NULL, NULL, 0, 1),
(4, NULL, 'Do tien dat', '093948553', 'dotiendatcntt@gmail.com', '958 Nguyễn Kiệm', 'Ghi chú đơn hàng', 1300000, '2021-03-09 11:05:30', 0, 0, NULL, NULL, 0, 0),
(5, NULL, 'dotiendat', '0346164334', 'dotiendatcntt@gmail.com', 'No trang long', '', 1350000, '2021-03-11 08:36:51', 0, 0, NULL, NULL, 0, 0),
(6, 1, NULL, NULL, NULL, NULL, NULL, NULL, '2021-03-12 10:44:57', 0, 0, NULL, NULL, 0, 0),
(7, 1, NULL, NULL, NULL, NULL, NULL, NULL, '2021-03-12 10:45:09', 0, 0, NULL, NULL, 0, 0),
(8, 1, '09992999', '1999', '19999@gmail.com', '100029', '2999', 143000, '2021-03-12 10:48:25', 0, 0, NULL, NULL, 0, 0),
(9, 1, 'KH', '09000900090', 'abc@gmail.com', 'dia chi', 'ghi chu don hang', 391000, '2021-03-12 10:52:53', 0, 0, NULL, NULL, 0, 0),
(10, 1, 'khach hang ', '098725361', 'mai@gmail.com', 'dia chi', 'ghi chu don hang', 499000, '2021-03-12 11:00:22', 0, 0, NULL, NULL, 0, 0),
(11, 1, 'khach hang', '098765432', 'mail@gmail.com', '123132', '123132', 391000, '2021-03-12 11:01:10', 0, 0, NULL, NULL, 0, 0),
(12, 1, 'khach hang', '098765432', 'mail@gmail.com', '123132', '123132', 391000, '2021-03-12 11:06:31', 0, 0, NULL, NULL, 0, 0),
(13, 1, 'Do Tien Dat', '09394857', 'gmail@gmail.com', 'No Trang Long', '', 2617000, '2021-04-28 15:49:18', 0, 0, NULL, NULL, 0, 0),
(14, 1, 'Anh Khoa', '0983811283', 'lethanhkhoa@gmail.com', 'Công ty An Nhân, 958 Nguyễn Kiệm P3 Gò Vấp (gần siêu thị BigC)', '', 7264000, '2021-05-11 16:36:37', 0, 0, NULL, NULL, 0, 1),
(15, 1, 'Dat IT TEST', '0346164334', '', '', '', 1827000, '2021-05-11 16:36:36', 0, 0, NULL, NULL, 0, 0),
(16, NULL, 'Tran Thi Hang', '(+84) 93874', 'hangtran.dp@gmail.com', 'Phú Nhuận', 'BE DE MI', 159600, '2022-06-07 15:16:31', 0, 0, NULL, NULL, 0, 0),
(17, NULL, 'Phạm Ngọc Tuấn', '0911747936', 'tuanpham.tdp@gmail.com', '142C/51 Cô Giang, P.2, Q.Phú Nhuận', '', 368200, '2022-07-30 14:15:07', 0, 0, NULL, NULL, 0, 0),
(18, NULL, 'Phạm Ngọc Tuấn', '0911747936', 'tuanaprint@gmail.com', '142C/51 Cô Giang, P.2, Q.Phú Nhuận', '', 368200, '2022-07-30 14:15:59', 0, 0, NULL, NULL, 0, 0),
(19, NULL, 'Pháp', '0961812131', 'Iphanapple@gmail.com', '72A trần phú', '', 7500000, '2022-08-03 20:28:19', 0, 0, NULL, NULL, 0, 0),
(20, NULL, 'Phạm ngọc thích', '0773048167', 'thichphamspkt@gmail.com', '101/42 bắc hải F15 q10', '', 70000, '2022-08-12 06:20:22', 0, 0, NULL, NULL, 0, 0),
(21, NULL, 'ugvuv', '776', 'ugyg@gmail.com', '76t7', '', 382421, '2022-08-23 09:09:44', 0, 0, NULL, NULL, 0, 0),
(22, NULL, 'Huỳnh Trân', '0948973214', '', '436/71 CMT8, P11, Q3', '', 509500, '2022-09-04 17:27:52', 0, 0, NULL, NULL, 0, 0),
(23, NULL, 'Nguyễn Hồng Hải', '0328199469', 'terhonghai@gmail.com', 'hàng 1, tổ 41, thôn 6, Xã Bình Trung, Huyện Châu Đức, tỉnh Bà Rịa Vũng Tàu', '', 100000, '2022-09-28 10:30:00', 0, 0, NULL, NULL, 0, 0),
(24, NULL, 'Lê Thị Kiều Anh', '0949766091', 'kiwiha2012@gmail.com', '134/1/2C Cách Mạng Tháng 8, P.10, Q.3', 'Nhận hàng tại cửa hàng.', 101500, '2022-09-28 11:17:03', 0, 0, NULL, NULL, 0, 0),
(25, NULL, 'Hoàng An', '0909104320', 'mythuatungdunghoangan@gmail.com', '80/6, TX52, Phường Thạnh Xuân, Quận 12', '', 370000, '2022-10-19 10:58:39', 0, 0, NULL, NULL, 0, 0),
(26, NULL, 'Hoàng An', '0909104320', 'mythuatungdunghoangan@gmail.com', '80/6, TX52, Phường Thạnh Xuân, Quận 12', '', 495000, '2022-10-19 11:36:56', 0, 0, NULL, NULL, 0, 0),
(27, NULL, 'IH Cleaner', '0908122642', 'trinhthetam@gmail.com', '', '', 101500, '2022-11-16 20:29:37', 0, 0, NULL, NULL, 0, 0),
(28, NULL, 'Bùi Quyền Linh', '0338388998', 'linh2haku@gmail.com', 'Số 2, phố Nhị Thanh 1, đường Nhị Thanh, phường Tam Thanh, Tp. Lạng Sơn', '', 870000, '2022-11-23 17:49:22', 0, 0, NULL, NULL, 0, 0),
(29, NULL, 'THAO', '0768766671', 'huynhxuanthao222@gmail.com', '205 bạch đằng, p3, gò vấp', 'lấy hàng 15h ngày Thú sáu 24/11/2022', 101000, '2022-11-24 10:31:43', 0, 0, NULL, NULL, 0, 0),
(30, NULL, 'NGUYEN VAN PHONG', '0976151417', '0932894322@GMAIL.COM', 'CA MAU', '', 1690000, '2022-12-27 11:16:14', 0, 0, NULL, NULL, 0, 0),
(31, NULL, 'Cao Minh Khang', '0345089992', 'cminkhang@gmail.com', '149c, Trương Định, P9, Q3', '', 150000, '2022-12-27 14:55:37', 0, 0, NULL, NULL, 0, 0);

-- --------------------------------------------------------

--
-- Cấu trúc bảng cho bảng `order_details`
--

CREATE TABLE IF NOT EXISTS `order_details` (
  `id` int(11) UNSIGNED NOT NULL AUTO_INCREMENT,
  `order_id` int(11) UNSIGNED DEFAULT NULL,
  `product_id` int(11) UNSIGNED DEFAULT NULL,
  `product_detail_id` int(11) UNSIGNED DEFAULT NULL,
  `name` varchar(255) COLLATE utf8_unicode_ci DEFAULT NULL,
  `img` text COLLATE utf8_unicode_ci,
  `options` varchar(255) COLLATE utf8_unicode_ci DEFAULT NULL,
  `quantity` int(4) UNSIGNED NOT NULL DEFAULT '1',
  `price` bigint(20) NOT NULL DEFAULT '0',
  `status` tinyint(1) NOT NULL DEFAULT '1',
  `size_width` float DEFAULT '0',
  `size_height` float DEFAULT '0',
  `content` varchar(255) COLLATE utf8_unicode_ci DEFAULT NULL,
  PRIMARY KEY (`id`)
) ENGINE=InnoDB AUTO_INCREMENT=27 DEFAULT CHARSET=utf8 COLLATE=utf8_unicode_ci;

--
-- Đang đổ dữ liệu cho bảng `order_details`
--

INSERT INTO `order_details` (`id`, `order_id`, `product_id`, `product_detail_id`, `name`, `img`, `options`, `quantity`, `price`, `status`, `size_width`, `size_height`, `content`) VALUES
(1, 4, 3, NULL, 'Nhãn decal giấy', NULL, NULL, 100, 13000, 1, 0, 0, NULL),
(2, 5, 4, NULL, 'Nhãn decal nhựa', NULL, NULL, 10, 135000, 1, 0, 0, NULL),
(3, 8, 4, NULL, 'Nhãn decal nhựa', NULL, NULL, 1000, 0, 1, 0, 0, '0'),
(4, 9, 3, NULL, 'Nhãn decal giấy', NULL, NULL, 10000, 40, 1, 0, 0, ''),
(5, 10, 3, NULL, 'Nhãn decal giấy', NULL, NULL, 10000, 50, 1, 0, 0, NULL),
(6, 11, 4, NULL, 'Nhãn decal nhựa', NULL, NULL, 10000, 40, 1, 0, 0, '10000 Nhãn decal nhựa, loại Decal giấy, Cán màng mờ, kích thước: 10mm x 10mm'),
(7, 12, 4, NULL, 'Nhãn decal nhựa', NULL, NULL, 10000, 40, 1, 0, 0, '10000 Nhãn decal nhựa, loại Decal giấy, Cán màng mờ, kích thước: 10mm x 10mm'),
(8, 13, 4, NULL, 'Nhãn decal nhựa', NULL, NULL, 1000, 2617, 1, 0, 0, '1000 Nhãn decal nhựa, loại Decal giấy, Cán màng mờ, kích thước: 100mm x 200mm'),
(9, 14, 23, NULL, 'Catalog A4', NULL, NULL, 200, 36320, 1, 0, 0, '200 quyển Catalog A4 16 trang'),
(10, 15, 27, NULL, 'Nhãn decal nhựa trong', NULL, NULL, 1000, 1827, 1, 0, 0, '1000 Nhãn decal nhựa trong, loại Decal nhựa trong, Cán màng bóng, kích thước: 100mm x 100mm'),
(11, 16, 39, NULL, 'Tem bảo hành, tem vỡ', NULL, NULL, 1000, 160, 1, 0, 0, '1000 tem kích thước: 10mm x 10mm, chất liệu Decal vỡ (tem bảo hành), Không cán màng'),
(12, 17, 39, NULL, 'Tem bảo hành, tem vỡ', NULL, NULL, 5000, 74, 1, 0, 0, '5000 tem kích thước: 15mm x 6mm, chất liệu Decal vỡ (tem bảo hành), Không cán màng'),
(13, 18, 39, NULL, 'Tem bảo hành, tem vỡ', NULL, NULL, 5000, 74, 1, 0, 0, '5000 tem kích thước: 15mm x 6mm, chất liệu Decal vỡ (tem bảo hành), Không cán màng'),
(14, 19, 36, NULL, 'Túi giấy', NULL, NULL, 1000, 7500, 1, 0, 0, 'Báo giá nhanh túi giấy  Mã số: B232009. - Quy cách: Giấy Couche C250gsm, cán mờ hoặc bóng, xỏ dây đeo. - Kích thước Cao 23, ngang 20, hông 9'),
(15, 20, 22, NULL, 'Danh thiếp giấy mỹ thuật', NULL, NULL, 1, 70000, 1, 0, 0, '1 hộp namecard loại giấy Giấy cán vân Bo góc'),
(16, 21, 23, NULL, 'Catalog A4', NULL, NULL, 1, 382421, 1, 0, 0, '1 quyển Catalog A4 60 trang'),
(17, 22, 4, NULL, 'Nhãn decal nhựa', NULL, NULL, 1500, 340, 1, 0, 0, '1500 tem kích thước: 80mm x 20mm, chất liệu Decal giấy, Cán màng bóng'),
(18, 23, 20, NULL, 'Danh thiếp giấy C300', NULL, NULL, 2, 50000, 1, 0, 0, '2 hộp namecard loại giấy Giấy couche 300gsm Không bo góc'),
(19, 24, 3, NULL, 'Nhãn decal giấy', NULL, NULL, 200, 508, 1, 0, 0, '200 tem kích thước: 5mm x 5mm, chất liệu Decal giấy, Cán màng mờ'),
(20, 25, 25, NULL, 'Danh thiếp ép nhũ vàng', NULL, NULL, 2, 185000, 1, 0, 0, '2 hộp namecard loại giấy Giấy couche 300gsm Không bo góc'),
(21, 26, 25, NULL, 'Danh thiếp ép nhũ vàng', NULL, NULL, 5, 99000, 1, 0, 0, '5 hộp namecard loại giấy Giấy couche 300gsm Không bo góc'),
(22, 27, 3, NULL, 'Nhãn decal giấy', NULL, NULL, 600, 170, 1, 0, 0, '600 tem kích thước: 6mm x 6mm, chất liệu Decal giấy, Cán màng bóng'),
(23, 28, 22, NULL, 'Danh thiếp giấy mỹ thuật', NULL, NULL, 10, 87000, 1, 0, 0, '10 hộp namecard loại giấy Giấy cán vân Không bo góc'),
(24, 29, 3, NULL, 'Nhãn decal giấy', NULL, NULL, 300, 337, 1, 0, 0, '300 tem kích thước: 5mm x 3mm, chất liệu Decal giấy, Không cán màng'),
(25, 30, 18, NULL, 'Thiệp cưới mẫu AN-TC02', NULL, NULL, 500, 3300, 1, 0, 0, '500 thiệp cưới Thiệp cưới mẫu AN-TC02'),
(26, 31, 20, NULL, 'Danh thiếp giấy C300', NULL, NULL, 3, 50000, 1, 0, 0, '3 hộp namecard loại giấy Giấy couche 300gsm Không bo góc');

-- --------------------------------------------------------

--
-- Cấu trúc bảng cho bảng `products`
--

CREATE TABLE IF NOT EXISTS `products` (
  `id` int(11) UNSIGNED NOT NULL AUTO_INCREMENT,
  `created_by` int(11) UNSIGNED DEFAULT NULL,
  `code` varchar(255) COLLATE utf8_unicode_ci DEFAULT NULL,
  `name` varchar(255) COLLATE utf8_unicode_ci NOT NULL,
  `alias` varchar(255) COLLATE utf8_unicode_ci NOT NULL,
  `image1` text COLLATE utf8_unicode_ci,
  `image2` text COLLATE utf8_unicode_ci,
  `video` text COLLATE utf8_unicode_ci,
  `original_price` bigint(20) DEFAULT NULL,
  `price` bigint(20) DEFAULT NULL,
  `caption` varchar(255) COLLATE utf8_unicode_ci DEFAULT NULL,
  `content` text COLLATE utf8_unicode_ci NOT NULL,
  `hot` tinyint(1) UNSIGNED NOT NULL DEFAULT '0',
  `best_seller` tinyint(1) NOT NULL DEFAULT '0',
  `view` int(11) UNSIGNED NOT NULL DEFAULT '0',
  `created_at` datetime DEFAULT NULL,
  `updated_at` datetime DEFAULT NULL,
  `status` tinyint(1) NOT NULL DEFAULT '1',
  `title` varchar(255) COLLATE utf8_unicode_ci DEFAULT NULL,
  `keyword` varchar(255) COLLATE utf8_unicode_ci DEFAULT NULL,
  `description` varchar(255) COLLATE utf8_unicode_ci DEFAULT NULL,
  `related_products` varchar(255) COLLATE utf8_unicode_ci DEFAULT NULL,
  `audio` int(11) DEFAULT NULL,
  PRIMARY KEY (`id`)
) ENGINE=InnoDB AUTO_INCREMENT=51 DEFAULT CHARSET=utf8 COLLATE=utf8_unicode_ci;

--
-- Đang đổ dữ liệu cho bảng `products`
--

INSERT INTO `products` (`id`, `created_by`, `code`, `name`, `alias`, `image1`, `image2`, `video`, `original_price`, `price`, `caption`, `content`, `hot`, `best_seller`, `view`, `created_at`, `updated_at`, `status`, `title`, `keyword`, `description`, `related_products`, `audio`) VALUES
(3, NULL, NULL, 'Nhãn decal giấy', 'nhan-decal-giay', '/source/SanPham/tem-nhan/z2469896290117_1803cc7eb4738a04e3af34a9035d2ec4.jpg', '/source/SanPham/tem-nhan/z2469896285099_dcd39315001875f76dea60648ae00598.jpg', NULL, 0, 0, 'Nhãn decal giấy', '<p>- Nh&atilde;n in m&agrave;u tr&ecirc;n chất liệu giấy decal c&oacute; sẵn keo d&aacute;n.</p>\r\n<p>- In theo mẫu c&oacute; sẵn trong thư viện mẫu của c&ocirc;ng ty, hoặc theo file thiết kế của kh&aacute;ch h&agrave;ng.</p>\r\n<p>- C&oacute; thể cắt bế theo mọi k&iacute;ch thước v&agrave; h&igrave;nh d&aacute;ng, t&ugrave;y theo y&ecirc;u cầu của kh&aacute;ch h&agrave;ng,</p>\r\n<p>- C&oacute; thể c&aacute;n th&ecirc;m một lớp m&agrave;ng keo bảo vệ chống trầy xước (c&oacute; 2 loại m&agrave;ng b&oacute;ng hoặc m&agrave;ng mờ)</p>\r\n<p>- In xong c&oacute; thể cắt th&agrave;nh phẩm hay bế demi, cắt demi (Cắt demi dễ lột hơn)</p>', 1, 1, 3284, '2021-03-08 17:06:10', '2021-07-12 16:10:23', 1, 'Nhãn decal giấy', 'Nhãn decal giấy', 'Nhãn decal giấy', '', 1),
(4, NULL, NULL, 'Nhãn decal nhựa', 'nhan-decal-nhua', '/source/SanPham/decal_nhuatrang/dd2.jpg', '/source/SanPham/decal_nhuatrang/dd1.jpg', NULL, 0, 0, 'Nhãn decal nhựa An Nhân', '<p>- Nh&atilde;n in m&agrave;u tr&ecirc;n chất liệu decal nhựa c&oacute; sẵn keo d&aacute;n, chống thấm nước, d&ugrave;ng d&aacute;n l&ecirc;n bao b&igrave; c&aacute;c sản phẩm ng&acirc;m trong nước, ướp lạnh</p>\r\n<p>- In theo mẫu c&oacute; sẵn trong thư viện mẫu của c&ocirc;ng ty, hoặc theo file thiết kế của kh&aacute;ch h&agrave;ng.</p>\r\n<p>- C&oacute; thể cắt bế theo mọi k&iacute;ch thước v&agrave; h&igrave;nh d&aacute;ng, t&ugrave;y theo y&ecirc;u cầu của kh&aacute;ch h&agrave;ng,</p>\r\n<p>- C&oacute; thể c&aacute;n th&ecirc;m một lớp m&agrave;ng keo bảo vệ chống trầy xước (c&oacute; 2 loại m&agrave;ng b&oacute;ng hoặc m&agrave;ng mờ)</p>\r\n<p>- In xong c&oacute; thể cắt th&agrave;nh phẩm hay bế demi, cắt demi (Cắt demi dễ lột hơn)</p>', 1, 1, 1905, '2021-03-10 08:51:59', '2021-05-12 09:36:15', 1, 'Nhãn decal nhựa', 'Nhãn decal nhựa', 'Nhãn decal nhựa', NULL, NULL),
(6, NULL, NULL, 'Hộp giấy số lượng ít', 'hop-giay-so-luong-it', '/source/SanPham/hopgiay/hg1 (1).jpg', '/source/SanPham/hopgiay/hg2.jpg', NULL, 0, 0, 'Hộp giấy số lượng ít\r\n', '<p>Bao b&igrave; hộp giấy l&agrave; rất cần thiết cho việc b&aacute;n h&agrave;ng, gi&uacute;p bảo vệ sản phẩm, tr&igrave;nh b&agrave;y th&ocirc;ng tin về sản phẩm cho người d&ugrave;ng. Bao b&igrave; được thiết kế đẹp mắt, in ấn ho&agrave;n thiện chất lượng cao sẽ gi&uacute;p gia tăng gi&aacute; trị sản phẩm, tăng t&iacute;nh sang trọng chuy&ecirc;n nghiệp, thu h&uacute;t sự ch&uacute; &yacute; v&agrave; niềm tin của kh&aacute;ch h&agrave;ng.</p>\r\n<p>Tuy nhi&ecirc;n, việc in ấn bao b&igrave; chiếm chi ph&iacute; kh&aacute; cao, đặc biệt nếu bạn chỉ cần in số lượng &iacute;t vừa đủ phục vụ cho nhu cầu b&aacute;n h&agrave;ng của m&igrave;nh, thậm ch&iacute; nhiều xưởng in kh&ocirc;ng nhận đặt in số lượng &iacute;t hoặc rất &iacute;t, nếu nhận th&igrave; chi ph&iacute; cho mỗi hộp rất cao.</p>\r\n<p>Tại An Nh&acirc;n - ch&uacute;ng t&ocirc;i nhận thiết kế &amp; in ấn bao b&igrave; hộp giấy số lượng &iacute;t, gi&aacute; th&agrave;nh cạnh tranh, sử dụng c&ocirc;ng nghệ in kỹ thuật số cho ph&eacute;p sản xuất trong thời gian rất ngắn. Qu&yacute; kh&aacute;ch cần in bao b&igrave; hộp giấy, c&oacute; thể sử dụng c&ocirc;ng cụ ph&iacute;a tr&ecirc;n để t&iacute;nh gi&aacute; ước lượng hoặc li&ecirc;n hệ trực tiếp với ch&uacute;ng t&ocirc;i qua hotline 089 89 89 441 - 089 89 89442.</p>', 1, 1, 1021, '2021-03-10 08:56:33', '2021-06-24 16:08:22', 1, 'hộp mỹ phẩm cao cấp', 'hộp mỹ phẩm cao cấp', 'hộp mỹ phẩm cao cấp', NULL, NULL),
(8, NULL, NULL, 'Tờ rơi A4', 'to-roi-a4', '/source/SanPham/flyer/dd1.jpg', '/source/SanPham/flyer/dd2.jpg', NULL, 0, 0, 'Tờ rơi A4', '<p>Tờ rơi &ndash; tờ gấp c&aacute;c khổ A3, A4, A5 l&agrave; sản phẩm kh&ocirc;ng thể thiếu cho việc quảng c&aacute;o, giới thiệu sản phẩm, chạy chương tr&igrave;nh, sự kiện. C&ocirc;ng ty An Nh&acirc;n nhận in tờ rơi mọi số lượng từ v&agrave;i chục, v&agrave;i trăm đến h&agrave;ng triệu tờ t&ugrave;y nhu cầu của qu&yacute; kh&aacute;ch. Nhận in v&agrave; giao h&agrave;ng tận nơi trong nội th&agrave;nh TP. HCM cũng như gửi h&agrave;ng về tỉnh bằng dịch vụ chuyển ph&aacute;t nhanh hay ch&agrave;nh xe.</p>\r\n<p>&nbsp;</p>', 0, 0, 1267, '2021-04-28 14:16:40', '2021-05-11 09:07:24', 1, 'In tờ rơi - tờ gấp', 'In tờ rơi - tờ gấp in ấn An Nhân', 'In tờ rơi - tờ gấp in ấn An Nhân', NULL, NULL),
(9, NULL, NULL, 'MENU QUÁN ĂN – NHÀ HÀNG', 'menu-quan-an-nha-hang', '/source/danh-muc/Menu-3.jpg', '/source/danh-muc/Menu-2.jpg', NULL, 0, 0, 'MENU QUÁN ĂN – NHÀ HÀNG\r\n', '<p>Nhận in menu cho qu&aacute;n cafe, tr&agrave; sữa, qu&aacute;n ăn, nh&agrave; h&agrave;ng</p>\r\n<p>Số lượng nhận in: từ 1 cuốn trở l&ecirc;n</p>\r\n<p>Chất liệu: giấy nhựa chống thấm nước hoặc c&aacute;c loại giấy mỹ thuật.</p>\r\n<p>C&oacute; nhiều mẫu thiết kế cho bạn lựa chọn</p>\r\n<p>C&oacute; thể đ&oacute;ng cuốn nhiều kiểu: đ&oacute;ng l&ograve; xo, đ&oacute;ng b&igrave;a cứng, đ&oacute;ng b&igrave;a da</p>', 1, 1, 1172, '2021-04-28 14:22:29', '2021-06-27 19:20:17', 1, 'In menu nhà hàng quán ăn caphe', 'In menu nhà hàng quán ăn caphe In ấn An Nhân', 'In menu nhà hàng quán ăn caphe, Chuyên in ấn các loại menu nhà hàng quán ăn, quán caphe với mức giá ưu đãi.', NULL, NULL),
(10, NULL, NULL, 'Vé giữ xe, vé xem phim ', 've-giu-xe-ve-xem-phim', '/source/hinh-anh/content/ve_giu_xe.jpg', '/source/hinh-anh/content/ve_giu_xe.jpg', NULL, 0, 0, 'Chúng tôi chuyên in ấn các loại vé như : in vé tàu, in vé giữ xe, in vé xe , in vé xem phim… Qui cách sản phẩm: Kích thước thành phẩm : theo yêu cầu của quý khách hàng.', '<div class=\"marquee-heading\">Ch&uacute;ng t&ocirc;i chuy&ecirc;n in ấn c&aacute;c loại v&eacute; như : in v&eacute; t&agrave;u, in v&eacute; giữ xe, in v&eacute; xe , in v&eacute; xem phim&hellip;</div>\r\n<div class=\"marquee-heading\"><strong>Qui c&aacute;ch sản phẩm:</strong></div>\r\n<ul>\r\n<li>K&iacute;ch thước th&agrave;nh phẩm : theo y&ecirc;u cầu của qu&yacute; kh&aacute;ch h&agrave;ng.</li>\r\n<li>Qui c&aacute;ch:&nbsp;In 1 mặt 1 m&agrave;u, cắt , cấn răng cưa, đ&oacute;ng cuốn.</li>\r\n<li>Chất liệu:&nbsp;&nbsp;Giấy Ford 60gsm, For 70 gsm</li>\r\n<li><strong>C&oacute; thể in barcode đổi theo seri, chuỗi k&yacute; tự ngẫu nhi&ecirc;n tr&ecirc;n mỗi v&eacute; để chống giả.</strong></li>\r\n</ul>\r\n<p><img src=\"/source/hinh-anh/content/ve_giu_xe.jpg\" alt=\"\" width=\"300\" height=\"188\" /><img src=\"/source/hinh-anh/content/ve_giu_xe_1.jpg\" alt=\"\" width=\"190\" height=\"150\" /></p>\r\n<div class=\"title_info_product\">TH&Ocirc;NG TIN SẢN PHẨM V&Agrave; BẢNG GI&Aacute; SẢN PHẨM IN</div>\r\n<div class=\"nd-detail\"><form>\r\n<div class=\"td-detal-2\">&nbsp;</div>\r\n<div class=\"nd-detail\">\r\n<p><strong>LOẠI 2 PHẦN (5.8X15.8CM)</strong></p>\r\n<p>&ndash; 100 tờ/cuốn,</p>\r\n<p>&ndash; in offset 1 m&agrave;u tr&ecirc;n giấy Fo trắng 60g/m2</p>\r\n<p>&ndash; Bế răng cưa x&eacute;, đ&oacute;ng cuốn</p>\r\n<table border=\"0\" cellspacing=\"1\" cellpadding=\"5\">\r\n<tbody>\r\n<tr>\r\n<td><strong>SỐ LƯỢNG</strong></td>\r\n<td><strong>ĐƠN GI&Aacute; (VNĐ)</strong></td>\r\n<td><strong>TH&Agrave;NH TIỀN</strong></td>\r\n</tr>\r\n<tr bgcolor=\"#e3f4fd\">\r\n<td align=\"center\"><strong>300 cuốn</strong></td>\r\n<td align=\"center\"><strong>4.200đ/cuốn</strong></td>\r\n<td align=\"center\"><strong>1.260.000đ</strong></td>\r\n</tr>\r\n<tr>\r\n<td align=\"center\"><strong>500 cuốn</strong></td>\r\n<td align=\"center\"><strong>3.800đ/cuốn</strong></td>\r\n<td align=\"center\"><strong>1.900.000đ</strong></td>\r\n</tr>\r\n<tr bgcolor=\"#e3f4fd\">\r\n<td align=\"center\"><strong>1.000 cuốn</strong></td>\r\n<td align=\"center\"><strong>3.200đ/cuốn</strong></td>\r\n<td align=\"center\"><strong>3.200.000đ</strong></td>\r\n</tr>\r\n<tr>\r\n<td align=\"center\"><strong>1.500 cuốn</strong></td>\r\n<td align=\"center\"><strong>3.000đ/cuốn</strong></td>\r\n<td align=\"center\"><strong>4.500.000đ</strong></td>\r\n</tr>\r\n<tr bgcolor=\"#e3f4fd\">\r\n<td align=\"center\"><strong>2.000 cuốn</strong></td>\r\n<td align=\"center\"><strong>2.900đ/cuốn</strong></td>\r\n<td align=\"center\"><strong>5.800.000đ</strong></td>\r\n</tr>\r\n<tr>\r\n<td colspan=\"3\" align=\"center\"><strong>Nếu c&oacute; đ&oacute;ng số nhảy cộng th&ecirc;m 500đ/cuốn &ndash; In barcode &nbsp;hay chuỗi k&yacute; tự ngẫu nhi&ecirc;n thay đổi + 1000/cuốn</strong></td>\r\n</tr>\r\n</tbody>\r\n</table>\r\n<p><strong>LOẠI 2 PHẦN (5.8X14.8CM)</strong></p>\r\n<p>&ndash; 100 tờ/cuốn,</p>\r\n<p>&ndash; in offset 1 m&agrave;u tr&ecirc;n giấy Fo trắng 60g/m2</p>\r\n<p>&ndash; Bế răng cưa x&eacute;, đ&oacute;ng cuốn</p>\r\n<table border=\"0\" cellspacing=\"1\" cellpadding=\"5\">\r\n<tbody>\r\n<tr>\r\n<td><strong>SỐ LƯỢNG</strong></td>\r\n<td><strong>ĐƠN GI&Aacute; (VNĐ)</strong></td>\r\n<td><strong>TH&Agrave;NH TIỀN</strong></td>\r\n</tr>\r\n<tr bgcolor=\"#e3f4fd\">\r\n<td align=\"center\"><strong>300 cuốn</strong></td>\r\n<td align=\"center\"><strong>4.100đ/cuốn</strong></td>\r\n<td align=\"center\"><strong>1.230.000</strong></td>\r\n</tr>\r\n<tr>\r\n<td align=\"center\"><strong>500 cuốn</strong></td>\r\n<td align=\"center\"><strong>3.700đ/cuốn</strong></td>\r\n<td align=\"center\"><strong>1.850.000đ</strong></td>\r\n</tr>\r\n<tr bgcolor=\"#e3f4fd\">\r\n<td align=\"center\"><strong>1.000 cuốn</strong></td>\r\n<td align=\"center\"><strong>3.000đ/cuốn</strong></td>\r\n<td align=\"center\"><strong>3.000.000đ</strong></td>\r\n</tr>\r\n<tr>\r\n<td align=\"center\"><strong>1.500 cuốn</strong></td>\r\n<td align=\"center\"><strong>2.900đ/cuốn</strong></td>\r\n<td align=\"center\"><strong>4.350.000đ</strong></td>\r\n</tr>\r\n<tr bgcolor=\"#e3f4fd\">\r\n<td align=\"center\"><strong>2.000 cuốn</strong></td>\r\n<td align=\"center\"><strong>2.700đ/cuốn</strong></td>\r\n<td align=\"center\"><strong>5.400.000đ</strong></td>\r\n</tr>\r\n<tr>\r\n<td colspan=\"3\" align=\"center\"><strong>Nếu c&oacute; đ&oacute;ng số nhảy cộng th&ecirc;m 500đ/cuốn&nbsp;&ndash;&nbsp;In barcode &nbsp;hay chuỗi k&yacute; tự ngẫu nhi&ecirc;n thay đổi + 1000/cuốn</strong></td>\r\n</tr>\r\n</tbody>\r\n</table>\r\n</div>\r\n<div class=\"main-home\">\r\n<div class=\"wrapper\">\r\n<div id=\"main-sanpham-content\" class=\"grid-full\">\r\n<div class=\"wrapper\">\r\n<div class=\"main_all\">\r\n<div class=\"top-detal-2\">\r\n<div class=\"nd-detail\">\r\n<p><strong>LOẠI 3 PHẦN (5.8X15.8CM)</strong></p>\r\n<p>&ndash; 100 tờ/cuốn,</p>\r\n<p>&ndash; in offset 1 m&agrave;u tr&ecirc;n giấy Fo trắng 60g/m2</p>\r\n<p>&ndash; Bế răng cưa x&eacute;, đ&oacute;ng cuốn</p>\r\n<table border=\"0\" cellspacing=\"1\" cellpadding=\"5\">\r\n<tbody>\r\n<tr>\r\n<td><strong>SỐ LƯỢNG</strong></td>\r\n<td><strong>ĐƠN GI&Aacute; (VNĐ)</strong></td>\r\n<td><strong>TH&Agrave;NH TIỀN</strong></td>\r\n</tr>\r\n<tr bgcolor=\"#e3f4fd\">\r\n<td align=\"center\"><strong>300 cuốn</strong></td>\r\n<td align=\"center\"><strong>4.500đ/cuốn</strong></td>\r\n<td align=\"center\"><strong>1.350.000đ</strong></td>\r\n</tr>\r\n<tr>\r\n<td align=\"center\"><strong>500 cuốn</strong></td>\r\n<td align=\"center\"><strong>4.200đ/cuốn</strong></td>\r\n<td align=\"center\"><strong>2.100.000đ</strong></td>\r\n</tr>\r\n<tr bgcolor=\"#e3f4fd\">\r\n<td align=\"center\"><strong>1.000 cuốn</strong></td>\r\n<td align=\"center\"><strong>3.600đ/cuốn</strong></td>\r\n<td align=\"center\"><strong>3.600.000đ</strong></td>\r\n</tr>\r\n<tr>\r\n<td align=\"center\"><strong>1.500 cuốn</strong></td>\r\n<td align=\"center\"><strong>3.400đ/cuốn</strong></td>\r\n<td align=\"center\"><strong>5.100.000đ</strong></td>\r\n</tr>\r\n<tr bgcolor=\"#e3f4fd\">\r\n<td align=\"center\"><strong>2.000 cuốn</strong></td>\r\n<td align=\"center\"><strong>3.000đ/cuốn</strong></td>\r\n<td align=\"center\"><strong>6.000.000đ</strong></td>\r\n</tr>\r\n<tr>\r\n<td colspan=\"3\" align=\"center\"><strong>Nếu c&oacute; đ&oacute;ng số nhảy cộng th&ecirc;m 700đ/cuốn&nbsp;&ndash;&nbsp;In barcode &nbsp;hay chuỗi k&yacute; tự ngẫu nhi&ecirc;n thay đổi + 1000/cuốn</strong></td>\r\n</tr>\r\n</tbody>\r\n</table>\r\n<p><strong>LOẠI 3 PHẦN (5.3X20CM)</strong></p>\r\n<p>&ndash; 100 tờ/cuốn,</p>\r\n<p>&ndash; in offset 1 m&agrave;u tr&ecirc;n giấy Fo trắng 60g/m2</p>\r\n<p>&ndash; Bế răng cưa x&eacute;, đ&oacute;ng cuốn</p>\r\n<table border=\"0\" cellspacing=\"1\" cellpadding=\"5\">\r\n<tbody>\r\n<tr>\r\n<td><strong>SỐ LƯỢNG</strong></td>\r\n<td><strong>ĐƠN GI&Aacute; (VNĐ)</strong></td>\r\n<td><strong>TH&Agrave;NH TIỀN</strong></td>\r\n</tr>\r\n<tr bgcolor=\"#e3f4fd\">\r\n<td align=\"center\"><strong>300 cuốn</strong></td>\r\n<td align=\"center\"><strong>4.800đ/cuốn</strong></td>\r\n<td align=\"center\"><strong>1.440.000đ</strong></td>\r\n</tr>\r\n<tr>\r\n<td align=\"center\"><strong>500 cuốn</strong></td>\r\n<td align=\"center\"><strong>4.400đ/cuốn</strong></td>\r\n<td align=\"center\"><strong>2.200.000đ</strong></td>\r\n</tr>\r\n<tr bgcolor=\"#e3f4fd\">\r\n<td align=\"center\"><strong>1.000 cuốn</strong></td>\r\n<td align=\"center\"><strong>3.600đ/cuốn</strong></td>\r\n<td align=\"center\"><strong>3.600.000đ</strong></td>\r\n</tr>\r\n<tr>\r\n<td align=\"center\"><strong>2.000 cuốn</strong></td>\r\n<td align=\"center\"><strong>3.000đ/cuốn</strong></td>\r\n<td align=\"center\"><strong>6.000.000đ</strong></td>\r\n</tr>\r\n<tr>\r\n<td colspan=\"3\" align=\"center\"><strong>Nếu c&oacute; đ&oacute;ng số nhảy cộng th&ecirc;m 700đ/cuốn&nbsp;&ndash;&nbsp;In barcode &nbsp;hay chuỗi k&yacute; tự ngẫu nhi&ecirc;n thay đổi + 1000/cuốn</strong></td>\r\n</tr>\r\n</tbody>\r\n</table>\r\n<p><strong>LOẠI 3 PHẦN (5.8X20CM)</strong></p>\r\n<p>&ndash; 100 tờ/cuốn,</p>\r\n<p>&ndash; in offset 1 m&agrave;u tr&ecirc;n giấy Fo trắng 60g/m2</p>\r\n<p>&ndash; Bế răng cưa x&eacute;, đ&oacute;ng cuốn</p>\r\n<table border=\"0\" cellspacing=\"1\" cellpadding=\"5\">\r\n<tbody>\r\n<tr>\r\n<td><strong>SỐ LƯỢNG</strong></td>\r\n<td><strong>ĐƠN GI&Aacute; (VNĐ)</strong></td>\r\n<td><strong>TH&Agrave;NH TIỀN</strong></td>\r\n</tr>\r\n<tr bgcolor=\"#e3f4fd\">\r\n<td align=\"center\"><strong>300 cuốn</strong></td>\r\n<td align=\"center\"><strong>5.000đ/cuốn</strong></td>\r\n<td align=\"center\"><strong>1.500.000đ</strong></td>\r\n</tr>\r\n<tr>\r\n<td align=\"center\"><strong>500 cuốn</strong></td>\r\n<td align=\"center\"><strong>4.800đ/cuốn</strong></td>\r\n<td align=\"center\"><strong>2.400.000đ</strong></td>\r\n</tr>\r\n<tr bgcolor=\"#e3f4fd\">\r\n<td align=\"center\"><strong>1.000 cuốn</strong></td>\r\n<td align=\"center\"><strong>3.800đ/cuốn</strong></td>\r\n<td align=\"center\"><strong>3.800.000đ</strong></td>\r\n</tr>\r\n<tr>\r\n<td align=\"center\"><strong>2.000 cuốn</strong></td>\r\n<td align=\"center\"><strong>3.200đ/cuốn</strong></td>\r\n<td align=\"center\"><strong>6.400.000đ</strong></td>\r\n</tr>\r\n<tr>\r\n<td colspan=\"3\" align=\"center\"><strong>Nếu c&oacute; đ&oacute;ng số nhảy cộng th&ecirc;m 700đ/cuốn&nbsp;&ndash;&nbsp;In barcode &nbsp;hay chuỗi k&yacute; tự ngẫu nhi&ecirc;n thay đổi + 1000/cuốn</strong></td>\r\n</tr>\r\n</tbody>\r\n</table>\r\n</div>\r\n</div>\r\n</div>\r\n</div>\r\n</div>\r\n</div>\r\n</div>\r\n</form></div>', 0, 0, 486, '2021-04-28 14:28:13', NULL, 1, ' in vé tàu, in vé giữ xe, in vé xe', 'in vé tàu, in vé giữ xe, in vé xe , in vé xem phim, in ấn An Nhân', 'Chúng tôi chuyên in ấn các loại vé như : in vé tàu, in vé giữ xe, in vé xe , in vé xem phim… Qui cách sản phẩm: Kích thước thành phẩm : theo yêu cầu của quý khách hàng.', NULL, NULL),
(11, NULL, NULL, 'Thẻ treo giấy kraf', 'the-treo-giay-kraf', '/source/SanPham/nhantreo_kraf.jpg', '/source/SanPham/nhantreo_kraf.jpg', NULL, 0, 0, 'Thẻ treo giấy kraf', '<p>Thẻ treo giấy kraf</p>', 0, 0, 514, '2021-04-28 14:32:31', '2021-04-28 14:34:12', 1, 'In thẻ treo Kraf', 'in thẻ treo Kraf In Ấn An Nhân', 'in ấn các thẻ treo kraf đảm bảo chất lượng', NULL, NULL),
(12, NULL, NULL, 'Thẻ treo giấy Briston 300gsm', 'the-treo-giay-briston-300gsm', '/source/SanPham/nhantreo2.jpg', '/source/SanPham/nhantreo2.jpg', NULL, 0, 0, 'Thẻ treo giấy Briston 300gsm', '<p>Thẻ treo giấy Briston 300gsm</p>', 0, 0, 577, '2021-04-28 14:35:51', NULL, 1, 'Thẻ treo giấy Briston 300gsm', 'Thẻ treo giấy Briston 300gsm', 'Thẻ treo giấy Briston 300gsm', NULL, NULL),
(13, NULL, NULL, 'Bao thư 12x22cm in màu giấy, 120gsm', 'bao-thu-12x22cm-in-mau-giay-120gsm', '/source/SanPham/mauphongbidep01-6184.jpg', '/source/SanPham/inphongbia4a5giare1-608.jpg', NULL, 0, 0, 'Bao thư kích thước chuẩn 12x22cm, in màu giấy Fort định lượng 120gsm', '<p>Bao thư khổ 12x22 l&agrave; loại bao thư được sử dụng phổ biến nhất trong văn ph&ograve;ng, thường in bằng giấy pho định lượng 120 hoặc 150 gam. Với kỹ thuật in nhanh c&oacute; thể in th&ecirc;m th&ocirc;ng tin biến đổi l&ecirc;n từng bao thư, v&iacute; dụ in th&ocirc;ng tin, địa chỉ người nhận, dữ liệu chỉ cần gửi qua file excel.</p>', 0, 0, 1571, '2021-04-28 15:15:46', '2021-11-24 11:28:36', 1, 'Bao thư 12x22', 'bao thư 12x22', 'bao thư 12x22', '', 0),
(14, NULL, NULL, 'Hóa đơn, biểu mẫu, phiếu thu chi', 'hoa-don-bieu-mau-phieu-thu-chi', '/source/SanPham/bieumau/dd3.jpg', '/source/SanPham/inphieuthuphieuchibieumauhoadonbienlaigiaycarbonlessgiare4-2526.jpg', NULL, 0, 0, '– Các sản phẩm thường in: Phiếu thu chi, phiếu xuất nhập kho, giấy giới thiệu, Bill tàu, Lệnh sản xuất, phiếu theo dõi hàng hóa \r\n– Có thể thành phẩm: đóng ', '<div><strong>&ndash; C&aacute;c sản phẩm thường in:</strong>&nbsp;Phiếu thu chi, phiếu xuất nhập kho, giấy giới thiệu, Bill t&agrave;u, Lệnh sản xuất, phiếu theo d&otilde;i h&agrave;ng h&oacute;a &hellip;.</div>\r\n<div>&ndash; C&oacute; thể th&agrave;nh phẩm: đ&oacute;ng số nhảy, răng cưa, d&aacute;n Block, đ&oacute;ng ghim theo y&ecirc;u cầu,</div>\r\n<div><strong>&ndash; C&oacute; thể in barcode thay đổi hay chuỗi k&yacute; tự thay đổi nhằm tăng khả năng bảo mật cho sản phẩm.</strong></div>\r\n<div>&nbsp;</div>\r\n<div><span style=\"color: #ff0000;\"><strong>QU&Yacute; KH&Aacute;CH CẦN IN SỐ LƯỢNG &Iacute;T DƯỚI 50 QUYỂN C&Oacute; THỂ T&Iacute;NH GI&Aacute; V&Agrave; ĐẶT H&Agrave;NG BẰNG C&Ocirc;NG CỤ PH&Iacute;A B&Ecirc;N PHẢI.</strong></span></div>', 0, 0, 1949, '2021-04-28 15:22:17', '2021-06-30 19:53:00', 1, 'BIỂU MẪU, PHIẾU THU CHI, HÓA ĐƠN BÁN LẺ', 'BIỂU MẪU, PHIẾU THU CHI, HÓA ĐƠN BÁN LẺ', '– Các sản phẩm thường in: Phiếu thu chi, phiếu xuất nhập kho, giấy giới thiệu, Bill tàu, Lệnh sản xuất, phiếu theo dõi hàng hóa ', NULL, NULL),
(15, NULL, NULL, 'Voucher, phiếu quà tặng', 'voucher-phieu-qua-tang', '/source/SanPham/voucher/vc1.jpg', '/source/SanPham/voucher/vc2.jpg', NULL, 0, 0, 'Voucher, phiếu quà tặng', '<p>An Nh&acirc;n chuy&ecirc;n in c&aacute;c sản phẩm phiếu qu&agrave; tặng, phiếu bảo h&agrave;nh, thẻ t&iacute;ch điểm, voucher khuyến m&atilde;i. Đặc biệt, c&oacute; thể in số serial, m&atilde; vạch, QR code biến đổi theo danh s&aacute;ch Excel. Ngo&agrave;i ra, ch&uacute;ng t&ocirc;i c&ograve;n nhận gia c&ocirc;ng c&aacute;c loại voucher, thẻ c&agrave;o c&oacute; tr&aacute;ng phủ lớp nhũ c&agrave;o d&ugrave;ng trong chương tr&igrave;nh khuyến m&atilde;i, bốc thăm tr&uacute;ng thưởng hoặc bảo h&agrave;nh điện tử.</p>', 0, 0, 584, '2021-04-28 15:51:22', '2021-06-24 16:42:04', 1, 'VOUCHER, PHIẾU QUÀ TẶNG, THẺ BẢO HÀNH', 'VOUCHER, PHIẾU QUÀ TẶNG, THẺ BẢO HÀNH', 'VOUCHER, PHIẾU QUÀ TẶNG, THẺ BẢO HÀNH', NULL, NULL),
(17, NULL, NULL, 'Nhãn decal xi bạc', 'nhan-decal-xi-bac', '/source/SanPham/tem-nhan/temdecalxi.png', '/source/SanPham/intemdecaldebac-8376.jpg', NULL, 0, 0, 'Nhãn decal xi bạc', '<p>Nh&atilde;n decal xi bạc</p>', 0, 0, 703, '2021-05-04 11:07:04', '2021-05-04 11:07:34', 1, 'Nhãn decal xi bạc', 'Nhãn decal xi bạc', 'Nhãn decal xi bạc', NULL, NULL),
(18, NULL, NULL, 'Thiệp cưới mẫu A', 'thiep-cuoi-mau-a', '/source/hinh-anh/Thiep cuoi/Mẫu A/A0081_B.jpg', '/source/hinh-anh/Thiep cuoi/Mẫu A/A0087_a.jpg', NULL, 0, 0, 'Thiệp cưới hiện đại', '<p>C&ugrave;ng tạo n&ecirc;n điểm nhấn cho ng&agrave;y trọng đại của bạn bằng bộ thiệp cưới xinh xắn đến từ nh&agrave; An Nh&acirc;n nh&eacute;. Ch&uacute;ng tớ nhận thiết kế v&agrave; in theo y&ecirc;u cầu của kh&aacute;ch h&agrave;ng hoặc c&aacute;c d&acirc;u rể c&oacute; thể tham khảo to&agrave;n bộ thiệp mẫu của nh&agrave; An Nh&acirc;n tại website:&nbsp;<a href=\"https://thiepcuoiannhan.vn/\">https://thiepcuoiannhan.vn/</a>&nbsp;nh&eacute;!</p>\r\n<p><span style=\"font-size: 14pt;\"><strong><span style=\"color: #ff00ff;\">Quy c&aacute;ch chung của sản phẩm thiệp cưới mẫu khu&ocirc;n A:&nbsp;</span></strong></span></p>\r\n<p>- 1 bộ thiệp cơ bản gồm:&nbsp;</p>\r\n<p>+ 1 b&igrave;a thư c&oacute; dạng nắp x&eacute;o, k&iacute;ch thước ngang 17,6cm x cao 12,7cm</p>\r\n<p>+ Ruột 2 tờ rời in một mặt, k&iacute;ch thước ngang 11,2cm x cao 15,5cm</p>\r\n<p>- Chất liệu: giấy Fort định lượng 200gsm, qu&yacute; kh&aacute;ch c&oacute; thể t&ugrave;y chọn th&ecirc;m nhiều loại giấy kh&aacute;c để tăng t&iacute;nh thẩm mỹ cho bộ thiệp như giấy v&acirc;n, giấy mỹ thuật, giấy camay,...</p>\r\n<p>- In m&agrave;u tr&ecirc;n m&aacute;y in kỹ thuật số Konica Minolta Nhật Bản</p>\r\n<p>- Thiết kế v&agrave; giao h&agrave;ng nhanh theo y&ecirc;u cầu.</p>', 0, 0, 1230, '2021-05-05 13:52:01', '2023-02-04 09:30:15', 1, 'Thiệp cưới hiện đại', '', '', '', 0),
(20, NULL, NULL, 'Danh thiếp giấy C300', 'danh-thiep-giay-c300', '/source/SanPham/namecard/NAMECARD_C300/hdd1.jpg', '/source/SanPham/giay-my-thuat-5367.jpg', NULL, 0, 0, 'Danh thiếp giấy C300', '<p>Đ&acirc;y l&agrave; loại danh thiếp th&ocirc;ng dụng nhất tr&ecirc;n thị trường hiện nay, c&oacute; k&iacute;ch thước chuẩn 9x5,5cm, in tr&ecirc;n giấy Couche định lượng 300gsm, c&aacute;n m&agrave;ng mờ 2 mặt gi&uacute;p chống trầy xước bong tr&oacute;c bề mặt trong qu&aacute; tr&igrave;nh sử dụng.&nbsp;</p>\r\n<h1 style=\"color: #ff0000;\">Quy c&aacute;ch sản phẩm:</h1>\r\n<p>- Hộp 100 c&aacute;i, đ&oacute;ng g&oacute;i trong hộp nhựa mica cứng trong suốt.</p>\r\n<p>- Chất liệu: giấy Couche hoặc Briston định lượng 300gsm, in m&agrave;u 2 mặt.</p>\r\n<p>- Th&agrave;nh phẩm: c&aacute;n m&agrave;ng mờ 2 mặt, cắt th&agrave;nh phẩm 9x5,5cm.</p>\r\n<p>&nbsp;</p>\r\n<p>&nbsp;</p>\r\n<p style=\"text-align: center;\"><audio autoplay=\"autoplay\" controls=\"controls\">\r\n  <source src=\"/mp3/danhthiepc300.mp3\" type=\"audio/mpeg\" /></audio></p>', 0, 0, 1411, '2021-05-05 13:53:53', '2021-07-11 19:33:03', 1, 'Danh thiếp giấy C300', 'Danh thiếp giấy C300', 'Danh thiếp giấy C300', '', NULL),
(21, NULL, NULL, 'Danh thiếp giấy nhựa', 'danh-thiep-giay-nhua', '/source/SanPham/couche-3283.jpg', '/source/SanPham/giay-nhua-4000.jpg', NULL, 0, 0, 'Danh thiếp giấy nhựa', '<p>Danh thiếp giấy nhựa in tr&ecirc;n chất liệu tấm nhựa trắng, trong suốt hoặc nhựa mờ, chống thấm nước, gi&aacute; cao hơn nhiều so với danh thiếp in giấy. Ngo&agrave;i danh thiếp c&oacute; thể in c&aacute;c sản phẩm như thẻ hội vi&ecirc;n, thẻ bảo h&agrave;nh, thẻ nh&acirc;n vi&ecirc;n v&igrave; chất liệu nhựa c&oacute; độ bền cao.</p>\r\n<p style=\"text-align: center;\">&nbsp;</p>\r\n<p style=\"text-align: center;\"><audio autoplay=\"autoplay\" controls=\"controls\">\r\n\r\n  <source src=\"/mp3/danhthiepgiaynhua.mp3\" type=\"audio/mpeg\" /></audio></p>', 0, 0, 886, '2021-05-05 13:54:26', '2021-07-11 19:34:04', 1, 'Danh thiếp giấy nhựa', '', '', '', NULL),
(22, NULL, NULL, 'Danh thiếp giấy mỹ thuật', 'danh-thiep-giay-my-thuat', '/source/SanPham/namecard/NAMECARD_MYTHUAT/dd1.jpg', '/source/SanPham/namecard/NAMECARD_MYTHUAT/dd2.jpg', NULL, 0, 0, '', '<p>Sử dụng chất liệu giấy mỹ thuật cao cấp, thường đi k&egrave;m với kiểu thiết kế đơn giản, kh&ocirc;ng qu&aacute; nhiều mảng m&agrave;u để tận dụng tối đa vẻ đẹp bề mặt chất liệu giấy.</p>\r\n<p>&nbsp;</p>\r\n<p style=\"text-align: center;\"><audio autoplay=\"autoplay\" controls=\"controls\">\r\n\r\n  <source src=\"/mp3/danhthiepmythuat.mp3\" type=\"audio/mpeg\" /></audio></p>', 0, 0, 1007, '2021-05-06 15:25:50', '2021-07-11 19:35:14', 1, 'Danh thiếp giấy mỹ thuật', '', '', '', NULL),
(23, NULL, NULL, 'Catalog A4', 'catalog-a4', '/source/hinh-anh/01o31024x682-5781.jpg', '/source/SanPham/catalog/cat_dd1.jpg', NULL, 0, 0, 'Catalog A4', '<p><span style=\"font-size: medium;\"><strong>Bạn cần in v&agrave;i quyển catalog nhưng kh&ocirc;ng nơi n&agrave;o nhận in số lượng &iacute;t? Những nơi kh&ocirc;ng chuy&ecirc;n th&igrave; in kh&ocirc;ng đẹp hoặc đ&oacute;ng cuốn sơ s&agrave;i?</strong></span></p>\r\n<p><span style=\"font-size: medium;\"><strong>H&atilde;y li&ecirc;n hệ với c&ocirc;ng ty ch&uacute;ng t&ocirc;i - An Nh&acirc;n c&oacute; thể nhận in chỉ từ 1 quyển, in v&agrave; th&agrave;nh phẩm đ&oacute;ng cuốn đẹp như in offset.</strong></span></p>\r\n<p><span style=\"font-size: medium;\"><strong>&nbsp;</strong></span>-&nbsp;<strong>C&aacute;ch in v&agrave; đ&oacute;ng cuốn:</strong>&nbsp;in nhanh tr&ecirc;n m&aacute;y in m&agrave;u kỹ thuật số c&ocirc;ng nghiệp Konica Minolta. Th&agrave;nh phẩm đ&oacute;ng cuốn chuy&ecirc;n nghiệp như in offset, với đầy đủ c&aacute;c loại m&aacute;y th&agrave;nh phẩm để ho&agrave;n thiện sản phẩm theo y&ecirc;u cầu (như c&aacute;n m&agrave;ng, đ&oacute;ng kim, v&agrave;o b&igrave;a keo nhiệt, đ&oacute;ng g&aacute;y l&ograve; xo)</p>\r\n<p>-&nbsp;<strong>Loại giấy in:</strong>&nbsp;ch&uacute;ng t&ocirc;i c&oacute; sẵn c&aacute;c loại giấy couche b&oacute;ng v&agrave; couche matt, định lượng 115, 150,210, 250 v&agrave; 300gsm, giấy fort 150 v&agrave; 250gsm, giấy mỹ thuật ECONO v&agrave; ELICA 250gsm. Trường hợp kh&aacute;ch h&agrave;ng muỗn in bằng c&aacute;c loại giấy kh&aacute;c, xin vui l&ograve;ng li&ecirc;n hệ trực tiếp để được tư vấn th&ecirc;m.</p>\r\n<p style=\"text-align: center;\"><audio autoplay=\"autoplay\" controls=\"controls\">\r\n\r\n  <source src=\"/mp3/catalog.mp3\" type=\"audio/mpeg\" /></audio></p>', 1, 1, 5336, '2021-05-07 08:59:06', '2021-07-11 19:36:00', 1, 'Catalog A4', 'Catalog, brochure', '', '', NULL),
(24, NULL, NULL, 'Thư mời khai trương', 'thu-moi-khai-truong', '/source/SanPham/thumoi/h2.jpg', '/source/SanPham/thumoi/h1.jpg', NULL, 0, 0, 'Thư mời khai trương', '<p>Thư mời khai trương</p>', 0, 0, 673, '2021-05-07 14:20:06', NULL, 1, 'Thư mời khai trương', '', '', NULL, NULL),
(25, NULL, NULL, 'Danh thiếp ép nhũ vàng', 'danh-thiep-ep-nhu-vang', '/source/SanPham/NAMECARD__EP KIM/2.380x270px.jpg', '/source/SanPham/NAMECARD__EP KIM/1.380x270px.jpg', NULL, 0, 0, 'Danh thiếp ép nhũ vàng', '<p>Danh thiếp &eacute;p nhũ v&agrave;ng</p>', 1, 0, 1099, '2021-05-08 09:20:12', NULL, 1, 'Danh thiếp ép nhũ vàng', '', '', NULL, NULL),
(26, NULL, NULL, 'Thiệp cưới mẫu B', 'thiep-cuoi-mau-b', '/source/hinh-anh/Thiep cuoi/Mẫu B/B0024.jpg', '/source/hinh-anh/Thiep cuoi/Mẫu B/B0043.jpg', NULL, 0, 0, 'Thiệp cưới in hình cô dâu chú rể', '<p>C&ugrave;ng tạo n&ecirc;n điểm nhấn cho ng&agrave;y trọng đại của bạn bằng bộ thiệp cưới xinh xắn đến từ nh&agrave; An Nh&acirc;n nh&eacute;. Ch&uacute;ng tớ nhận thiết kế v&agrave; in theo y&ecirc;u cầu của kh&aacute;ch h&agrave;ng hoặc c&aacute;c d&acirc;u rể c&oacute; thể tham khảo to&agrave;n bộ thiệp mẫu của nh&agrave; An Nh&acirc;n tại website:&nbsp;<a href=\"https://thiepcuoiannhan.vn/\">https://thiepcuoiannhan.vn/</a>&nbsp;nh&eacute;</p>\r\n<p><span style=\"font-size: 14pt;\"><strong><span style=\"color: #ff00ff;\">Quy c&aacute;ch chung của sản phẩm thiệp cưới mẫu khu&ocirc;n B:</span></strong></span></p>\r\n<p>- 1 bộ thiệp cơ bản gồm:&nbsp;</p>\r\n<p>+ 1 b&igrave;a thư c&oacute; dạng nắp thoải in một mặt, k&iacute;ch thước ngang 17cm x cao 12cm</p>\r\n<p>+ Ruột 2 tờ rời in một mặt, k&iacute;ch thước ngang 11,1cm x cao 16,1cm</p>\r\n<p>- Chất liệu: giấy Fort định lượng 200gsm, qu&yacute; kh&aacute;ch c&oacute; thể t&ugrave;y chọn th&ecirc;m nhiều loại giấy kh&aacute;c để tăng t&iacute;nh thẩm mỹ cho bộ thiệp như giấy v&acirc;n, giấy mỹ thuật, giấy camay,...</p>\r\n<p>- In m&agrave;u tr&ecirc;n m&aacute;y in kỹ thuật số Konica Minolta Nhật Bản</p>\r\n<p>- Thiết kế v&agrave; giao h&agrave;ng nhanh theo y&ecirc;u cầu.</p>', 0, 0, 817, '2021-05-10 15:17:01', '2023-02-04 09:18:48', 1, ' ', '', '', '', 0),
(27, NULL, NULL, 'Nhãn decal nhựa trong', 'nhan-decal-nhua-trong', '/source/SanPham/decal_nhuatrong/dd1.jpg', '/source/SanPham/decal_nhuatrong/dd2.jpg', NULL, 0, 0, 'Nhãn decal nhựa trong', '<p>In bằng chất liệu decal nhựa trong suốt, khi d&aacute;n l&ecirc;n sản phẩm như chai lọ, ly cốc sẽ nh&igrave;n thấy được m&agrave;u sắc v&agrave; sản phẩm b&ecirc;n trong.</p>', 0, 0, 804, '2021-05-11 09:17:19', NULL, 1, 'Nhãn decal nhựa trong', '', '', NULL, NULL),
(28, NULL, NULL, 'Nhãn decal giấy kraf', 'nhan-decal-giay-kraf', '/source/SanPham/decal_kraf/krfdd1.jpg', '/source/SanPham/decal_kraf/krfdd2.jpg', NULL, 0, 0, 'Nhãn decal giấy kraf', '<p>In bằng chất liệu giấy kraf n&acirc;u (decal giấy da b&ograve;), thường d&ugrave;ng cho c&aacute;c sản phẩm thi&ecirc;n nhi&ecirc;n, organic, bảo vệ m&ocirc;i trường.</p>', 1, 1, 996, '2021-05-11 09:25:16', '2021-05-17 11:25:40', 1, 'Nhãn decal giấy kraf', 'Nhãn decal giấy kraf', 'Nhãn decal giấy kraf', NULL, NULL),
(29, NULL, NULL, 'LỊch để bàn chữ A', 'lich-de-ban-chu-a', '/source/SanPham/lichban/lb1 (1).jpg', '/source/SanPham/lichban/lb4.jpg', NULL, 0, 0, 'LỊch để bàn chữ A', '<p>Lịch để bản chữ A c&aacute; nh&acirc;n h&oacute;a, in h&igrave;nh tuỳ th&iacute;ch, nhận in số lượng chỉ từ 1 quyển trở l&ecirc;n.</p>\r\n<p>In theo mẫu c&oacute; sẵn của c&ocirc;ng ty, h&igrave;nh ảnh tr&ecirc;n lịch thay bằng h&igrave;nh của kh&aacute;ch h&agrave;ng.</p>\r\n<p>C&aacute;c khổ lịch: 25x15cm, 20x15cm, 17x15cm v&agrave; 15x17cm.</p>\r\n<p>C&oacute; 3 loại giấy: couche 250gsm, Fo 250gsm v&agrave; giấy c&aacute;n v&acirc;n 250gsm.</p>\r\n<p>Đế chữ A c&oacute; thể t&ugrave;y chọn 1 trong c&aacute;c m&agrave;u: đen, xanh đậm, đỏ, x&aacute;m v&agrave; kraf n&acirc;u khi đặt h&agrave;ng.</p>', 0, 0, 2603, '2021-05-11 10:48:03', '2023-01-05 11:29:17', 1, 'LỊch để bàn chữ A', '', '', '', 0),
(30, NULL, NULL, 'Sách hướng dẫn sử dụng, 说明书', 'sach-huong-dan-su-dung-说明书', '/source/SanPham/manual/DD2.jpg', '/source/SanPham/manual/DD3.jpg', NULL, 0, 0, 'Sách hướng dẫn sử dụng', '<p>- S&aacute;ch hướng dẫn sử dụng</p>\r\n<p>- 说明书</p>\r\n<p>- User manual, Introduction manual</p>\r\n<p>In v&agrave; gia c&ocirc;ng tr&ecirc;n hệ thống m&aacute;y bắt li&ecirc;n v&agrave; đ&oacute;ng kim tự động, đảm bảo tiến độ sản xuất nhanh v&agrave; thời gian giao h&agrave;ng ch&iacute;nh x&aacute;c.</p>\r\n<p>&nbsp;</p>', 0, 0, 3374, '2021-05-11 14:11:43', '2021-05-11 14:17:24', 1, 'Sách hướng dẫn sử dụng', '', '', NULL, NULL),
(31, NULL, NULL, 'Sổ note lò xo', 'so-note-lo-xo', '/source/SanPham/sotay/loxo/dd1.jpg', '/source/SanPham/sotay/loxo/dd2.jpg', NULL, 0, 0, 'Sổ note lò xo', '<p>- Ruột in bằng giấy Fo70 hoặc Fo kem Nhật Bản</p>\r\n<p>- B&igrave;a bồi giấy cứng, đ&oacute;ng l&ograve; xo</p>', 0, 0, 887, '2021-05-11 15:52:47', NULL, 1, 'Sổ note lò xo', 'Sổ note lò xo, spiral book', 'Sổ note lò xo', NULL, NULL),
(32, NULL, NULL, 'Sách bìa cứng', 'sach-bia-cung', '/source/SanPham/sotay/biacung/dd1.jpg', '/source/SanPham/sotay/biacung/dd2.jpg', NULL, 0, 0, 'Sách bìa cứng', '<p>- Ruột kh&acirc;u chỉ hoặc đ&oacute;ng cuốn dạng mở phẳng</p>\r\n<p>- B&igrave;a cứng bồi giấy hoặc b&igrave;a da</p>', 0, 0, 930, '2021-05-11 16:00:01', NULL, 1, 'Sách bìa cứng', 'Sách bìa cứng', 'Sách bìa cứng', NULL, NULL),
(33, NULL, NULL, 'Tem nhãn mã vạch', 'tem-nhan-ma-vach', '/source/SanPham/decal_barcode/dd2.jpg', '/source/SanPham/decal_barcode/dd1.jpg', NULL, 0, 0, 'Tem nhãn mã vạch', '<p>- In tr&ecirc;n chất liệu decal giấy, c&oacute; thể in dạng tờ rời (số lượng &iacute;t) hoặc in dạng cuộn (số lượng nhiều hoặc d&aacute;n tr&ecirc;n m&aacute;y d&aacute;n nh&atilde;n tự động)</p>\r\n<p>&nbsp;</p>', 0, 0, 797, '2021-05-12 10:13:27', NULL, 1, 'Tem nhãn mã vạch', '', '', NULL, NULL),
(34, NULL, NULL, 'Decal bảo mật void', 'decal-bao-mat-void', '/source/SanPham/void/dd2.jpg', '/source/SanPham/void/dd1.jpg', NULL, 0, 0, 'Decal bảo mật void', '<p>Tem bảo mật chống gỡ (tem void, tamper evidence) l&agrave; một loại tem sau khi d&aacute;n l&ecirc;n sản phẩm, nếu lột ra sẽ để lại một phần nội dung ẩn tr&ecirc;n sản phẩm (thường l&agrave; chữ VOID).&nbsp;</p>\r\n<p>Loại tem n&agrave;y d&ugrave;ng cho việc kiểm so&aacute;t, quản l&yacute; h&agrave;ng ho&aacute;, khi tem bị lột ta sẽ biết h&agrave;ng h&oacute;a đ&atilde; bị b&ecirc;n thứ ba t&aacute;c động, can thiệp m&agrave; kh&ocirc;ng phải từ ph&iacute;a nh&agrave; sản xuất, doanh nghiệp. Cụ thể hơn, tem Void sẽ được d&aacute;n v&agrave;o bề mặt m&agrave; khi t&aacute;c động v&agrave;o sản phẩm sẽ hỏng tem, v&agrave; hiện l&ecirc;n d&ograve;ng chữ Void hoặc Void open.</p>\r\n<p>Khi đ&oacute; nh&agrave; sản xuất hay doanh nghiệp c&oacute; quyền chối bỏ bảo h&agrave;nh, sửa chữa&hellip; c&aacute;c trường hợp sản phẩm của m&igrave;nh khi tem c&oacute; biểu hiện của sự can thiệp tr&aacute;i ph&eacute;p l&ecirc;n sản phẩm.</p>', 1, 0, 1140, '2021-05-12 10:21:32', NULL, 1, 'Decal bảo mật void', '', '', NULL, NULL),
(35, NULL, NULL, 'Giấy tiêu đề, letterhead', 'giay-tieu-de-letterhead', '/source/SanPham/tieude/2.380x270px.jpg', '/source/SanPham/tieude/1.380x270px.jpg', NULL, 0, 0, 'Giấy tiêu đề, letterhead', '<ul>\r\n<li>K&iacute;ch thước th&agrave;nh phẩm : A4 (21 x 29.7cm)</li>\r\n<li>Qui c&aacute;ch:&nbsp;In 1 mặt, cắt th&agrave;nh phẩm.</li>\r\n<li>Chất liệu: giấy DoubleA, định lượng 80gsm</li>\r\n</ul>\r\n<h1 id=\"pro_name\" class=\"product-name section-title\"><span style=\"color: #3366ff; font-size: 14pt;\">BẢNG B&Aacute;O GI&Aacute; GIẤY TI&Ecirc;U ĐỀ</span></h1>\r\n<table style=\"outline: none; margin: 0px; padding: 0px; width: 100%;\" border=\"0\" cellspacing=\"1\" cellpadding=\"5\">\r\n<tbody style=\"outline: none; margin: 0px; padding: 0px;\">\r\n<tr style=\"outline: none; margin: 0px; padding: 0px; background-color: #9acd32;\">\r\n<td>SỐ LƯỢNG</td>\r\n<td>ĐƠN GI&Aacute; (VNĐ)</td>\r\n<td>TH&Agrave;NH TIỀN</td>\r\n</tr>\r\n<tr>\r\n<td>200 tờ</td>\r\n<td>1.850 đ</td>\r\n<td>370.000</td>\r\n</tr>\r\n<tr>\r\n<td>400 tờ</td>\r\n<td>1.600 đ</td>\r\n<td>640.000</td>\r\n</tr>\r\n<tr>\r\n<td>1.000 tờ</td>\r\n<td>1.200 đ</td>\r\n<td>1.200.000</td>\r\n</tr>\r\n<tr>\r\n<td>3.000 tờ</td>\r\n<td>750 đ</td>\r\n<td>2.250.000</td>\r\n</tr>\r\n<tr>\r\n<td>5.000 tờ</td>\r\n<td>580 Đ</td>\r\n<td>2.900.000</td>\r\n</tr>\r\n</tbody>\r\n</table>', 0, 0, 874, '2021-05-13 13:32:52', '2021-05-13 13:46:46', 1, 'Giấy tiêu đề, letterhead', '', '', NULL, NULL),
(36, NULL, NULL, 'Túi giấy', 'tui-giay', '/source/SanPham/tuigiay/1.380x270px.jpg', '/source/SanPham/tuigiay/2.380x270px.jpg', NULL, 0, 0, 'Túi giấy', '<p>C&aacute;c sản phẩm t&uacute;i giấy thường d&ugrave;ng tr&ecirc;n thị trường:</p>\r\n<p>- T&uacute;i giấy đựng sản phẩm, quần &aacute;o thời trang, qu&agrave; tặng</p>\r\n<p>- T&uacute;i giấy l&agrave;m bằng chất liệu giấy kraf n&acirc;u (giấy da b&ograve;)</p>\r\n<p><span style=\"color: #ff0000; font-size: 14pt;\"><strong>ĐẶC BIỆT NHẬN IN SỐ LƯỢNG &Iacute;T CHỈ TỪ 100 C&Aacute;I</strong></span></p>', 0, 0, 1834, '2021-05-13 13:38:29', '2021-12-07 09:43:03', 1, 'Túi giấy', 'túi giấy, túi xách giấy, paper bag', '', '', 0),
(37, NULL, NULL, 'Giấy khen,', 'giay-khen', '/source/SanPham/giaykhen/2.380x270px.jpg', '/source/SanPham/giaykhen/1.380x270px.jpg', NULL, 0, 0, 'Giấy khen,', '<p>- In tr&ecirc;n giấy Fort từ 150gsm đến 250gsm</p>\r\n<p>- C&oacute; thể in nội dung biến đổi theo danh s&aacute;ch file Excel</p>', 0, 0, 732, '2021-05-13 13:51:53', NULL, 1, 'Giấy khen,', '', '', NULL, NULL),
(38, NULL, NULL, 'Tem decal 7 màu', 'tem-decal-7-mau', '/source/SanPham/7mau/dd1.jpg', '/source/SanPham/7mau/dd2.jpg', NULL, 0, 0, 'Tem decal 7 màu', '<p>Decal 7 m&agrave;u l&agrave; loại decal c&oacute; bề mặt &aacute;nh kim, m&agrave;u sắc thay đổi lấp l&aacute;nh t&ugrave;y theo g&oacute;c nh&igrave;n.</p>\r\n<p>Decal 7 m&agrave;u thường được sử dụng để l&agrave;m tem bảo h&agrave;nh, tem ni&ecirc;m phong sản phẩm, tem chống h&agrave;ng giả v&igrave; tem 7 m&agrave;u kh&oacute; l&agrave;m giả v&agrave; sẽ bị hỏng nếu b&oacute;c khỏi sản phẩm, đảm bảo quyền lợi cho cả kh&aacute;ch h&agrave;ng v&agrave; doanh nghiệp sản xuất</p>', 0, 1, 1496, '2021-06-24 15:40:05', NULL, 1, 'tem 7 màu', 'tem 7 màu', 'tem 7 màu', NULL, NULL),
(39, NULL, NULL, 'Tem bảo hành, tem vỡ', 'tem-bao-hanh-tem-vo', '/source/SanPham/tembaohanh/bh2.jpg', '/source/SanPham/tembaohanh/bh1.jpg', NULL, 0, 0, 'Tem bảo hành, tem vỡ', '<p>Tem bảo h&agrave;nh sản phẩm được in bằng loại decal đặc biệt, thường gọi l&agrave; decal vỡ. Khi d&aacute;n l&ecirc;n sản phẩm th&igrave; kh&ocirc;ng thể lột ra được, nếu cố t&igrave;nh lột tem sẽ vỡ th&agrave;nh nhiều mảnh nhỏ như vậy nh&igrave;n v&agrave;o sẽ biết sản phẩm c&oacute; bị th&aacute;o gỡ, can thiệp tr&aacute;i ph&eacute;p hay chưa.</p>', 0, 0, 2141, '2021-06-24 15:51:43', NULL, 1, 'Tem bảo hành, tem vỡ', 'Tem bảo hành, tem vỡ', 'Tem bảo hành, tem vỡ', NULL, NULL),
(40, NULL, NULL, 'Folder, bìa sơ mi', 'folder-bia-so-mi', '/source/SanPham/folder/fd5.jpg', '/source/SanPham/folder/fd2.jpg', NULL, 0, 0, 'Folder, bìa sơ mi', '<p>B&igrave;a sơ mi hay c&ograve;n gọi l&agrave; kẹp file d&ugrave;ng để kẹp t&agrave;i liệu, hợp đồng, b&aacute;o gi&aacute;, l&agrave; sản phẩm kh&ocirc;ng thể thiếu trong bộ nhận dạng thương hiệu. Hiện nay để tiết kiệm chi ph&iacute;, kh&aacute;ch h&agrave;ng c&oacute; thể đặt in số lượng &iacute;t vừa đủ sử dụng, c&oacute; thể in v&agrave; giao h&agrave;ng ngay trong ng&agrave;y. Xin li&ecirc;n hệ với bộ phận kinh doanh để được tư vấn, b&aacute;o gi&aacute; sản phẩm.</p>\r\n<p>Nhận in tất cả c&aacute;c loại b&igrave;a sơ mi (folder) theo y&ecirc;u cầu, đặc biệt c&oacute; thể in số lượng &iacute;t v&agrave;i chục c&aacute;i phục vụ hội thảo, hội nghị hoặc tiếp kh&aacute;ch.</p>\r\n<p>C&aacute;c sản phẩm kh&aacute;c c&ugrave;ng loại:</p>\r\n<p>- B&igrave;a hồ sơ, kẹp file</p>\r\n<p>- B&igrave;a đựng văn bằng, chứng chỉ, quyết định bổ nhiệm</p>', 0, 0, 1198, '2021-06-24 16:52:19', '2021-07-12 16:15:43', 1, 'Folder, bìa sơ mi', '', '', '40,39,38,36,35', 10),
(41, NULL, NULL, 'Bao lì xì Tết 2023', 'bao-li-xi-tet-2023', '/source/SanPham/baolixi/blx5.jpg', '/source/SanPham/baolixi/blx3.jpg', NULL, 0, 0, '', '<p>BAO L&Igrave; X&Igrave; ĐỘC QUYỀN - IN THEO THIẾT KẾ RI&Ecirc;NG CỦA KH&Aacute;CH H&Agrave;NG</p>\r\n<p>- Nhận in số lượng &iacute;t chỉ từ 100 c&aacute;i, nhiều chất liệu giấy để qu&yacute; kh&aacute;ch chọn lựa</p>\r\n<p>- Th&agrave;nh phẩm &eacute;p nhũ, &eacute;p nổi, phủ UV cục bộ</p>\r\n<p>- In theo mẫu thiết kế của kh&aacute;ch h&agrave;ng</p>\r\n<p>- In nhanh lấy liền trong ng&agrave;y</p>\r\n<p>&nbsp;</p>\r\n<p><span style=\"color: #0000ff; font-size: 14pt;\"><strong>BẢNG GI&Aacute; BAO L&Igrave; X&Igrave; IN NHANH</strong></span></p>\r\n<p>Quy c&aacute;ch - k&iacute;ch thước:</p>\r\n<p>- Chất liệu: giấy kraft n&acirc;u da b&ograve; độ d&agrave;y 120gsm hoặc Fort 140gsm c&aacute;n v&acirc;n hoặc giấy Couche 150gsm c&aacute;n m&agrave;ng mờ/b&oacute;ng tuỳ y&ecirc;u cầu.<br />- In m&agrave;u 1 mặt<br />- K&iacute;ch thước sản phẩm: 8cm x 16cm x nắp 3cm.</p>\r\n<p>- Thời gian sản xuất: từ 1 đến 4 ng&agrave;y tuỳ theo số lượng đặt h&agrave;ng.</p>\r\n<table style=\"border-collapse: collapse; width: 100%;\" border=\"1\">\r\n<tbody>\r\n<tr style=\"height: 17px;\">\r\n<td style=\"width: 50%; text-align: center; height: 17px;\"><span style=\"color: #ff0000;\"><strong>SỐ LƯỢNG</strong></span></td>\r\n<td style=\"width: 50%; text-align: center; height: 17px;\"><span style=\"color: #ff0000;\"><strong>ĐƠN GI&Aacute;</strong></span></td>\r\n</tr>\r\n<tr style=\"height: 17px;\">\r\n<td style=\"width: 50%; text-align: center; height: 17px;\">100 c&aacute;i</td>\r\n<td style=\"width: 50%; text-align: center; height: 17px;\">4.750đ/c&aacute;i</td>\r\n</tr>\r\n<tr style=\"height: 17px;\">\r\n<td style=\"width: 50%; text-align: center; height: 17px;\">200 c&aacute;i</td>\r\n<td style=\"width: 50%; text-align: center; height: 17px;\">3.400đ/c&aacute;i</td>\r\n</tr>\r\n<tr style=\"height: 17px;\">\r\n<td style=\"width: 50%; text-align: center; height: 17px;\">300 c&aacute;i</td>\r\n<td style=\"width: 50%; text-align: center; height: 17px;\">3.030đ/c&aacute;i</td>\r\n</tr>\r\n<tr style=\"height: 17px;\">\r\n<td style=\"width: 50%; text-align: center; height: 17px;\">400 c&aacute;i</td>\r\n<td style=\"width: 50%; text-align: center; height: 17px;\">2.600đ/c&aacute;i</td>\r\n</tr>\r\n<tr style=\"height: 17px;\">\r\n<td style=\"width: 50%; text-align: center; height: 17px;\">500 c&aacute;i</td>\r\n<td style=\"width: 50%; text-align: center; height: 17px;\">2.440đ/c&aacute;i</td>\r\n</tr>\r\n<tr style=\"height: 17px;\">\r\n<td style=\"width: 50%; text-align: center; height: 17px;\">1.000 c&aacute;i</td>\r\n<td style=\"width: 50%; text-align: center; height: 17px;\">1.800đ/c&aacute;i</td>\r\n</tr>\r\n<tr style=\"height: 17px;\">\r\n<td style=\"width: 50%; text-align: center; height: 17px;\">2.000 c&aacute;i</td>\r\n<td style=\"width: 50%; text-align: center; height: 17px;\">1.590đ/c&aacute;i</td>\r\n</tr>\r\n<tr style=\"height: 17px;\">\r\n<td style=\"width: 50%; text-align: center; height: 17px;\">3.000 c&aacute;i</td>\r\n<td style=\"width: 50%; text-align: center; height: 17px;\">1.400đ/c&aacute;i</td>\r\n</tr>\r\n</tbody>\r\n</table>\r\n<p>&nbsp;</p>\r\n<div id=\"gtx-trans\" style=\"position: absolute; left: 459px; top: 231.4px;\">\r\n<div class=\"gtx-trans-icon\">&nbsp;</div>\r\n</div>', 1, 0, 3137, '2021-10-25 19:43:59', '2023-01-05 11:24:39', 1, 'Bao lì xì Tết 2023', '', '', '29', 0),
(42, NULL, NULL, 'LỊCH BÀN MINI', 'lich-ban-mini', '/source/SanPham/lich_mini/2023.jpg', '/source/SanPham/lich_mini/2023mini.jpg', NULL, 0, 0, 'Lịch bàn mini kích thước 7x7,5cm, nhỏ gọn, sang trọng, độc đáo!', '<p>Lịch b&agrave;n mini k&iacute;ch thước 8cm, nhỏ gọn, sang trọng, độc đ&aacute;o!</p>\r\n<p>Nhận in số lượng &iacute;t từ 12 cuốn trở l&ecirc;n theo nhu cầu kh&aacute;ch h&agrave;ng</p>\r\n<p><strong>Quy c&aacute;ch chuẩn:</strong></p>\r\n<p>- Đế lịch bồi giấy kraf n&acirc;u</p>\r\n<p>- Lịch 13 tờ 2 mặt, bộ số d&ugrave;ng chung theo thiết kế của An Nh&acirc;n, nội dung trang 1 v&agrave; mặt sau in theo thiết kế của kh&aacute;ch h&agrave;ng.</p>\r\n<p>- Giấy c&aacute;n v&acirc;n 200gsm, l&ograve; xo xi bạc.</p>\r\n<p>- Gi&aacute; đ&atilde; bao gồm hộp đựng.</p>\r\n<p>&nbsp;</p>\r\n<p>Bảng gi&aacute; tham khảo</p>\r\n<table style=\"height: 162px; width: 440px;\" border=\"1\">\r\n<tbody>\r\n<tr style=\"height: 18px;\">\r\n<td style=\"height: 18px; width: 186px; text-align: center;\"><strong>SỐ LƯỢNG</strong></td>\r\n<td style=\"height: 18px; width: 254px; text-align: center;\"><strong>GI&Aacute; TRỌN G&Oacute;I</strong></td>\r\n</tr>\r\n<tr style=\"height: 18px;\">\r\n<td style=\"height: 18px; width: 186px;\">12 cuốn</td>\r\n<td style=\"height: 18px; width: 254px;\">350.000đ</td>\r\n</tr>\r\n<tr style=\"height: 18px;\">\r\n<td style=\"height: 16px; width: 186px;\">24 cuốn</td>\r\n<td style=\"height: 16px; width: 254px;\">600.000đ</td>\r\n</tr>\r\n<tr style=\"height: 18px;\">\r\n<td style=\"height: 18px; width: 186px;\">36 cuốn</td>\r\n<td style=\"height: 18px; width: 254px;\">900.000đ</td>\r\n</tr>\r\n<tr style=\"height: 18px;\">\r\n<td style=\"height: 17px; width: 186px;\">48 cuốn</td>\r\n<td style=\"height: 17px; width: 254px;\">1.150.000đ</td>\r\n</tr>\r\n<tr style=\"height: 18px;\">\r\n<td style=\"height: 18px; width: 186px;\">60 cuốn</td>\r\n<td style=\"height: 18px; width: 254px;\">1.350.000đ</td>\r\n</tr>\r\n<tr style=\"height: 18px;\">\r\n<td style=\"height: 18px; width: 186px;\">72 cuốn</td>\r\n<td style=\"height: 18px; width: 254px;\">1.550.000đ</td>\r\n</tr>\r\n<tr style=\"height: 18px;\">\r\n<td style=\"height: 18px; width: 186px;\">84 cuốn</td>\r\n<td style=\"height: 18px; width: 254px;\">1.650.000đ</td>\r\n</tr>\r\n<tr style=\"height: 18px;\">\r\n<td style=\"height: 18px; width: 186px;\">96 cuốn</td>\r\n<td style=\"height: 18px; width: 254px;\">1.750.000đ</td>\r\n</tr>\r\n<tr style=\"height: 18px;\">\r\n<td style=\"width: 186px; height: 18px;\">200 cuốn</td>\r\n<td style=\"width: 254px; height: 18px;\">3.400.000đ</td>\r\n</tr>\r\n<tr style=\"height: 18px;\">\r\n<td style=\"width: 186px; height: 18px;\">300 cuốn</td>\r\n<td style=\"width: 254px; height: 18px;\">4.950.000đ</td>\r\n</tr>\r\n<tr style=\"height: 18px;\">\r\n<td style=\"width: 186px; height: 18px;\">500 cuốn</td>\r\n<td style=\"width: 254px; height: 18px;\">8.000.000đ</td>\r\n</tr>\r\n<tr style=\"height: 18px;\">\r\n<td style=\"width: 186px; height: 18px;\">1.000 cuốn</td>\r\n<td style=\"width: 254px; height: 18px;\">15.500.000đ</td>\r\n</tr>\r\n</tbody>\r\n</table>\r\n<p>&nbsp;</p>', 1, 0, 1806, '2021-11-10 15:03:40', '2022-11-28 14:48:36', 1, 'LỊCH BÀN MINI', 'Lịch để bàn Minu, Lịch An Nhân, In ấn Lịch', 'Lịch bàn mini kích thước 7x7,5cm, nhỏ gọn, sang trọng, độc đáo!', '41,29', 0),
(43, NULL, NULL, 'Standee', 'standee', '/source/SanPham/Standee/z4002673874272_ebca5dd3b3f6279a859ded09d89fb841.jpg', '/source/SanPham/Standee/z4002673874272_ebca5dd3b3f6279a859ded09d89fb841.jpg', NULL, 0, 0, 'Standee là một trong những vật tư dùng trong quảng cáo, marketing truyền thông.', '<p>Standee phần lớn được d&ugrave;ng trong việc quảng b&aacute; sản phẩm, thương hiệu của doanh nghiệp gi&uacute;p đưa h&igrave;nh ảnh của doanh nghiệp đến gần hơn với kh&aacute;ch h&agrave;ng. Ch&uacute;ng thường được sử dụng tại c&aacute;c hội nghị, buổi triển l&atilde;m, c&aacute;c chương tr&igrave;nh,... như một h&igrave;nh thức marketing trực tiếp v&agrave; mang lại hiệu quả cao.&nbsp;&nbsp;</p>\r\n<p>C&aacute;c loại standee thường gặp:&nbsp;</p>\r\n<p>Standee X:&nbsp;C&oacute; 2 k&iacute;ch thước ti&ecirc;u chuẩn l&agrave; 60x160cm v&agrave; 80x180cm. Một bộ bao gồm ch&acirc;n standee&nbsp;gồm 3 thanh sắt v&agrave; ch&acirc;n tr&ecirc;n l&agrave; 2 thanh nhựa đ&agrave;n hồi c&ugrave;ng với tấm pp k&egrave;m theo.</p>\r\n<p>Standee cuộn: C&oacute; 2 k&iacute;ch thước ti&ecirc;u chuẩn l&agrave;&nbsp;60x160cm v&agrave; 80x200cm. Ch&acirc;n loại n&agrave;y c&oacute; cấu tạo bao gồm:&nbsp;</p>\r\n<ul>\r\n<li>1 hộp chứa l&ograve; xo b&ecirc;n trong d&ugrave;ng để d&aacute;n cố định bản in v&agrave;o. Khi sử dụng bạn sẽ k&eacute;o bản in từ b&ecirc;n trong hộp ra để sử dụng.</li>\r\n<li>1 thanh chống được chia l&agrave;m 3 đoạn c&oacute; chức năng giữ bản in khi được căng l&ecirc;n trục. Khi kh&ocirc;ng c&ograve;n sử dụng c&oacute; thể k&eacute;o lại ngắn hơn.</li>\r\n<li>Thanh nẹp, d&ugrave;ng để gắn ở 1 đầu bản in gi&uacute;p cố định v&agrave; gắn tr&ecirc;n thanh chống khi sử dụng.</li>\r\n</ul>\r\n<p>Lưu &yacute;: N&ecirc;n đặt tấm PP c&oacute; k&iacute;ch thước tr&ugrave;ng với k&iacute;ch thước của ch&acirc;n standee.</p>', 0, 0, 240, '2022-12-31 16:34:13', '2023-02-02 17:12:58', 1, 'Standee đẹp', 'Standee đẹp mắt, ấn tượng', '', '', 0);
INSERT INTO `products` (`id`, `created_by`, `code`, `name`, `alias`, `image1`, `image2`, `video`, `original_price`, `price`, `caption`, `content`, `hot`, `best_seller`, `view`, `created_at`, `updated_at`, `status`, `title`, `keyword`, `description`, `related_products`, `audio`) VALUES
(44, NULL, NULL, 'BAO LÌ XÌ', 'bao-li-xi', '/source/SanPham/baolixi/12.png', '/source/SanPham/baolixi/5.png', NULL, 0, 0, 'Bao lì xì đẹp mắt, độc lạ, mang cá dâu ấn cá nhân. In bao lì xì với mọi số lượng, in nhanh, in chất lượng. ', '<p>BAO L&Igrave; X&Igrave; ĐỘC QUYỀN - IN THEO THIẾT KẾ RI&Ecirc;NG CỦA KH&Aacute;CH H&Agrave;NG</p>\r\n<p>- Nhận in số lượng &iacute;t chỉ từ 100 c&aacute;i, nhiều chất liệu giấy để qu&yacute; kh&aacute;ch chọn lựa</p>\r\n<p>- Th&agrave;nh phẩm &eacute;p nhũ, &eacute;p nổi, phủ UV cục bộ</p>\r\n<p>- In theo mẫu thiết kế của kh&aacute;ch h&agrave;ng</p>\r\n<p>- In nhanh lấy liền trong ng&agrave;y</p>\r\n<p>&nbsp;</p>\r\n<p><span style=\"color: #0000ff; font-size: 14pt;\"><strong>BẢNG GI&Aacute; BAO L&Igrave; X&Igrave; IN NHANH</strong></span></p>\r\n<p>Quy c&aacute;ch - k&iacute;ch thước:</p>\r\n<p>- Chất liệu: giấy kraft n&acirc;u da b&ograve; độ d&agrave;y 120gsm hoặc Fort 140gsm c&aacute;n v&acirc;n hoặc giấy Couche 150gsm c&aacute;n m&agrave;ng mờ/b&oacute;ng tuỳ y&ecirc;u cầu.<br />- In m&agrave;u 1 mặt<br />- K&iacute;ch thước sản phẩm: 8cm x 16cm x nắp 3cm.</p>\r\n<p>- Thời gian sản xuất: từ 1 đến 4 ng&agrave;y tuỳ theo số lượng đặt h&agrave;ng.</p>\r\n<table style=\"border-collapse: collapse; width: 100%;\" border=\"1\">\r\n<tbody>\r\n<tr style=\"height: 17px;\">\r\n<td style=\"width: 50%; text-align: center; height: 17px;\"><span style=\"color: #ff0000;\"><strong>SỐ LƯỢNG</strong></span></td>\r\n<td style=\"width: 50%; text-align: center; height: 17px;\"><span style=\"color: #ff0000;\"><strong>ĐƠN GI&Aacute;</strong></span></td>\r\n</tr>\r\n<tr style=\"height: 17px;\">\r\n<td style=\"width: 50%; text-align: center; height: 17px;\">100 c&aacute;i</td>\r\n<td style=\"width: 50%; text-align: center; height: 17px;\">4.750đ/c&aacute;i</td>\r\n</tr>\r\n<tr style=\"height: 17px;\">\r\n<td style=\"width: 50%; text-align: center; height: 17px;\">200 c&aacute;i</td>\r\n<td style=\"width: 50%; text-align: center; height: 17px;\">3.400đ/c&aacute;i</td>\r\n</tr>\r\n<tr style=\"height: 17px;\">\r\n<td style=\"width: 50%; text-align: center; height: 17px;\">300 c&aacute;i</td>\r\n<td style=\"width: 50%; text-align: center; height: 17px;\">3.030đ/c&aacute;i</td>\r\n</tr>\r\n<tr style=\"height: 17px;\">\r\n<td style=\"width: 50%; text-align: center; height: 17px;\">400 c&aacute;i</td>\r\n<td style=\"width: 50%; text-align: center; height: 17px;\">2.600đ/c&aacute;i</td>\r\n</tr>\r\n<tr style=\"height: 17px;\">\r\n<td style=\"width: 50%; text-align: center; height: 17px;\">500 c&aacute;i</td>\r\n<td style=\"width: 50%; text-align: center; height: 17px;\">2.440đ/c&aacute;i</td>\r\n</tr>\r\n<tr style=\"height: 17px;\">\r\n<td style=\"width: 50%; text-align: center; height: 17px;\">1.000 c&aacute;i</td>\r\n<td style=\"width: 50%; text-align: center; height: 17px;\">1.800đ/c&aacute;i</td>\r\n</tr>\r\n<tr style=\"height: 17px;\">\r\n<td style=\"width: 50%; text-align: center; height: 17px;\">2.000 c&aacute;i</td>\r\n<td style=\"width: 50%; text-align: center; height: 17px;\">1.590đ/c&aacute;i</td>\r\n</tr>\r\n<tr style=\"height: 17px;\">\r\n<td style=\"width: 50%; text-align: center; height: 17px;\">3.000 c&aacute;i</td>\r\n<td style=\"width: 50%; text-align: center; height: 17px;\">1.400đ/c&aacute;i</td>\r\n</tr>\r\n</tbody>\r\n</table>\r\n<p>&nbsp;</p>\r\n<div id=\"gtx-trans\" style=\"position: absolute; left: 459px; top: 231.4px;\">\r\n<div class=\"gtx-trans-icon\">&nbsp;</div>\r\n</div>', 0, 0, 249, '2023-01-05 11:22:46', '2023-01-05 11:24:46', 1, 'BAO LÌ XÌ ĐẸP, SANG TRỌNG', 'ĐẸP, SANG TRỌNG, MANG DẤU ẤN CÁ NHÂN', 'Tổng hợp các mẫu bao lì xì độc lạ của nhà An Nhân. In bao lì xì đẹp, sang trọng, được thiết kế tỉ mỉ không những đẹp mắt mà còn vô cùng ý nghĩa.', '', 0),
(45, NULL, NULL, 'LỊCH ĐỂ BÀN CHỮ A MỚI', 'lich-de-ban-chu-a-moi', '/source/SanPham/lichban/9.png', '/source/SanPham/lichban/1.png', NULL, 0, 0, 'Lịch để bàn chữ A gồm 2 phần là tờ lịch và đế. Với thiết kế nhỏ gọn nhưng vô cùng sang trọng.', '<p>Lịch để bản chữ A c&aacute; nh&acirc;n h&oacute;a, in h&igrave;nh tuỳ th&iacute;ch, nhận in số lượng chỉ từ 1 quyển trở l&ecirc;n.</p>\r\n<p>In theo mẫu c&oacute; sẵn của c&ocirc;ng ty, h&igrave;nh ảnh tr&ecirc;n lịch thay bằng h&igrave;nh của kh&aacute;ch h&agrave;ng.</p>\r\n<p>C&aacute;c khổ lịch: 25x15cm, 20x15cm, 17x15cm v&agrave; 15x17cm.</p>\r\n<p>C&oacute; 3 loại giấy: couche 250gsm, Fo 250gsm v&agrave; giấy c&aacute;n v&acirc;n 250gsm.</p>\r\n<p>Đế chữ A c&oacute; thể t&ugrave;y chọn 1 trong c&aacute;c m&agrave;u: đen, xanh đậm, đỏ, x&aacute;m v&agrave; kraf n&acirc;u khi đặt h&agrave;ng.</p>', 0, 0, 159, '2023-01-05 11:36:51', '2023-01-05 11:37:13', 1, 'LỊCH ĐỂ BÀN CHỮ A', 'LỊCH ĐỂ BÀN CHỮ A, LỊCH IN HÌNH CÁ NHÂN, IN HÌNH CÁ NHÂN, LỊCH ĐỂ BÀN', 'Lịch chữ A với thiết kế nhỏ gọn nhưng vô cùng sang trọng và đẹp mắt. Một món quà ý nghĩa dành tặng bạn bè, người thân, khách hàng, đối tác.', '', 0),
(46, NULL, NULL, 'Thiệp cưới mẫu C', 'thiep-cuoi-mau-c', '/source/hinh-anh/Thiep cuoi/Mẫu C/C0006_A.jpg', '/source/hinh-anh/Thiep cuoi/Mẫu C/C0009_A.jpg', NULL, 0, 0, 'Thiệp cưới đơn giản, tinh tế', '<p>C&ugrave;ng tạo n&ecirc;n điểm nhấn cho ng&agrave;y trọng đại của bạn bằng bộ thiệp cưới xinh xắn đến từ nh&agrave; An Nh&acirc;n nh&eacute;. Ch&uacute;ng tớ nhận thiết kế v&agrave; in theo y&ecirc;u cầu của kh&aacute;ch h&agrave;ng hoặc c&aacute;c d&acirc;u rể c&oacute; thể tham khảo to&agrave;n bộ thiệp mẫu của nh&agrave; An Nh&acirc;n tại website:&nbsp;<a href=\"https://thiepcuoiannhan.vn/\">https://thiepcuoiannhan.vn/</a>&nbsp;nh&eacute;!</p>\r\n<p><span style=\"font-size: 14pt;\"><strong><span style=\"color: #ff00ff;\">Quy c&aacute;ch chung của sản phẩm thiệp cưới mẫu khu&ocirc;n C:</span></strong></span></p>\r\n<p>- 1 bộ thiệp cơ bản gồm:&nbsp;</p>\r\n<p>+ 1 b&igrave;a thư in một mặt, k&iacute;ch thước ngang 18cm x cao 13,4cm</p>\r\n<p>+ Ruột 2 tờ rời in một mặt, k&iacute;ch thước ngang 11,1cm x cao 17,1cm</p>\r\n<p>- Chất liệu: giấy Fort định lượng 200gsm, qu&yacute; kh&aacute;ch c&oacute; thể t&ugrave;y chọn th&ecirc;m nhiều loại giấy kh&aacute;c để tăng t&iacute;nh thẩm mỹ cho bộ thiệp như giấy v&acirc;n, giấy mỹ thuật, giấy camay,...</p>\r\n<p>- In m&agrave;u tr&ecirc;n m&aacute;y in kỹ thuật số Konica Minolta Nhật Bản</p>\r\n<p>- Thiết kế v&agrave; giao h&agrave;ng nhanh theo y&ecirc;u cầu.</p>', 0, 0, 49, '2023-02-04 09:36:37', NULL, 1, 'Thiệp cưới mẫu C', '', '', '', 0),
(47, NULL, NULL, 'Thiệp cưới mẫu D', 'thiep-cuoi-mau-d', '/source/hinh-anh/Thiep cuoi/Mẫu D/D0015-B.jpg', '/source/hinh-anh/Thiep cuoi/Mẫu D/D0001.jpg', NULL, 0, 0, 'Thiệp cưới hiện đại, sang trọng, tnh tế, in hình dâu rể', '<p>C&ugrave;ng tạo n&ecirc;n điểm nhấn cho ng&agrave;y trọng đại của bạn bằng bộ thiệp cưới xinh xắn đến từ nh&agrave; An Nh&acirc;n nh&eacute;. Ch&uacute;ng tớ nhận thiết kế v&agrave; in theo y&ecirc;u cầu của kh&aacute;ch h&agrave;ng hoặc c&aacute;c d&acirc;u rể c&oacute; thể tham khảo to&agrave;n bộ thiệp mẫu của nh&agrave; An Nh&acirc;n tại website:&nbsp;<a href=\"https://thiepcuoiannhan.vn/\">https://thiepcuoiannhan.vn/</a>&nbsp;nh&eacute;!</p>\r\n<p><span style=\"font-size: 14pt;\"><strong><span style=\"color: #ff00ff;\">Quy c&aacute;ch chung của sản phẩm thiệp cưới mẫu khu&ocirc;n D:</span></strong></span></p>\r\n<p>- 1 bộ thiệp cơ bản gồm:&nbsp;</p>\r\n<p>+ 1 b&igrave;a thư in một mặt, k&iacute;ch thước ngang 12cm x cao 16,8cm</p>\r\n<p>+ Ruột 2 tờ rời in một mặt, k&iacute;ch thước ngang 10,7cm x cao 16,1cm</p>\r\n<p>- Chất liệu: giấy Fort định lượng 200gsm, qu&yacute; kh&aacute;ch c&oacute; thể t&ugrave;y chọn th&ecirc;m nhiều loại giấy kh&aacute;c để tăng t&iacute;nh thẩm mỹ cho bộ thiệp như giấy v&acirc;n, giấy mỹ thuật, giấy camay,...</p>\r\n<p>- In m&agrave;u tr&ecirc;n m&aacute;y in kỹ thuật số Konica Minolta Nhật Bản</p>\r\n<p>- Thiết kế v&agrave; giao h&agrave;ng nhanh theo y&ecirc;u cầu.</p>', 0, 0, 43, '2023-02-04 09:42:21', NULL, 1, 'Thiệp cưới mẫu D', '', '', '', 0),
(48, NULL, NULL, 'Thiệp cưới mẫu E', 'thiep-cuoi-mau-e', '/source/hinh-anh/Thiep cuoi/Mẫu E/E0012.jpg', '/source/hinh-anh/Thiep cuoi/Mẫu E/E0003.jpg', NULL, 0, 0, 'Thiệp cưới giấy vân mới, phong cách hiện đại pha truyền thống, tinh tế, đẹp mắt', '<p>C&ugrave;ng tạo n&ecirc;n điểm nhấn cho ng&agrave;y trọng đại của bạn bằng bộ thiệp cưới xinh xắn đến từ nh&agrave; An Nh&acirc;n nh&eacute;. Ch&uacute;ng tớ nhận thiết kế v&agrave; in theo y&ecirc;u cầu của kh&aacute;ch h&agrave;ng hoặc c&aacute;c d&acirc;u rể c&oacute; thể tham khảo to&agrave;n bộ thiệp mẫu của nh&agrave; An Nh&acirc;n tại website:&nbsp;<a href=\"https://thiepcuoiannhan.vn/\">https://thiepcuoiannhan.vn/</a>&nbsp;nh&eacute;!</p>\r\n<p><span style=\"font-size: 14pt;\"><strong><span style=\"color: #ff00ff;\">Quy c&aacute;ch chung của sản phẩm thiệp cưới mẫu khu&ocirc;n E:</span></strong></span></p>\r\n<p>- 1 bộ thiệp cơ bản gồm:&nbsp;</p>\r\n<p>+ 1 b&igrave;a thư in một mặt, k&iacute;ch thước ngang 22cm x cao 10,1cm</p>\r\n<p>+ Ruột 2 tờ rời in một mặt, k&iacute;ch thước ngang 9,1cm x cao 20,5cm</p>\r\n<p>- Chất liệu: giấy V&acirc;n định lượng 200gsm</p>\r\n<p>- In m&agrave;u tr&ecirc;n m&aacute;y in kỹ thuật số Konica Minolta Nhật Bản</p>\r\n<p>- Thiết kế v&agrave; giao h&agrave;ng nhanh theo y&ecirc;u cầu.</p>', 0, 0, 54, '2023-02-04 09:48:11', NULL, 1, 'Thiệp cưới mẫu E', '', '', '', 0),
(49, NULL, NULL, 'Thiệp cưới mẫu F', 'thiep-cuoi-mau-f', '/source/hinh-anh/Thiep cuoi/Mẫu F/F0013.jpg', '/source/hinh-anh/Thiep cuoi/Mẫu F/F0004.jpg', NULL, 0, 0, 'Thiệp cưới giấy vân mới, đẹp, sang trọng, tinh tế', '<p>C&ugrave;ng tạo n&ecirc;n điểm nhấn cho ng&agrave;y trọng đại của bạn bằng bộ thiệp cưới xinh xắn đến từ nh&agrave; An Nh&acirc;n nh&eacute;. Ch&uacute;ng tớ nhận thiết kế v&agrave; in theo y&ecirc;u cầu của kh&aacute;ch h&agrave;ng hoặc c&aacute;c d&acirc;u rể c&oacute; thể tham khảo to&agrave;n bộ thiệp mẫu của nh&agrave; An Nh&acirc;n tại website:&nbsp;<a href=\"https://thiepcuoiannhan.vn/\">https://thiepcuoiannhan.vn/</a>&nbsp;nh&eacute;!</p>\r\n<p><span style=\"font-size: 14pt;\"><strong><span style=\"color: #ff00ff;\">Quy c&aacute;ch chung của sản phẩm thiệp cưới mẫu khu&ocirc;n F:</span></strong></span></p>\r\n<p>- 1 bộ thiệp cơ bản gồm:&nbsp;</p>\r\n<p>+ 1 b&igrave;a thư in một mặt, k&iacute;ch thước ngang 11cm x cao 21cm</p>\r\n<p>+ Ruột 2 tờ rời in một mặt, k&iacute;ch thước ngang 10,1cm x cao 20,1cm</p>\r\n<p>- Chất liệu: giấy V&acirc;n định lượng 200gsm</p>\r\n<p>- In m&agrave;u tr&ecirc;n m&aacute;y in kỹ thuật số Konica Minolta Nhật Bản</p>\r\n<p>- Thiết kế v&agrave; giao h&agrave;ng nhanh theo y&ecirc;u cầu.</p>', 0, 0, 55, '2023-02-04 09:55:49', '2023-02-04 09:56:03', 1, 'Thiệp cưới mẫu F', '', '', '', 0),
(50, NULL, NULL, 'Thiệp cưới mẫu X', 'thiep-cuoi-mau-x', '/source/hinh-anh/Thiep cuoi/Mẫu X/X0019_ B.jpg', '/source/hinh-anh/Thiep cuoi/Mẫu X/X0001.jpg', NULL, 0, 0, 'Thiệp cưới độc lạ, mang đậm chất riêng', '<p>C&ugrave;ng tạo n&ecirc;n điểm nhấn cho ng&agrave;y trọng đại của bạn bằng bộ thiệp cưới xinh xắn đến từ nh&agrave; An Nh&acirc;n nh&eacute;. Ch&uacute;ng tớ nhận thiết kế v&agrave; in theo y&ecirc;u cầu của kh&aacute;ch h&agrave;ng hoặc c&aacute;c d&acirc;u rể c&oacute; thể tham khảo to&agrave;n bộ thiệp mẫu của nh&agrave; An Nh&acirc;n tại website:&nbsp;<a href=\"https://thiepcuoiannhan.vn/\">https://thiepcuoiannhan.vn/</a>&nbsp;nh&eacute;!</p>\r\n<p><span style=\"font-size: 14pt;\"><strong><span style=\"color: #ff00ff;\">Quy c&aacute;ch chung của sản phẩm thiệp cưới mẫu khu&ocirc;n X:</span></strong></span></p>\r\n<p>- Mẫu khu&ocirc;n X được thiết kế theo y&ecirc;u cầu, theo mong muốn của qu&yacute; kh&aacute;ch h&agrave;ng v&agrave; kh&ocirc;ng c&oacute; dạng khu&ocirc;n cố định.</p>\r\n<p>- Chất liệu: giấy v&acirc;n, giấy mỹ thuật, giấy fort, giấy camay,.... định lượng 200GSM</p>\r\n<p>- In m&agrave;u tr&ecirc;n m&aacute;y in kỹ thuật số Konica Minolta Nhật Bản</p>\r\n<p>- Thiết kế v&agrave; giao h&agrave;ng nhanh theo y&ecirc;u cầu.</p>', 0, 0, 66, '2023-02-04 10:09:30', '2023-02-04 10:11:44', 1, 'Thiệp cưới mẫu X', '', '', '', 0);

-- --------------------------------------------------------

--
-- Cấu trúc bảng cho bảng `product_categories`
--

CREATE TABLE IF NOT EXISTS `product_categories` (
  `id` int(3) UNSIGNED NOT NULL AUTO_INCREMENT,
  `parent_id` int(3) UNSIGNED DEFAULT '0',
  `name` varchar(255) COLLATE utf8_unicode_ci NOT NULL,
  `alias` varchar(255) COLLATE utf8_unicode_ci NOT NULL,
  `thumbnail` varchar(255) COLLATE utf8_unicode_ci DEFAULT NULL,
  `orders` int(3) UNSIGNED DEFAULT NULL,
  `caption` varchar(255) COLLATE utf8_unicode_ci DEFAULT NULL,
  `hot` tinyint(1) UNSIGNED NOT NULL DEFAULT '0',
  `status` tinyint(1) UNSIGNED NOT NULL DEFAULT '1',
  `title` varchar(255) COLLATE utf8_unicode_ci DEFAULT NULL,
  `keyword` varchar(255) COLLATE utf8_unicode_ci DEFAULT NULL,
  `description` varchar(255) COLLATE utf8_unicode_ci DEFAULT NULL,
  `calculate_id` int(11) DEFAULT '0',
  `order` int(11) DEFAULT '0',
  PRIMARY KEY (`id`)
) ENGINE=InnoDB AUTO_INCREMENT=37 DEFAULT CHARSET=utf8 COLLATE=utf8_unicode_ci;

--
-- Đang đổ dữ liệu cho bảng `product_categories`
--

INSERT INTO `product_categories` (`id`, `parent_id`, `name`, `alias`, `thumbnail`, `orders`, `caption`, `hot`, `status`, `title`, `keyword`, `description`, `calculate_id`, `order`) VALUES
(1, 0, 'Tem nhãn', 'tem-nhan', '/source/SanPham/sticker1.jpg', NULL, NULL, 0, 1, 'Tem nhãn', 'tem nhãn, sticker, tem dán, nhãn dán', 'Tem nhãn in nhanh và lấy trong ngày', 2, 1),
(2, 0, 'Thiệp cưới An Nhân', 'thiep-cuoi-an-nhan', '/source/SanPham/thiepcuoi/thiepcuoi1.jpg', NULL, NULL, 0, 1, 'Thiệp cưới An Nhân', 'Thiệp cưới An Nhân', 'Thiếp cưới An Nhân', 3, 2),
(3, 0, 'Danh thiếp', 'danh-thiep', '/source/SanPham/namecard/nx.jpg', NULL, NULL, 0, 1, 'Danh thiếp', 'danh thiếp, namecard', 'Danh thiếp in nhanh từ 1 hộp', 4, 4),
(4, 0, 'Tờ rơi, tờ gấp', 'to-roi-to-gap', '/source/SanPham/flyer/thumb.jpg', NULL, NULL, 0, 1, 'Tờrơi, tờ gấp', 'tời rơi, flyer', 'Tờ rơi, tờ gấp', 0, 7),
(7, 0, 'Brochure, Catalog', 'brochure-catalog', '/source/SanPham/catalog/cat_0.jpg', NULL, NULL, 0, 1, 'Catalog, brochure', 'Catalog, brochure', 'Catalog, brochure', 1, 6),
(11, 0, 'Hộp giấy', 'hop-giay', '/source/SanPham/hopgiay/hg1.jpg', NULL, NULL, 0, 1, 'Hộp giấy', 'Hộp giấy', 'Hộp giấy', 0, 11),
(12, 0, 'Túi giấy', 'tui-giay', '/source/SanPham/tuigiay/tg1.jpg', NULL, NULL, 0, 1, 'Túi giấy', 'Túi giấy', 'Túi giấy', 8, 12),
(15, 0, 'Voucher, phiếu quà tặng', 'voucher-phieu-qua-tang', '/source/SanPham/voucher/cat1.jpg', NULL, NULL, 0, 1, 'Voucher, phiếu quà tặng', 'Voucher, phiếu quà tặng', 'Voucher, phiếu quà tặng', 0, 14),
(17, 0, 'Menu quán ăn', 'menu-quan-an', '/source/SanPham/10966019081-6709_250x200.jpg', NULL, NULL, 0, 1, 'Menu quán ăn', 'Thực đơn', 'Thực đơn', 0, 10),
(18, 0, 'Sách hướng dẫn sử dụng', 'sach-huong-dan-su-dung', '/source/SanPham/manual/thumbmanual.jpg', NULL, NULL, 0, 1, 'Hướng dẫn sử dụng', 'Hướng dẫn sử dụng, user manual, 说明书', 'Hướng dẫn sử dụng, user manual', 0, 16),
(19, 0, 'Hóa đơn, biểu mẫu, phiếu thu chi', 'hoa-don-bieu-mau-phieu-thu-chi', '/source/SanPham/bieumau/thumb2.jpg', NULL, NULL, 0, 1, 'Hóa đơn, biểu mẫu, phiếu thu chi', 'Hóa đơn, biểu mẫu, phiếu thu chi', 'Hóa đơn, biểu mẫu, phiếu thu chi', 6, 8),
(26, 0, 'Sổ note, sách bìa cứng', 'so-note-sach-bia-cung', '/source/SanPham/sotay/thumn_sotay.jpg', NULL, NULL, 0, 1, 'Sổ note, sách bìa cứng', 'Sổ note, sách bìa cứng', 'Sổ note, sách bìa cứng', 0, 18),
(28, 0, 'Thẻ treo - hang tag', 'the-treo-hang-tag', '/source/SanPham/thetreo/Untitled-15.jpg', NULL, NULL, 0, 1, 'Thẻ treo - hang tag An Nhân', 'Thẻ treo, an nhân', 'Thẻ treo in ấn An nhân', 0, 15),
(29, 0, 'Bao thư, giấy tiêu đề', 'bao-thu-giay-tieu-de', '/source/SanPham/baothu/bt1.jpg', NULL, NULL, 0, 1, 'Bao thư, giấy tiêu đề', 'Bao thư, giấy tiêu đề', 'Bao thư, giấy tiêu đề', 5, 9),
(30, 0, 'Lịch để bàn', 'lich-de-ban', '/source/SanPham/lichban/Untitled-16.jpg', NULL, NULL, 0, 1, 'Lịch để bàn', 'Lịch để bàn', 'Lịch để bàn in nhanh chỉ từ 1 quyển, giao hàng trong ngày', 7, 19),
(31, 0, 'Bao lì xì Tết', 'bao-li-xi-tet', '/source/SanPham/baolixi/blxa.jpg', NULL, NULL, 0, 1, 'Bao lì xì Tết', 'Bao lì xì Tết', 'Bao lì xì Tết', 0, 20),
(32, 0, 'Folder, kẹp hồ sơ', 'folder-kep-ho-so', '/source/SanPham/folder/foler1.jpg', NULL, NULL, 0, 1, 'Folder, kẹp hồ sơ', 'Folder, kẹp hồ sơ', 'Folder, kẹp hồ sơ', 0, 13),
(33, 0, 'Thư mời, thiệp mời', 'thu-moi-thiep-moi', '/source/SanPham/danh-muc-5.jpg', NULL, NULL, 0, 1, 'Thư mời, thiệp mời', 'Thư mời, thiệp mời', 'Thư mời, thiệp mời', 0, 5),
(35, 0, 'Giấy khen, chứng chỉ', 'giay-khen-chung-chi', '/source/SanPham/giaykhen/thumbgk.jpg', NULL, NULL, 0, 1, 'Giấy khen, chứng chỉ', 'Giấy khen, chứng chỉ', 'Giấy khen, chứng chỉ', 0, 17),
(36, 0, 'Standee - Poster', 'standee-poster', '/source/SanPham/Standee/z4002673874272_ebca5dd3b3f6279a859ded09d89fb841.jpg', NULL, NULL, 0, 1, 'Standee - Poster', '', '', 0, 0);

-- --------------------------------------------------------

--
-- Cấu trúc bảng cho bảng `product_detail`
--

CREATE TABLE IF NOT EXISTS `product_detail` (
  `id` int(11) UNSIGNED NOT NULL AUTO_INCREMENT,
  `product_id` int(11) UNSIGNED NOT NULL,
  `size` varchar(50) COLLATE utf8_unicode_ci DEFAULT NULL,
  `color` varchar(50) COLLATE utf8_unicode_ci DEFAULT NULL,
  `options` text COLLATE utf8_unicode_ci,
  `quantity` int(4) NOT NULL DEFAULT '0',
  `original_price` bigint(20) DEFAULT '0',
  `price` bigint(20) DEFAULT '0',
  `status` tinyint(1) UNSIGNED DEFAULT '1',
  `image` varchar(255) COLLATE utf8_unicode_ci DEFAULT NULL,
  `created_at` datetime DEFAULT NULL,
  PRIMARY KEY (`id`)
) ENGINE=InnoDB DEFAULT CHARSET=utf8 COLLATE=utf8_unicode_ci;

-- --------------------------------------------------------

--
-- Cấu trúc bảng cho bảng `product_gallery`
--

CREATE TABLE IF NOT EXISTS `product_gallery` (
  `id` int(11) UNSIGNED NOT NULL AUTO_INCREMENT,
  `product_id` int(11) UNSIGNED DEFAULT NULL,
  `image` varchar(255) COLLATE utf8_unicode_ci NOT NULL,
  PRIMARY KEY (`id`)
) ENGINE=InnoDB AUTO_INCREMENT=391 DEFAULT CHARSET=utf8 COLLATE=utf8_unicode_ci COMMENT='hình ảnh của sản phẩm: mỗi sản phẩm có nhiều hình ảnh';

--
-- Đang đổ dữ liệu cho bảng `product_gallery`
--

INSERT INTO `product_gallery` (`id`, `product_id`, `image`) VALUES
(15, 10, '/source/hinh-anh/content/ve_giu_xe.jpg'),
(16, 11, '/source/SanPham/nhantreo_kraf.jpg'),
(17, 12, '/source/SanPham/nhantreo2.jpg'),
(21, 13, '/source/SanPham/tai-xuong-1-6399.jpg'),
(65, 17, '/source/SanPham/tem-nhan/temdecalxi2.png'),
(66, 17, '/source/SanPham/tem-nhan/temdecalxi.png'),
(67, 17, '/source/SanPham/intemdecaldebac-8376.jpg'),
(68, 17, '/source/SanPham/tem-nhan/temcaphe.jpg'),
(69, 17, '/source/SanPham/tem-nhan/tem3.jpg'),
(70, 3, '/source/SanPham/tem-nhan/z2469897267925_b663f681a2860a9e79da031e592768d5.jpg'),
(71, 3, '/source/SanPham/tem-nhan/z2469897261243_cdd5631e5870855ccb84342977f0c33a.jpg'),
(72, 3, '/source/SanPham/tem-nhan/z2469897249729_68b67d3740c1950ca483338167fde41a.jpg'),
(73, 3, '/source/SanPham/tem-nhan/z2469897241205_937b55bf0a43100a5fc69b744532c4fe.jpg'),
(74, 3, '/source/SanPham/tem-nhan/z2469897231823_05bddb4467434a0d7608eb4575d961b4.jpg'),
(108, 25, '/source/SanPham/NAMECARD__EP KIM/5.800x600px.jpg'),
(109, 25, '/source/SanPham/NAMECARD__EP KIM/4.800x600px.jpg'),
(110, 25, '/source/SanPham/NAMECARD__EP KIM/3.800x600px.jpg'),
(111, 25, '/source/SanPham/NAMECARD__EP KIM/2.800x600px.jpg'),
(112, 25, '/source/SanPham/NAMECARD__EP KIM/1.800x600px.jpg'),
(113, 21, '/source/SanPham/NAMECARD_NHUA/5.800x600px.jpg'),
(114, 21, '/source/SanPham/NAMECARD_NHUA/4.800x600px.jpg'),
(115, 21, '/source/SanPham/NAMECARD_NHUA/3.800x600px.jpg'),
(116, 21, '/source/SanPham/NAMECARD_NHUA/2.800x600px.jpg'),
(117, 21, '/source/SanPham/NAMECARD_NHUA/1.800x600px.jpg'),
(118, 20, '/source/SanPham/namecard/NAMECARD_C300/7.jpg'),
(119, 20, '/source/SanPham/namecard/NAMECARD_C300/6.jpg'),
(120, 20, '/source/SanPham/namecard/NAMECARD_C300/5.jpg'),
(121, 20, '/source/SanPham/namecard/NAMECARD_C300/4.jpg'),
(122, 20, '/source/SanPham/namecard/NAMECARD_C300/3.jpg'),
(123, 20, '/source/SanPham/namecard/NAMECARD_C300/2.jpg'),
(124, 20, '/source/SanPham/namecard/NAMECARD_C300/1.jpg'),
(125, 20, '/source/SanPham/namecard/NAMECARD_C300/1.800x600px.jpg'),
(126, 22, '/source/SanPham/namecard/NAMECARD_MYTHUAT/giaymythuat2.jpg'),
(127, 22, '/source/SanPham/namecard/NAMECARD_MYTHUAT/giaymythuat.jpg'),
(128, 22, '/source/SanPham/namecard/NAMECARD_MYTHUAT/5.800x600px-01.jpg'),
(129, 22, '/source/SanPham/namecard/NAMECARD_MYTHUAT/4.800x600px-01.jpg'),
(130, 22, '/source/SanPham/namecard/NAMECARD_MYTHUAT/3.jpg'),
(131, 22, '/source/SanPham/namecard/NAMECARD_MYTHUAT/2.jpg'),
(132, 22, '/source/SanPham/namecard/NAMECARD_MYTHUAT/2.800x600px-01.jpg'),
(133, 22, '/source/SanPham/namecard/NAMECARD_MYTHUAT/1.jpg'),
(134, 22, '/source/SanPham/namecard/NAMECARD_MYTHUAT/1.800x600px.jpg'),
(135, 22, '/source/SanPham/namecard/NAMECARD_MYTHUAT/1.380x270px.jpg'),
(136, 15, '/source/danh-muc/Voucher.jpg'),
(137, 15, '/source/SanPham/voucher/vc7.jpg'),
(138, 15, '/source/SanPham/voucher/vc6.jpg'),
(139, 15, '/source/SanPham/voucher/vc5.jpg'),
(140, 15, '/source/SanPham/voucher/vc4.jpg'),
(141, 15, '/source/SanPham/voucher/vc3.jpg'),
(146, 23, '/source/SanPham/catalog/cat_43.jpg'),
(147, 23, '/source/SanPham/catalog/cat_4.jpg'),
(148, 23, '/source/SanPham/catalog/cat_3.jpg'),
(149, 23, '/source/SanPham/catalog/cat_2.jpg'),
(150, 23, '/source/SanPham/catalog/cat_1.jpg'),
(151, 8, '/source/SanPham/flyer/f6.jpg'),
(152, 8, '/source/SanPham/flyer/f5.jpg'),
(153, 8, '/source/SanPham/flyer/f4.jpg'),
(154, 8, '/source/SanPham/flyer/f3.jpg'),
(155, 8, '/source/SanPham/flyer/f2.jpg'),
(156, 8, '/source/SanPham/flyer/f1.jpg'),
(157, 27, '/source/SanPham/decal_nhuatrong/f4.jpg'),
(158, 27, '/source/SanPham/decal_nhuatrong/f3.jpg'),
(159, 27, '/source/SanPham/decal_nhuatrong/f2.jpg'),
(160, 27, '/source/SanPham/decal_nhuatrong/f1.jpg'),
(161, 28, '/source/SanPham/decal_kraf/krf4.jpg'),
(162, 28, '/source/SanPham/decal_kraf/krf3.jpg'),
(163, 28, '/source/SanPham/decal_kraf/krf2.jpg'),
(164, 28, '/source/SanPham/decal_kraf/krf1.jpg'),
(169, 30, '/source/SanPham/manual/6.jpg'),
(170, 30, '/source/SanPham/manual/5.jpg'),
(171, 30, '/source/SanPham/manual/4.jpg'),
(172, 30, '/source/SanPham/manual/3.jpg'),
(173, 30, '/source/SanPham/manual/2.jpg'),
(174, 30, '/source/SanPham/manual/1.jpg'),
(175, 14, '/source/SanPham/bieumau/6.jpg'),
(176, 14, '/source/SanPham/bieumau/5.jpg'),
(177, 14, '/source/SanPham/bieumau/4.jpg'),
(178, 14, '/source/SanPham/bieumau/3.jpg'),
(179, 14, '/source/SanPham/bieumau/2.jpg'),
(180, 14, '/source/SanPham/bieumau/1.jpg'),
(191, 32, '/source/SanPham/sotay/biacung/3.jpg'),
(192, 32, '/source/SanPham/sotay/biacung/6.jpg'),
(193, 32, '/source/SanPham/sotay/biacung/5.jpg'),
(194, 32, '/source/SanPham/sotay/biacung/4.jpg'),
(195, 32, '/source/SanPham/sotay/biacung/2.jpg'),
(208, 4, '/source/SanPham/decal_nhuatrang/4.png'),
(209, 4, '/source/SanPham/decal_nhuatrang/3.png'),
(210, 4, '/source/SanPham/decal_nhuatrang/2.png'),
(211, 4, '/source/SanPham/decal_nhuatrang/1.png'),
(212, 4, '/source/SanPham/decal_nhuatrang/1.jpg'),
(213, 33, '/source/SanPham/decal_barcode/5.jpg'),
(214, 33, '/source/SanPham/decal_barcode/4.jpg'),
(215, 33, '/source/SanPham/decal_barcode/2.jpg'),
(216, 33, '/source/SanPham/decal_barcode/1.jpg'),
(217, 34, '/source/SanPham/void/2.jpg'),
(218, 34, '/source/SanPham/void/1.jpg'),
(235, 31, '/source/SanPham/sotay/loxo/9.jpg'),
(236, 31, '/source/SanPham/sotay/loxo/8.jpg'),
(237, 31, '/source/SanPham/sotay/loxo/7.jpg'),
(238, 31, '/source/SanPham/sotay/loxo/6.jpg'),
(239, 31, '/source/SanPham/sotay/loxo/5.jpg'),
(240, 31, '/source/SanPham/sotay/loxo/4.jpg'),
(241, 31, '/source/SanPham/sotay/loxo/3.jpg'),
(242, 31, '/source/SanPham/sotay/loxo/2.jpg'),
(243, 31, '/source/SanPham/sotay/loxo/10.jpg'),
(244, 31, '/source/SanPham/sotay/loxo/1.jpg'),
(245, 31, '/source/SanPham/sotay/loxo/Untitled-2.jpg'),
(246, 31, '/source/SanPham/sotay/loxo/7.jpg'),
(247, 35, '/source/SanPham/tieude/5.800x600px.jpg'),
(248, 35, '/source/SanPham/tieude/4.800x600px.jpg'),
(249, 35, '/source/SanPham/tieude/3.800x600px.jpg'),
(250, 35, '/source/SanPham/tieude/2.800x600px.jpg'),
(251, 35, '/source/SanPham/tieude/1.800x600px.jpg'),
(252, 36, '/source/SanPham/tuigiay/5.800x600px.jpg'),
(253, 36, '/source/SanPham/tuigiay/4.800x600px.jpg'),
(254, 36, '/source/SanPham/tuigiay/3.800x600px.jpg'),
(255, 36, '/source/SanPham/tuigiay/2.800x600px.jpg'),
(256, 36, '/source/SanPham/tuigiay/1.800x600px.jpg'),
(257, 37, '/source/SanPham/giaykhen/5.800x600px.jpg'),
(258, 37, '/source/SanPham/giaykhen/4.800x600px.jpg'),
(259, 37, '/source/SanPham/giaykhen/3.800x600px.jpg'),
(260, 37, '/source/SanPham/giaykhen/2.800x600px.jpg'),
(261, 38, '/source/SanPham/7mau/7m3.jpg'),
(262, 38, '/source/SanPham/7mau/7m2.jpg'),
(263, 38, '/source/SanPham/7mau/7m1.jpg'),
(264, 39, '/source/SanPham/tembaohanh/3bh.jpg'),
(265, 39, '/source/SanPham/tembaohanh/2bh.jpg'),
(266, 39, '/source/SanPham/tembaohanh/1bh.jpg'),
(267, 6, '/source/SanPham/hopgiay/3hg.jpg'),
(268, 6, '/source/SanPham/hopgiay/2hg.jpg'),
(269, 6, '/source/SanPham/hopgiay/1hg.jpg'),
(271, 40, '/source/SanPham/folder/1fd.jpg'),
(272, 40, '/source/SanPham/folder/2fd.jpg'),
(273, 9, '/source/danh-muc/Menu-3.jpg'),
(274, 9, '/source/SanPham/menu/menu5.jpg'),
(275, 9, '/source/SanPham/menu/menu3.jpg'),
(276, 9, '/source/SanPham/menu/menu2.jpg'),
(277, 9, '/source/SanPham/menu/menu1.jpg'),
(278, 41, '/source/SanPham/baolixi/blx6.jpg'),
(279, 41, '/source/SanPham/baolixi/blx5.jpg'),
(280, 41, '/source/SanPham/baolixi/blx4.jpg'),
(281, 41, '/source/SanPham/baolixi/blx3.jpg'),
(282, 41, '/source/SanPham/baolixi/blx2.jpg'),
(288, 42, '/source/SanPham/lich_mini/4 (1).jpg'),
(289, 42, '/source/SanPham/lich_mini/3.jpg'),
(290, 42, '/source/SanPham/lich_mini/3 (1).jpg'),
(291, 42, '/source/SanPham/lich_mini/2023mini.jpg'),
(292, 42, '/source/SanPham/lich_mini/2023.jpg'),
(293, 42, '/source/SanPham/lich_mini/2.jpg'),
(294, 42, '/source/SanPham/lich_mini/2 (1).jpg'),
(295, 42, '/source/SanPham/lich_mini/1 (1).jpg'),
(296, 29, '/source/SanPham/lichban/lb2 (1).jpg'),
(297, 29, '/source/SanPham/lichban/lb1 (1).jpg'),
(298, 29, '/source/SanPham/lichban/lb4.jpg'),
(299, 29, '/source/SanPham/lichban/Untitled-6.jpg'),
(300, 29, '/source/SanPham/lichban/Untitled-7.jpg'),
(301, 29, '/source/SanPham/lichban/Untitled-16.jpg'),
(307, 43, '/source/SanPham/Standee/z4002673990082_94adebb0ffcc5e2068905cacd0d4c5c3.jpg'),
(308, 43, '/source/SanPham/Standee/z4002673878539_a2b3c26cadf9d8b30a1a127d73773c47.jpg'),
(309, 43, '/source/SanPham/Standee/z4002673877641_608d2de293f05455bc4410003f67f692.jpg'),
(310, 43, '/source/SanPham/Standee/z4002673874272_ebca5dd3b3f6279a859ded09d89fb841.jpg'),
(311, 43, '/source/SanPham/Standee/z4002673872735_24da652e5ef5f69164b0f0facb030858.jpg'),
(312, 43, '/source/SanPham/Standee/z4002673871482_ad751fab8351c047ebcdd4c3a84a6f3f.jpg'),
(313, 44, '/source/SanPham/baolixi/9.png'),
(314, 44, '/source/SanPham/baolixi/8.png'),
(315, 44, '/source/SanPham/baolixi/7.png'),
(316, 44, '/source/SanPham/baolixi/6.png'),
(317, 44, '/source/SanPham/baolixi/5.png'),
(318, 44, '/source/SanPham/baolixi/4.png'),
(319, 44, '/source/SanPham/baolixi/13.png'),
(320, 44, '/source/SanPham/baolixi/12.png'),
(321, 44, '/source/SanPham/baolixi/1.png'),
(322, 45, '/source/SanPham/lichban/9.png'),
(323, 45, '/source/SanPham/lichban/7.png'),
(324, 45, '/source/SanPham/lichban/6.png'),
(325, 45, '/source/SanPham/lichban/5.png'),
(326, 45, '/source/SanPham/lichban/4.png'),
(327, 45, '/source/SanPham/lichban/3.png'),
(328, 45, '/source/SanPham/lichban/2.png'),
(329, 45, '/source/SanPham/lichban/1.png'),
(330, 50, '/source/hinh-anh/Thiep cuoi/Mẫu X/X00015_B.jpg'),
(331, 50, '/source/hinh-anh/Thiep cuoi/Mẫu X/X0002.jpg'),
(332, 50, '/source/hinh-anh/Thiep cuoi/Mẫu X/X0009_ A.jpg'),
(333, 50, '/source/hinh-anh/Thiep cuoi/Mẫu X/X0008_ B.jpg'),
(334, 50, '/source/hinh-anh/Thiep cuoi/Mẫu X/X0006_ B.jpg'),
(335, 50, '/source/hinh-anh/Thiep cuoi/Mẫu X/X0005_ A.jpg'),
(336, 50, '/source/hinh-anh/Thiep cuoi/Mẫu X/X00014_B.jpg'),
(337, 50, '/source/hinh-anh/Thiep cuoi/Mẫu X/X00012_ c (1).jpg'),
(338, 50, '/source/hinh-anh/Thiep cuoi/Mẫu X/X00011_ a.jpg'),
(339, 50, '/source/hinh-anh/Thiep cuoi/Mẫu X/X00010_ B (1).jpg'),
(340, 49, '/source/hinh-anh/Thiep cuoi/Mẫu F/F0006.jpg'),
(341, 49, '/source/hinh-anh/Thiep cuoi/Mẫu F/F0018.jpg'),
(342, 49, '/source/hinh-anh/Thiep cuoi/Mẫu F/F0015.jpg'),
(343, 49, '/source/hinh-anh/Thiep cuoi/Mẫu F/F0014.jpg'),
(344, 49, '/source/hinh-anh/Thiep cuoi/Mẫu F/F0012_B.jpg'),
(345, 49, '/source/hinh-anh/Thiep cuoi/Mẫu F/F0007_B.jpg'),
(346, 49, '/source/hinh-anh/Thiep cuoi/Mẫu F/F0003_mk.jpg'),
(347, 49, '/source/hinh-anh/Thiep cuoi/Mẫu F/F0002-D.jpg'),
(348, 49, '/source/hinh-anh/Thiep cuoi/Mẫu F/F0001-C.jpg'),
(349, 48, '/source/hinh-anh/Thiep cuoi/Mẫu E/E0011-B.jpg'),
(350, 48, '/source/hinh-anh/Thiep cuoi/Mẫu E/E0009.jpg'),
(351, 48, '/source/hinh-anh/Thiep cuoi/Mẫu E/E0008_B.jpg'),
(352, 48, '/source/hinh-anh/Thiep cuoi/Mẫu E/E0007_B.jpg'),
(353, 48, '/source/hinh-anh/Thiep cuoi/Mẫu E/E0007.jpg'),
(354, 48, '/source/hinh-anh/Thiep cuoi/Mẫu E/E0005.jpg'),
(355, 48, '/source/hinh-anh/Thiep cuoi/Mẫu E/E0004_B.jpg'),
(356, 48, '/source/hinh-anh/Thiep cuoi/Mẫu E/E0002.jpg'),
(357, 48, '/source/hinh-anh/Thiep cuoi/Mẫu E/E0001.jpg'),
(358, 47, '/source/hinh-anh/Thiep cuoi/Mẫu D/D0045-A.jpg'),
(359, 47, '/source/hinh-anh/Thiep cuoi/Mẫu D/D0057_c.png'),
(360, 47, '/source/hinh-anh/Thiep cuoi/Mẫu D/D0056-b.jpg'),
(361, 47, '/source/hinh-anh/Thiep cuoi/Mẫu D/D0050-B.jpg'),
(362, 47, '/source/hinh-anh/Thiep cuoi/Mẫu D/D0012-B.jpg'),
(363, 47, '/source/hinh-anh/Thiep cuoi/Mẫu D/D0006.jpg'),
(364, 47, '/source/hinh-anh/Thiep cuoi/Mẫu D/D0004_copy.jpg'),
(365, 47, '/source/hinh-anh/Thiep cuoi/Mẫu D/D0003.jpg'),
(366, 46, '/source/hinh-anh/Thiep cuoi/Mẫu C/C0012 - A.jpg'),
(367, 46, '/source/hinh-anh/Thiep cuoi/Mẫu C/C0011 - a.jpg'),
(368, 46, '/source/hinh-anh/Thiep cuoi/Mẫu C/C0008 -B.jpg'),
(369, 46, '/source/hinh-anh/Thiep cuoi/Mẫu C/C0005_copy.jpg'),
(370, 46, '/source/hinh-anh/Thiep cuoi/Mẫu C/C0004  B.jpg'),
(371, 46, '/source/hinh-anh/Thiep cuoi/Mẫu C/C0003_ A.jpg'),
(372, 46, '/source/hinh-anh/Thiep cuoi/Mẫu C/C0002.jpg'),
(373, 46, '/source/hinh-anh/Thiep cuoi/Mẫu C/C0001_copy.jpg'),
(374, 26, '/source/hinh-anh/Thiep cuoi/Mẫu B/B0039.jpg'),
(375, 26, '/source/hinh-anh/Thiep cuoi/Mẫu B/B0023.jpg'),
(376, 26, '/source/hinh-anh/Thiep cuoi/Mẫu B/B0022.jpg'),
(377, 26, '/source/hinh-anh/Thiep cuoi/Mẫu B/B0013.jpg'),
(378, 26, '/source/hinh-anh/Thiep cuoi/Mẫu B/B0012.jpg'),
(379, 26, '/source/hinh-anh/Thiep cuoi/Mẫu B/B0009.jpg'),
(380, 26, '/source/hinh-anh/Thiep cuoi/Mẫu B/B0003_copy.jpg'),
(381, 26, '/source/hinh-anh/Thiep cuoi/Mẫu B/B0001.jpg'),
(382, 18, '/source/hinh-anh/Thiep cuoi/Mẫu A/A0063_C.jpg'),
(383, 18, '/source/hinh-anh/Thiep cuoi/Mẫu A/A0049_ b.jpg'),
(384, 18, '/source/hinh-anh/Thiep cuoi/Mẫu A/A0044_ B.jpg'),
(385, 18, '/source/hinh-anh/Thiep cuoi/Mẫu A/A0042_c.jpg'),
(386, 18, '/source/hinh-anh/Thiep cuoi/Mẫu A/A0028_A.jpg'),
(387, 18, '/source/hinh-anh/Thiep cuoi/Mẫu A/A0022.jpg'),
(388, 18, '/source/hinh-anh/Thiep cuoi/Mẫu A/A0021_B.jpg'),
(389, 18, '/source/hinh-anh/Thiep cuoi/Mẫu A/A0006_E.jpg'),
(390, 18, '/source/hinh-anh/Thiep cuoi/Mẫu A/A0002_A.jpg');

-- --------------------------------------------------------

--
-- Cấu trúc bảng cho bảng `product_wholesale`
--

CREATE TABLE IF NOT EXISTS `product_wholesale` (
  `id` int(11) UNSIGNED NOT NULL AUTO_INCREMENT,
  `product_id` int(11) UNSIGNED NOT NULL,
  `product_size` varchar(20) COLLATE utf8_unicode_ci DEFAULT NULL,
  `from_quantity` int(4) UNSIGNED NOT NULL DEFAULT '1',
  `to_quantity` int(4) DEFAULT NULL,
  `price` bigint(20) NOT NULL,
  `created_at` datetime DEFAULT NULL,
  PRIMARY KEY (`id`)
) ENGINE=InnoDB AUTO_INCREMENT=286 DEFAULT CHARSET=utf8 COLLATE=utf8_unicode_ci;

--
-- Đang đổ dữ liệu cho bảng `product_wholesale`
--

INSERT INTO `product_wholesale` (`id`, `product_id`, `product_size`, `from_quantity`, `to_quantity`, `price`, `created_at`) VALUES
(7, 50, 'L', 1, 100, 80000, NULL),
(8, 50, 'L', 101, 200, 70000, NULL),
(9, 50, 'L', 201, 0, 60000, NULL),
(10, 50, 'M', 1, 50, 80000, NULL),
(11, 50, 'M', 51, 70, 70000, NULL),
(12, 50, 'M', 71, 0, 60000, NULL),
(13, 50, 'S', 1, 70, 80000, NULL),
(14, 50, 'S', 71, 100, 70000, NULL),
(15, 50, 'S', 101, 0, 60000, NULL),
(16, 51, 'M', 1, 30, 200000, NULL),
(17, 51, 'M', 31, 40, 150000, NULL),
(18, 51, 'M', 41, 0, 100000, NULL),
(19, 51, 'S', 1, 20, 250000, NULL),
(20, 51, 'S', 21, 30, 200000, NULL),
(21, 51, 'S', 31, 0, 50000, NULL),
(22, 52, 'SizeFree', 1, 9, 35000, NULL),
(23, 52, 'SizeFree', 10, 39, 25000, NULL),
(24, 52, 'SizeFree', 40, 0, 21000, NULL),
(25, 53, 'SizeFree', 1, 9, 10000, NULL),
(26, 53, 'SizeFree', 10, 199, 5000, NULL),
(27, 53, 'SizeFree', 200, 0, 3750, NULL),
(28, 54, 'SizeFree', 1, 9, 35000, NULL),
(29, 54, 'SizeFree', 10, 39, 26000, NULL),
(30, 54, 'SizeFree', 40, 0, 23000, NULL),
(31, 60, 'SizeFree', 1, 9, 29000, NULL),
(32, 60, 'SizeFree', 10, 39, 24000, NULL),
(33, 60, 'SizeFree', 40, 0, 18000, NULL),
(34, 65, 'SizeFree', 1, 9, 23000, NULL),
(35, 65, 'SizeFree', 10, 39, 19000, NULL),
(36, 65, 'SizeFree', 40, 0, 15000, NULL),
(37, 66, 'SizeFree', 1, 9, 23000, NULL),
(38, 66, 'SizeFree', 10, 39, 19000, NULL),
(39, 66, 'SizeFree', 40, 0, 14500, NULL),
(40, 67, 'L', 1, 9, 23000, NULL),
(41, 67, 'L', 10, 39, 19000, NULL),
(42, 67, 'L', 40, 0, 15000, NULL),
(43, 67, 'M', 1, 9, 23000, NULL),
(44, 67, 'M', 10, 39, 19000, NULL),
(45, 67, 'M', 40, 0, 15000, NULL),
(46, 68, 'SizeFree', 1, 9, 22000, NULL),
(47, 68, 'SizeFree', 10, 39, 18000, NULL),
(48, 68, 'SizeFree', 40, 0, 14000, NULL),
(49, 69, 'SizeFree', 1, 9, 23000, NULL),
(50, 69, 'SizeFree', 10, 39, 19000, NULL),
(51, 69, 'SizeFree', 40, 0, 14500, NULL),
(52, 70, 'SizeFree', 1, 9, 19000, NULL),
(53, 70, 'SizeFree', 10, 39, 16000, NULL),
(54, 70, 'SizeFree', 40, 0, 12500, NULL),
(55, 71, 'SizeFree', 1, 9, 23000, NULL),
(56, 71, 'SizeFree', 10, 39, 19000, NULL),
(57, 71, 'SizeFree', 40, 0, 15000, NULL),
(58, 59, 'SizeFree', 1, 9, 75000, NULL),
(59, 59, 'SizeFree', 10, 39, 60000, NULL),
(60, 59, 'SizeFree', 40, 0, 49000, NULL),
(61, 55, 'FreeSize', 1, 9, 28000, NULL),
(62, 55, 'FreeSize', 10, 39, 23000, NULL),
(63, 55, 'FreeSize', 40, 0, 19000, NULL),
(64, 58, 'SizeFree', 1, 9, 25000, NULL),
(65, 58, 'SizeFree', 10, 39, 20000, NULL),
(66, 58, 'SizeFree', 40, 0, 15500, NULL),
(70, 61, 'SizeFree', 1, 9, 23000, NULL),
(71, 61, 'SizeFree', 10, 39, 19000, NULL),
(72, 61, 'SizeFree', 40, 0, 15000, NULL),
(73, 62, 'SizeFree', 1, 9, 21000, NULL),
(74, 62, 'SizeFree', 10, 39, 17000, NULL),
(75, 62, 'SizeFree', 40, 0, 13500, NULL),
(76, 63, 'SizeFree', 1, 9, 21000, NULL),
(77, 63, 'SizeFree', 10, 39, 17000, NULL),
(78, 63, 'SizeFree', 40, 0, 13500, NULL),
(79, 64, 'SizeFree', 1, 9, 23000, NULL),
(80, 64, 'SizeFree', 10, 39, 19000, NULL),
(81, 64, 'SizeFree', 40, 0, 15000, NULL),
(82, 72, 'SizeFree', 1, 9, 22000, NULL),
(83, 72, 'SizeFree', 10, 39, 18000, NULL),
(84, 72, 'SizeFree', 40, 0, 14000, NULL),
(85, 73, 'SizeFree', 1, 9, 21000, NULL),
(86, 73, 'SizeFree', 10, 39, 18000, NULL),
(87, 73, 'SizeFree', 40, 0, 13500, NULL),
(88, 74, 'SizeFree', 1, 9, 25000, NULL),
(89, 74, 'SizeFree', 10, 39, 21000, NULL),
(90, 74, 'SizeFree', 40, 0, 16000, NULL),
(91, 75, 'SizeFree', 1, 9, 23000, NULL),
(92, 75, 'SizeFree', 10, 39, 19000, NULL),
(93, 75, 'SizeFree', 40, 0, 14500, NULL),
(94, 76, 'SizeFree', 1, 9, 21000, NULL),
(95, 76, 'SizeFree', 10, 39, 16000, NULL),
(96, 76, 'SizeFree', 40, 0, 13500, NULL),
(97, 77, 'SizeFree', 1, 9, 28000, NULL),
(98, 77, 'SizeFree', 10, 39, 22000, NULL),
(99, 77, 'SizeFree', 40, 0, 18000, NULL),
(100, 78, 'SizeFree', 1, 9, 19000, NULL),
(101, 78, 'SizeFree', 10, 39, 16000, NULL),
(102, 78, 'SizeFree', 40, 0, 12500, NULL),
(103, 79, 'SizeFree', 1, 9, 23000, NULL),
(104, 79, 'SizeFree', 10, 39, 19000, NULL),
(105, 79, 'SizeFree', 40, 0, 15000, NULL),
(106, 80, 'SizeFree', 1, 9, 16000, NULL),
(107, 80, 'SizeFree', 10, 39, 13000, NULL),
(108, 80, 'SizeFree', 40, 0, 10500, NULL),
(109, 81, 'SizeFree', 1, 9, 28000, NULL),
(110, 81, 'SizeFree', 10, 39, 22000, NULL),
(111, 81, 'SizeFree', 40, 0, 18000, NULL),
(112, 82, 'SizeFree', 1, 9, 22000, NULL),
(113, 82, 'SizeFree', 10, 39, 18000, NULL),
(114, 82, 'SizeFree', 40, 0, 14000, NULL),
(115, 83, 'SizeFree', 1, 9, 23000, NULL),
(116, 83, 'SizeFree', 10, 39, 19000, NULL),
(117, 83, 'SizeFree', 40, 0, 15000, NULL),
(118, 84, 'SizeFree', 1, 9, 22000, NULL),
(119, 84, 'SizeFree', 10, 39, 18000, NULL),
(120, 84, 'SizeFree', 40, 0, 14000, NULL),
(121, 85, 'SizeFree', 1, 9, 21000, NULL),
(122, 85, 'SizeFree', 10, 39, 17500, NULL),
(123, 85, 'SizeFree', 40, 0, 13500, NULL),
(124, 86, 'SizeFree', 1, 9, 25000, NULL),
(125, 86, 'SizeFree', 10, 39, 20000, NULL),
(126, 86, 'SizeFree', 40, 0, 16000, NULL),
(127, 87, 'SizeFree', 1, 9, 29000, NULL),
(128, 87, 'SizeFree', 10, 39, 23000, NULL),
(129, 87, 'SizeFree', 40, 0, 19000, NULL),
(130, 89, 'L', 1, 19, 50000, NULL),
(131, 89, 'L', 20, 29, 40000, NULL),
(132, 89, 'L', 30, 0, 30000, NULL),
(133, 89, 'XL', 1, 39, 100000, NULL),
(134, 89, 'XL', 40, 59, 70000, NULL),
(135, 89, 'XL', 60, 0, 40000, NULL),
(136, 91, 'SizeFree', 1, 9, 22000, NULL),
(137, 91, 'SizeFree', 10, 39, 18000, NULL),
(138, 91, 'SizeFree', 40, 0, 14000, NULL),
(142, 57, 'SizeFree', 1, 9, 10000, NULL),
(143, 57, 'SizeFree', 10, 199, 5000, NULL),
(144, 57, 'SizeFree', 200, 0, 3200, NULL),
(145, 88, 'SizeFree', 1, 9, 20000, NULL),
(146, 88, 'SizeFree', 10, 39, 17000, NULL),
(147, 88, 'SizeFree', 40, 0, 13000, NULL),
(148, 90, 'SizeFree', 1, 9, 29000, NULL),
(149, 90, 'SizeFree', 10, 39, 26000, NULL),
(150, 90, 'SizeFree', 40, 0, 19000, NULL),
(160, 97, 'SizeFree', 1, 9, 22000, NULL),
(161, 97, 'SizeFree', 10, 39, 18000, NULL),
(162, 97, 'SizeFree', 40, 0, 14000, NULL),
(163, 98, 'SizeFree', 1, 9, 22000, NULL),
(164, 98, 'SizeFree', 10, 39, 18000, NULL),
(165, 98, 'SizeFree', 40, 0, 14000, NULL),
(166, 99, 'SizeFree', 1, 9, 21000, NULL),
(167, 99, 'SizeFree', 10, 39, 17000, NULL),
(168, 99, 'SizeFree', 40, 0, 13500, NULL),
(169, 100, 'SizeFree', 1, 9, 25000, NULL),
(170, 100, 'SizeFree', 10, 39, 21000, NULL),
(171, 100, 'SizeFree', 40, 0, 16000, NULL),
(172, 101, 'SizeFree', 1, 9, 21000, NULL),
(173, 101, 'SizeFree', 10, 39, 17000, NULL),
(174, 101, 'SizeFree', 40, 0, 13500, NULL),
(175, 102, 'SizeFree', 1, 9, 21000, NULL),
(176, 102, 'SizeFree', 10, 39, 17000, NULL),
(177, 102, 'SizeFree', 40, 0, 13500, NULL),
(178, 103, 'SizeFree', 1, 9, 32000, NULL),
(179, 103, 'SizeFree', 10, 39, 26000, NULL),
(180, 103, 'SizeFree', 40, 0, 21000, NULL),
(181, 104, 'SizeFree', 1, 9, 17000, NULL),
(182, 104, 'SizeFree', 10, 39, 14000, NULL),
(183, 104, 'SizeFree', 40, 0, 11000, NULL),
(184, 105, 'SizeFree', 1, 9, 13000, NULL),
(185, 105, 'SizeFree', 10, 39, 10000, NULL),
(186, 105, 'SizeFree', 40, 0, 8500, NULL),
(187, 106, 'SizeFree', 1, 9, 22000, NULL),
(188, 106, 'SizeFree', 10, 39, 18000, NULL),
(189, 106, 'SizeFree', 40, 0, 14000, NULL),
(190, 107, 'SizeFree', 1, 9, 19000, NULL),
(191, 107, 'SizeFree', 10, 39, 16000, NULL),
(192, 107, 'SizeFree', 40, 0, 12000, NULL),
(193, 108, 'SizeFree', 1, 9, 22000, NULL),
(194, 108, 'SizeFree', 10, 39, 18000, NULL),
(195, 108, 'SizeFree', 40, 0, 14000, NULL),
(196, 109, 'SizeFree', 1, 9, 26000, NULL),
(197, 109, 'SizeFree', 10, 39, 22000, NULL),
(198, 109, 'SizeFree', 40, 0, 17000, NULL),
(199, 110, 'SizeFree', 1, 9, 23000, NULL),
(200, 110, 'SizeFree', 10, 39, 19000, NULL),
(201, 110, 'SizeFree', 40, 0, 14500, NULL),
(202, 111, 'SizeFree', 1, 9, 25000, NULL),
(203, 111, 'SizeFree', 10, 39, 21000, NULL),
(204, 111, 'SizeFree', 40, 0, 16000, NULL),
(205, 112, 'L', 1, 9, 27000, NULL),
(206, 112, 'L', 10, 39, 22000, NULL),
(207, 112, 'L', 40, 0, 17500, NULL),
(208, 113, 'SizeFree', 1, 9, 31000, NULL),
(209, 113, 'SizeFree', 10, 39, 25000, NULL),
(210, 113, 'SizeFree', 40, 0, 20000, NULL),
(211, 114, 'SizeFree', 1, 9, 31000, NULL),
(212, 114, 'SizeFree', 10, 39, 25000, NULL),
(213, 114, 'SizeFree', 40, 0, 20000, NULL),
(214, 115, 'L', 1, 9, 27000, NULL),
(215, 115, 'L', 10, 39, 22000, NULL),
(216, 115, 'L', 40, 0, 17500, NULL),
(217, 116, 'SizeFree', 1, 9, 30000, NULL),
(218, 116, 'SizeFree', 10, 39, 25000, NULL),
(219, 116, 'SizeFree', 40, 0, 19500, NULL),
(220, 117, 'SizeFree', 1, 9, 21000, NULL),
(221, 117, 'SizeFree', 10, 39, 18000, NULL),
(222, 117, 'SizeFree', 40, 0, 13500, NULL),
(223, 118, 'SizeFree', 1, 9, 23000, NULL),
(224, 118, 'SizeFree', 10, 39, 19000, NULL),
(225, 118, 'SizeFree', 40, 0, 15000, NULL),
(226, 119, 'L', 1, 9, 22000, NULL),
(227, 119, 'L', 10, 39, 18000, NULL),
(228, 119, 'L', 40, 0, 14000, NULL),
(229, 119, 'M', 1, 9, 22000, NULL),
(230, 119, 'M', 10, 39, 18000, NULL),
(231, 119, 'M', 40, 0, 14000, NULL),
(232, 120, 'SizeFree', 1, 9, 19000, NULL),
(233, 120, 'SizeFree', 10, 39, 15000, NULL),
(234, 120, 'SizeFree', 40, 0, 12000, NULL),
(235, 121, 'SizeFree', 1, 9, 22000, NULL),
(236, 121, 'SizeFree', 10, 39, 18000, NULL),
(237, 121, 'SizeFree', 40, 0, 14000, NULL),
(238, 122, 'SizeFree', 1, 9, 23000, NULL),
(239, 122, 'SizeFree', 10, 39, 19000, NULL),
(240, 122, 'SizeFree', 40, 0, 15000, NULL),
(241, 123, 'SizeFree', 1, 9, 20000, NULL),
(242, 123, 'SizeFree', 10, 39, 17000, NULL),
(243, 123, 'SizeFree', 40, 0, 13000, NULL),
(244, 124, 'SizeFree', 1, 9, 18000, NULL),
(245, 124, 'SizeFree', 10, 39, 15000, NULL),
(246, 124, 'SizeFree', 40, 0, 11500, NULL),
(247, 125, 'SizeFree', 1, 9, 28000, NULL),
(248, 125, 'SizeFree', 10, 39, 23000, NULL),
(249, 125, 'SizeFree', 40, 0, 18000, NULL),
(250, 126, 'SizeFree', 1, 9, 28000, NULL),
(251, 126, 'SizeFree', 10, 39, 23000, NULL),
(252, 126, 'SizeFree', 40, 0, 18000, NULL),
(253, 127, 'SizeFree', 1, 9, 23000, NULL),
(254, 127, 'SizeFree', 10, 39, 19000, NULL),
(255, 127, 'SizeFree', 40, 0, 14500, NULL),
(256, 128, 'SizeFree', 1, 9, 24000, NULL),
(257, 128, 'SizeFree', 10, 39, 20000, NULL),
(258, 128, 'SizeFree', 40, 0, 15500, NULL),
(259, 129, 'SizeFree', 1, 9, 24000, NULL),
(260, 129, 'SizeFree', 10, 39, 20000, NULL),
(261, 129, 'SizeFree', 40, 0, 15500, NULL),
(262, 130, 'SizeFree', 1, 9, 20000, NULL),
(263, 130, 'SizeFree', 10, 39, 17000, NULL),
(264, 130, 'SizeFree', 40, 0, 13000, NULL),
(265, 131, 'L', 1, 9, 22000, NULL),
(266, 131, 'L', 10, 39, 18000, NULL),
(267, 131, 'L', 40, 0, 14000, NULL),
(268, 131, 'M', 1, 9, 22000, NULL),
(269, 131, 'M', 10, 39, 18000, NULL),
(270, 131, 'M', 40, 0, 14000, NULL),
(271, 132, 'SizeFree', 1, 9, 23000, NULL),
(272, 132, 'SizeFree', 10, 39, 19000, NULL),
(273, 132, 'SizeFree', 40, 0, 15000, NULL),
(274, 133, 'SizeFree', 1, 9, 22000, NULL),
(275, 133, 'SizeFree', 10, 39, 18000, NULL),
(276, 133, 'SizeFree', 40, 0, 14000, NULL),
(277, 134, 'SizeFree', 1, 9, 23000, NULL),
(278, 134, 'SizeFree', 10, 39, 19000, NULL),
(279, 134, 'SizeFree', 40, 0, 14500, NULL),
(280, 135, 'SizeFree', 1, 3, 200000, NULL),
(281, 135, 'SizeFree', 4, 9, 160000, NULL),
(282, 135, 'SizeFree', 10, 0, 130000, NULL),
(283, 136, 'SizeFree', 1, 3, 220000, NULL),
(284, 136, 'SizeFree', 4, 9, 180000, NULL),
(285, 136, 'SizeFree', 10, 0, 150000, NULL);

-- --------------------------------------------------------

--
-- Cấu trúc bảng cho bảng `province`
--

CREATE TABLE IF NOT EXISTS `province` (
  `id` int(10) UNSIGNED NOT NULL AUTO_INCREMENT,
  `region_id` int(3) UNSIGNED NOT NULL,
  `name` varchar(50) COLLATE utf8_unicode_ci DEFAULT NULL,
  `prefix` varchar(50) COLLATE utf8_unicode_ci DEFAULT NULL,
  `code` varchar(20) COLLATE utf8_unicode_ci DEFAULT NULL,
  `status` tinyint(1) UNSIGNED NOT NULL DEFAULT '1',
  PRIMARY KEY (`id`)
) ENGINE=InnoDB AUTO_INCREMENT=65 DEFAULT CHARSET=utf8 COLLATE=utf8_unicode_ci;

--
-- Đang đổ dữ liệu cho bảng `province`
--

INSERT INTO `province` (`id`, `region_id`, `name`, `prefix`, `code`, `status`) VALUES
(1, 3, 'Hồ Chí Minh', 'Thành phố', 'SG', 1),
(2, 1, 'Hà Nội', 'Thành phố', 'HN', 1),
(3, 2, 'Đà Nẵng', 'Thành phố', 'DDN', 1),
(4, 3, 'Bình Dương', NULL, 'BD', 1),
(5, 3, 'Đồng Nai', 'Tỉnh', 'DNA', 1),
(6, 2, 'Khánh Hòa', 'Tỉnh', 'KH', 1),
(7, 2, 'Hải Phòng', NULL, 'HP', 1),
(8, 3, 'Long An', 'Tỉnh', 'LA', 1),
(9, 2, 'Quảng Nam', NULL, 'QNA', 1),
(10, 3, 'Bà Rịa Vũng Tàu', NULL, 'VT', 1),
(11, 2, 'Đắk Lắk', NULL, 'DDL', 1),
(12, 3, 'Cần Thơ', NULL, 'CT', 1),
(13, 2, 'Bình Thuận  ', NULL, 'BTH', 1),
(14, 2, 'Lâm Đồng', NULL, 'LDD', 1),
(15, 2, 'Thừa Thiên Huế', NULL, 'TTH', 1),
(16, 3, 'Kiên Giang', NULL, 'KG', 1),
(17, 1, 'Bắc Ninh', NULL, 'BN', 1),
(18, 1, 'Quảng Ninh', NULL, 'QNI', 1),
(19, 2, 'Thanh Hóa', NULL, 'TH', 1),
(20, 2, 'Nghệ An', NULL, 'NA', 1),
(21, 1, 'Hải Dương', NULL, 'HD', 1),
(22, 2, 'Gia Lai', NULL, 'GL', 1),
(23, 3, 'Bình Phước', NULL, 'BP', 1),
(24, 1, 'Hưng Yên', NULL, 'HY', 1),
(25, 2, 'Bình Định', NULL, 'BDD', 1),
(26, 3, 'Tiền Giang', NULL, 'TG', 1),
(27, 1, 'Thái Bình', NULL, 'TB', 1),
(28, 1, 'Bắc Giang', NULL, 'BG', 1),
(29, 1, 'Hòa Bình', NULL, 'HB', 1),
(30, 3, 'An Giang', NULL, 'AG', 1),
(31, 1, 'Vĩnh Phúc', NULL, 'VP', 1),
(32, 3, 'Tây Ninh', NULL, 'TNI', 1),
(33, 1, 'Thái Nguyên', NULL, 'TN', 1),
(34, 1, 'Lào Cai', NULL, 'LCA', 1),
(35, 1, 'Nam Định', NULL, 'NDD', 1),
(36, 2, 'Quảng Ngãi', NULL, 'QNG', 1),
(37, 3, 'Bến Tre', NULL, 'BTR', 1),
(38, 2, 'Đắk Nông', NULL, 'DNO', 1),
(39, 3, 'Cà Mau', NULL, 'CM', 1),
(40, 3, 'Vĩnh Long', NULL, 'VL', 1),
(41, 1, 'Ninh Bình', NULL, 'NB', 1),
(42, 1, 'Phú Thọ', NULL, 'PT', 1),
(43, 2, 'Ninh Thuận', NULL, 'NT', 1),
(44, 2, 'Phú Yên', NULL, 'PY', 1),
(45, 1, 'Hà Nam', NULL, 'HNA', 1),
(46, 2, 'Hà Tĩnh', NULL, 'HT', 1),
(47, 3, 'Đồng Tháp', NULL, 'DDT', 1),
(48, 3, 'Sóc Trăng', NULL, 'ST', 1),
(49, 2, 'Kon Tum', NULL, 'KT', 1),
(50, 2, 'Quảng Bình', NULL, 'QB', 1),
(51, 2, 'Quảng Trị', NULL, 'QT', 1),
(52, 3, 'Trà Vinh', NULL, 'TV', 1),
(53, 3, 'Hậu Giang', NULL, 'HGI', 1),
(54, 1, 'Sơn La', NULL, 'SL', 1),
(55, 3, 'Bạc Liêu', NULL, 'BL', 1),
(56, 1, 'Yên Bái', NULL, 'YB', 1),
(57, 1, 'Tuyên Quang', NULL, 'TQ', 1),
(58, 1, 'Điện Biên', NULL, 'DDB', 1),
(59, 1, 'Lai Châu', NULL, 'LCH', 1),
(60, 1, 'Lạng Sơn', NULL, 'LS', 1),
(61, 1, 'Hà Giang', NULL, 'HG', 1),
(62, 1, 'Bắc Kạn', NULL, 'BK', 1),
(63, 1, 'Cao Bằng', NULL, 'CB', 1),
(64, 1, 'test tỉnh thành', NULL, NULL, 1);

-- --------------------------------------------------------

--
-- Cấu trúc bảng cho bảng `quality`
--

CREATE TABLE IF NOT EXISTS `quality` (
  `id` int(11) NOT NULL AUTO_INCREMENT,
  `title` varchar(50) DEFAULT NULL,
  `icon` varchar(50) DEFAULT NULL,
  `content` mediumtext,
  `url` varchar(255) DEFAULT NULL,
  PRIMARY KEY (`id`) USING BTREE
) ENGINE=InnoDB AUTO_INCREMENT=11 DEFAULT CHARSET=utf8mb4 COMMENT='chất lượng công ty';

--
-- Đang đổ dữ liệu cho bảng `quality`
--

INSERT INTO `quality` (`id`, `title`, `icon`, `content`, `url`) VALUES
(8, 'Chất lượng in luôn được đảm bảo', '/source/Icons/icon-1.jpg', '<p><a title=\"Công ty in ấn An Nhân\" href=\"/\" target=\"_blank\" rel=\"noopener\">An Nhân</a> là công ty tiên phong sử dụng các thiết bị tiên tiến nhất trong ngành in kỹ thuật số</p>', 'https://annhanprinting.com'),
(9, 'Giao hàng đúng hẹn', '/source/Icons/icon-2.jpg', '<p>Chúng tôi cam kết về thời gian nhờ sử dụng phần mềm quản lý sản xuất và đội ngũ giao hàng chuyên nghiệp</p>', 'https://annhanprinting.com/'),
(10, 'Dịch vụ khách hàng chu đáo - chuyên nghiệp', '/source/Icons/icon-3.jpg', '<p>Mang đến cho khách hàng không chỉ sản phẩm tốt mà là sự trải nghiệm tuyệt vời</p>', 'https://annhanprinting.com/lien-he-voi-chung-toi');

-- --------------------------------------------------------

--
-- Cấu trúc bảng cho bảng `register_advisory`
--

CREATE TABLE IF NOT EXISTS `register_advisory` (
  `id` int(11) NOT NULL AUTO_INCREMENT,
  `phone` varchar(45) DEFAULT NULL,
  `product` varchar(45) DEFAULT NULL,
  `status` tinyint(2) DEFAULT NULL,
  `created_date` datetime DEFAULT NULL,
  PRIMARY KEY (`id`)
) ENGINE=InnoDB AUTO_INCREMENT=5 DEFAULT CHARSET=utf8mb4;

--
-- Đang đổ dữ liệu cho bảng `register_advisory`
--

INSERT INTO `register_advisory` (`id`, `phone`, `product`, `status`, `created_date`) VALUES
(1, '12212', '12212', NULL, '2021-03-10 22:29:37'),
(2, '0929055141', 'http://annhanprinting.md/san-pham/combo-danh-', NULL, '2021-03-10 22:40:13'),
(3, '0929099399', 'http://annhanprinting.md/san-pham/combo-danh-', NULL, '2021-03-10 22:40:22'),
(4, '0971287168', '3', NULL, '2021-05-03 14:29:54');

-- --------------------------------------------------------

--
-- Cấu trúc bảng cho bảng `shipping_fee`
--

CREATE TABLE IF NOT EXISTS `shipping_fee` (
  `id` int(10) UNSIGNED NOT NULL AUTO_INCREMENT,
  `province_id` int(10) UNSIGNED NOT NULL,
  `district_id` int(10) UNSIGNED DEFAULT NULL,
  `fee` bigint(20) NOT NULL DEFAULT '0',
  `status` tinyint(1) UNSIGNED DEFAULT '1',
  `created_at` datetime DEFAULT NULL,
  PRIMARY KEY (`id`)
) ENGINE=InnoDB AUTO_INCREMENT=723 DEFAULT CHARSET=utf8 COLLATE=utf8_unicode_ci;

--
-- Đang đổ dữ liệu cho bảng `shipping_fee`
--

INSERT INTO `shipping_fee` (`id`, `province_id`, `district_id`, `fee`, `status`, `created_at`) VALUES
(1, 2, 1, 40000, 1, NULL),
(2, 2, 2, 40000, 1, NULL),
(3, 2, 3, 40000, 1, NULL),
(4, 2, 4, 40000, 1, NULL),
(5, 2, 5, 40000, 1, NULL),
(6, 2, 6, 40000, 1, NULL),
(7, 2, 7, 40000, 1, NULL),
(8, 2, 8, 40000, 1, NULL),
(9, 2, 9, 40000, 1, NULL),
(10, 2, 10, 40000, 1, NULL),
(11, 2, 11, 40000, 1, NULL),
(12, 2, 12, 40000, 1, NULL),
(13, 2, 13, 40000, 1, NULL),
(14, 2, 14, 40000, 1, NULL),
(15, 2, 15, 40000, 1, NULL),
(16, 61, 16, 40000, 1, NULL),
(17, 61, 17, 40000, 1, NULL),
(18, 61, 18, 40000, 1, NULL),
(19, 61, 19, 40000, 1, NULL),
(20, 61, 20, 40000, 1, NULL),
(21, 61, 21, 40000, 1, NULL),
(22, 61, 22, 40000, 1, NULL),
(23, 61, 23, 40000, 1, NULL),
(24, 61, 24, 40000, 1, NULL),
(25, 61, 25, 40000, 1, NULL),
(26, 61, 26, 40000, 1, NULL),
(27, 63, 27, 40000, 1, NULL),
(28, 63, 28, 40000, 1, NULL),
(29, 63, 29, 40000, 1, NULL),
(30, 63, 30, 40000, 1, NULL),
(31, 63, 31, 40000, 1, NULL),
(32, 63, 32, 40000, 1, NULL),
(33, 63, 33, 40000, 1, NULL),
(34, 63, 34, 40000, 1, NULL),
(35, 63, 35, 40000, 1, NULL),
(36, 63, 36, 40000, 1, NULL),
(37, 63, 37, 40000, 1, NULL),
(38, 63, 38, 40000, 1, NULL),
(39, 63, 39, 40000, 1, NULL),
(40, 62, 40, 40000, 1, NULL),
(41, 62, 41, 40000, 1, NULL),
(42, 62, 42, 40000, 1, NULL),
(43, 62, 43, 40000, 1, NULL),
(44, 62, 44, 40000, 1, NULL),
(45, 62, 45, 40000, 1, NULL),
(46, 62, 46, 40000, 1, NULL),
(47, 62, 47, 40000, 1, NULL),
(48, 57, 48, 40000, 1, NULL),
(49, 57, 49, 40000, 1, NULL),
(50, 57, 50, 40000, 1, NULL),
(51, 57, 51, 40000, 1, NULL),
(52, 57, 52, 40000, 1, NULL),
(53, 57, 53, 40000, 1, NULL),
(54, 57, 54, 40000, 1, NULL),
(55, 34, 55, 40000, 1, NULL),
(56, 34, 56, 40000, 1, NULL),
(57, 34, 57, 40000, 1, NULL),
(58, 34, 58, 40000, 1, NULL),
(59, 34, 59, 40000, 1, NULL),
(60, 34, 60, 40000, 1, NULL),
(61, 34, 61, 40000, 1, NULL),
(62, 34, 62, 40000, 1, NULL),
(63, 34, 63, 40000, 1, NULL),
(64, 58, 64, 40000, 1, NULL),
(65, 58, 65, 40000, 1, NULL),
(66, 58, 66, 40000, 1, NULL),
(67, 58, 67, 40000, 1, NULL),
(68, 58, 68, 40000, 1, NULL),
(69, 58, 69, 40000, 1, NULL),
(70, 58, 70, 40000, 1, NULL),
(71, 58, 71, 40000, 1, NULL),
(72, 58, 72, 40000, 1, NULL),
(73, 58, 73, 40000, 1, NULL),
(74, 59, 74, 40000, 1, NULL),
(75, 59, 75, 40000, 1, NULL),
(76, 59, 76, 40000, 1, NULL),
(77, 59, 77, 40000, 1, NULL),
(78, 59, 78, 40000, 1, NULL),
(79, 59, 79, 40000, 1, NULL),
(80, 59, 80, 40000, 1, NULL),
(81, 59, 81, 40000, 1, NULL),
(82, 54, 82, 40000, 1, NULL),
(83, 54, 83, 40000, 1, NULL),
(84, 54, 84, 40000, 1, NULL),
(85, 54, 85, 40000, 1, NULL),
(86, 54, 86, 40000, 1, NULL),
(87, 54, 87, 40000, 1, NULL),
(88, 54, 88, 40000, 1, NULL),
(89, 54, 89, 40000, 1, NULL),
(90, 54, 90, 40000, 1, NULL),
(91, 54, 91, 40000, 1, NULL),
(92, 54, 92, 40000, 1, NULL),
(93, 54, 93, 40000, 1, NULL),
(94, 56, 94, 40000, 1, NULL),
(95, 56, 95, 40000, 1, NULL),
(96, 56, 96, 40000, 1, NULL),
(97, 56, 97, 40000, 1, NULL),
(98, 56, 98, 40000, 1, NULL),
(99, 56, 99, 40000, 1, NULL),
(100, 56, 100, 40000, 1, NULL),
(101, 56, 101, 40000, 1, NULL),
(102, 56, 102, 40000, 1, NULL),
(103, 29, 103, 40000, 1, NULL),
(104, 29, 104, 40000, 1, NULL),
(105, 29, 105, 40000, 1, NULL),
(106, 29, 106, 40000, 1, NULL),
(107, 29, 107, 40000, 1, NULL),
(108, 29, 108, 40000, 1, NULL),
(109, 29, 109, 40000, 1, NULL),
(110, 29, 110, 40000, 1, NULL),
(111, 29, 111, 40000, 1, NULL),
(112, 29, 112, 40000, 1, NULL),
(113, 29, 113, 40000, 1, NULL),
(114, 33, 114, 40000, 1, NULL),
(115, 33, 115, 40000, 1, NULL),
(116, 33, 116, 40000, 1, NULL),
(117, 33, 117, 40000, 1, NULL),
(118, 33, 118, 40000, 1, NULL),
(119, 33, 119, 40000, 1, NULL),
(120, 33, 120, 40000, 1, NULL),
(121, 33, 121, 40000, 1, NULL),
(122, 33, 122, 40000, 1, NULL),
(123, 33, 123, 40000, 1, NULL),
(124, 33, 124, 40000, 1, NULL),
(125, 33, 125, 40000, 1, NULL),
(126, 33, 126, 40000, 1, NULL),
(127, 33, 127, 40000, 1, NULL),
(128, 33, 128, 40000, 1, NULL),
(129, 33, 129, 40000, 1, NULL),
(130, 60, 130, 40000, 1, NULL),
(131, 60, 131, 40000, 1, NULL),
(132, 60, 132, 40000, 1, NULL),
(133, 60, 133, 40000, 1, NULL),
(134, 60, 134, 40000, 1, NULL),
(135, 60, 135, 40000, 1, NULL),
(136, 60, 136, 40000, 1, NULL),
(137, 60, 137, 40000, 1, NULL),
(138, 60, 138, 40000, 1, NULL),
(139, 60, 139, 40000, 1, NULL),
(140, 60, 140, 40000, 1, NULL),
(141, 18, 141, 40000, 1, NULL),
(142, 18, 142, 40000, 1, NULL),
(143, 18, 143, 40000, 1, NULL),
(144, 18, 144, 40000, 1, NULL),
(145, 18, 145, 40000, 1, NULL),
(146, 18, 146, 40000, 1, NULL),
(147, 18, 147, 40000, 1, NULL),
(148, 18, 148, 40000, 1, NULL),
(149, 18, 149, 40000, 1, NULL),
(150, 18, 150, 40000, 1, NULL),
(151, 18, 151, 40000, 1, NULL),
(152, 18, 152, 40000, 1, NULL),
(153, 18, 153, 40000, 1, NULL),
(154, 18, 154, 40000, 1, NULL),
(155, 28, 155, 40000, 1, NULL),
(156, 28, 156, 40000, 1, NULL),
(157, 28, 157, 40000, 1, NULL),
(158, 28, 158, 40000, 1, NULL),
(159, 28, 159, 40000, 1, NULL),
(160, 28, 160, 40000, 1, NULL),
(161, 28, 161, 40000, 1, NULL),
(162, 28, 162, 40000, 1, NULL),
(163, 28, 163, 40000, 1, NULL),
(164, 28, 164, 40000, 1, NULL),
(165, 42, 165, 40000, 1, NULL),
(166, 42, 166, 40000, 1, NULL),
(167, 42, 167, 40000, 1, NULL),
(168, 42, 168, 40000, 1, NULL),
(169, 42, 169, 40000, 1, NULL),
(170, 42, 170, 40000, 1, NULL),
(171, 42, 171, 40000, 1, NULL),
(172, 42, 172, 40000, 1, NULL),
(173, 42, 173, 40000, 1, NULL),
(174, 42, 174, 40000, 1, NULL),
(175, 42, 175, 40000, 1, NULL),
(176, 42, 176, 40000, 1, NULL),
(177, 42, 177, 40000, 1, NULL),
(178, 31, 178, 40000, 1, NULL),
(179, 31, 179, 40000, 1, NULL),
(180, 31, 180, 40000, 1, NULL),
(181, 31, 181, 40000, 1, NULL),
(182, 31, 182, 40000, 1, NULL),
(183, 31, 183, 40000, 1, NULL),
(184, 2, 184, 40000, 1, NULL),
(185, 31, 185, 40000, 1, NULL),
(186, 31, 186, 40000, 1, NULL),
(187, 31, 187, 40000, 1, NULL),
(188, 17, 188, 40000, 1, NULL),
(189, 17, 189, 40000, 1, NULL),
(190, 17, 190, 40000, 1, NULL),
(191, 17, 191, 40000, 1, NULL),
(192, 17, 192, 40000, 1, NULL),
(193, 17, 193, 40000, 1, NULL),
(194, 17, 194, 40000, 1, NULL),
(195, 17, 195, 40000, 1, NULL),
(196, 2, 196, 40000, 1, NULL),
(197, 2, 197, 40000, 1, NULL),
(198, 2, 198, 40000, 1, NULL),
(199, 2, 199, 40000, 1, NULL),
(200, 2, 200, 40000, 1, NULL),
(201, 2, 201, 40000, 1, NULL),
(202, 2, 202, 40000, 1, NULL),
(203, 2, 203, 40000, 1, NULL),
(204, 2, 204, 40000, 1, NULL),
(205, 2, 205, 40000, 1, NULL),
(206, 2, 206, 40000, 1, NULL),
(207, 2, 207, 40000, 1, NULL),
(208, 2, 208, 40000, 1, NULL),
(209, 2, 209, 40000, 1, NULL),
(210, 21, 210, 40000, 1, NULL),
(211, 21, 211, 40000, 1, NULL),
(212, 21, 212, 40000, 1, NULL),
(213, 21, 213, 40000, 1, NULL),
(214, 21, 214, 40000, 1, NULL),
(215, 21, 215, 40000, 1, NULL),
(216, 21, 216, 40000, 1, NULL),
(217, 21, 217, 40000, 1, NULL),
(218, 21, 218, 40000, 1, NULL),
(219, 21, 219, 40000, 1, NULL),
(220, 21, 220, 40000, 1, NULL),
(221, 21, 221, 40000, 1, NULL),
(222, 7, 222, 40000, 1, NULL),
(223, 7, 223, 40000, 1, NULL),
(224, 7, 224, 40000, 1, NULL),
(225, 7, 225, 40000, 1, NULL),
(226, 7, 226, 40000, 1, NULL),
(227, 7, 227, 40000, 1, NULL),
(228, 7, 228, 40000, 1, NULL),
(229, 7, 229, 40000, 1, NULL),
(230, 7, 230, 40000, 1, NULL),
(231, 7, 231, 40000, 1, NULL),
(232, 7, 232, 40000, 1, NULL),
(233, 7, 233, 40000, 1, NULL),
(234, 7, 234, 40000, 1, NULL),
(235, 7, 235, 40000, 1, NULL),
(236, 7, 236, 40000, 1, NULL),
(237, 24, 237, 40000, 1, NULL),
(238, 24, 238, 40000, 1, NULL),
(239, 24, 239, 40000, 1, NULL),
(240, 24, 240, 40000, 1, NULL),
(241, 24, 241, 40000, 1, NULL),
(242, 24, 242, 40000, 1, NULL),
(243, 24, 243, 40000, 1, NULL),
(244, 24, 244, 40000, 1, NULL),
(245, 24, 245, 40000, 1, NULL),
(246, 24, 246, 40000, 1, NULL),
(247, 27, 247, 40000, 1, NULL),
(248, 27, 248, 40000, 1, NULL),
(249, 27, 249, 40000, 1, NULL),
(250, 27, 250, 40000, 1, NULL),
(251, 27, 251, 40000, 1, NULL),
(252, 27, 252, 40000, 1, NULL),
(253, 27, 253, 40000, 1, NULL),
(254, 27, 254, 40000, 1, NULL),
(255, 45, 255, 40000, 1, NULL),
(256, 45, 256, 40000, 1, NULL),
(257, 45, 257, 40000, 1, NULL),
(258, 45, 258, 40000, 1, NULL),
(259, 45, 259, 40000, 1, NULL),
(260, 45, 260, 40000, 1, NULL),
(261, 35, 261, 40000, 1, NULL),
(262, 35, 262, 40000, 1, NULL),
(263, 35, 263, 40000, 1, NULL),
(264, 35, 264, 40000, 1, NULL),
(265, 35, 265, 40000, 1, NULL),
(266, 35, 266, 40000, 1, NULL),
(267, 35, 267, 40000, 1, NULL),
(268, 35, 268, 40000, 1, NULL),
(269, 35, 269, 40000, 1, NULL),
(270, 35, 270, 40000, 1, NULL),
(271, 41, 271, 40000, 1, NULL),
(272, 41, 272, 40000, 1, NULL),
(273, 41, 273, 40000, 1, NULL),
(274, 41, 274, 40000, 1, NULL),
(275, 41, 275, 40000, 1, NULL),
(276, 41, 276, 40000, 1, NULL),
(277, 41, 277, 40000, 1, NULL),
(278, 41, 278, 40000, 1, NULL),
(279, 19, 279, 40000, 1, NULL),
(280, 19, 280, 40000, 1, NULL),
(281, 19, 281, 40000, 1, NULL),
(282, 19, 282, 40000, 1, NULL),
(283, 19, 283, 40000, 1, NULL),
(284, 19, 284, 40000, 1, NULL),
(285, 19, 285, 40000, 1, NULL),
(286, 19, 286, 40000, 1, NULL),
(287, 19, 287, 40000, 1, NULL),
(288, 19, 288, 40000, 1, NULL),
(289, 19, 289, 40000, 1, NULL),
(290, 19, 290, 40000, 1, NULL),
(291, 19, 291, 40000, 1, NULL),
(292, 19, 292, 40000, 1, NULL),
(293, 19, 293, 40000, 1, NULL),
(294, 19, 294, 40000, 1, NULL),
(295, 19, 295, 40000, 1, NULL),
(296, 19, 296, 40000, 1, NULL),
(297, 19, 297, 40000, 1, NULL),
(298, 19, 298, 40000, 1, NULL),
(299, 19, 299, 40000, 1, NULL),
(300, 19, 300, 40000, 1, NULL),
(301, 19, 301, 40000, 1, NULL),
(302, 19, 302, 40000, 1, NULL),
(303, 19, 303, 40000, 1, NULL),
(304, 19, 304, 40000, 1, NULL),
(305, 19, 305, 40000, 1, NULL),
(306, 20, 306, 40000, 1, NULL),
(307, 20, 307, 40000, 1, NULL),
(308, 20, 308, 40000, 1, NULL),
(309, 20, 309, 40000, 1, NULL),
(310, 20, 310, 40000, 1, NULL),
(311, 20, 311, 40000, 1, NULL),
(312, 20, 312, 40000, 1, NULL),
(313, 20, 313, 40000, 1, NULL),
(314, 20, 314, 40000, 1, NULL),
(315, 20, 315, 40000, 1, NULL),
(316, 20, 316, 40000, 1, NULL),
(317, 20, 317, 40000, 1, NULL),
(318, 20, 318, 40000, 1, NULL),
(319, 20, 319, 40000, 1, NULL),
(320, 20, 320, 40000, 1, NULL),
(321, 20, 321, 40000, 1, NULL),
(322, 20, 322, 40000, 1, NULL),
(323, 20, 323, 40000, 1, NULL),
(324, 20, 324, 40000, 1, NULL),
(325, 20, 325, 40000, 1, NULL),
(326, 20, 326, 40000, 1, NULL),
(327, 46, 327, 40000, 1, NULL),
(328, 46, 328, 40000, 1, NULL),
(329, 46, 329, 40000, 1, NULL),
(330, 46, 330, 40000, 1, NULL),
(331, 46, 331, 40000, 1, NULL),
(332, 46, 332, 40000, 1, NULL),
(333, 46, 333, 40000, 1, NULL),
(334, 46, 334, 40000, 1, NULL),
(335, 46, 335, 40000, 1, NULL),
(336, 46, 336, 40000, 1, NULL),
(337, 46, 337, 40000, 1, NULL),
(338, 46, 338, 40000, 1, NULL),
(339, 46, 339, 40000, 1, NULL),
(340, 50, 340, 40000, 1, NULL),
(341, 50, 341, 40000, 1, NULL),
(342, 50, 342, 40000, 1, NULL),
(343, 50, 343, 40000, 1, NULL),
(344, 50, 344, 40000, 1, NULL),
(345, 50, 345, 40000, 1, NULL),
(346, 50, 346, 40000, 1, NULL),
(347, 50, 347, 40000, 1, NULL),
(348, 51, 348, 40000, 1, NULL),
(349, 51, 349, 40000, 1, NULL),
(350, 51, 350, 40000, 1, NULL),
(351, 51, 351, 40000, 1, NULL),
(352, 51, 352, 40000, 1, NULL),
(353, 51, 353, 40000, 1, NULL),
(354, 51, 354, 40000, 1, NULL),
(355, 51, 355, 40000, 1, NULL),
(356, 51, 356, 40000, 1, NULL),
(357, 51, 357, 40000, 1, NULL),
(358, 15, 358, 40000, 1, NULL),
(359, 15, 359, 40000, 1, NULL),
(360, 15, 360, 40000, 1, NULL),
(361, 15, 361, 40000, 1, NULL),
(362, 15, 362, 40000, 1, NULL),
(363, 15, 363, 40000, 1, NULL),
(364, 15, 364, 40000, 1, NULL),
(365, 15, 365, 40000, 1, NULL),
(366, 15, 366, 40000, 1, NULL),
(367, 3, 367, 40000, 1, NULL),
(368, 3, 368, 40000, 1, NULL),
(369, 3, 369, 40000, 1, NULL),
(370, 3, 370, 40000, 1, NULL),
(371, 3, 371, 40000, 1, NULL),
(372, 3, 372, 40000, 1, NULL),
(373, 3, 373, 40000, 1, NULL),
(374, 3, 374, 40000, 1, NULL),
(375, 9, 375, 40000, 1, NULL),
(376, 9, 376, 40000, 1, NULL),
(377, 9, 377, 40000, 1, NULL),
(378, 9, 378, 40000, 1, NULL),
(379, 9, 379, 40000, 1, NULL),
(380, 9, 380, 40000, 1, NULL),
(381, 9, 381, 40000, 1, NULL),
(382, 9, 382, 40000, 1, NULL),
(383, 9, 383, 40000, 1, NULL),
(384, 9, 384, 40000, 1, NULL),
(385, 9, 385, 40000, 1, NULL),
(386, 9, 386, 40000, 1, NULL),
(387, 9, 387, 40000, 1, NULL),
(388, 9, 388, 40000, 1, NULL),
(389, 9, 389, 40000, 1, NULL),
(390, 9, 390, 40000, 1, NULL),
(391, 9, 391, 40000, 1, NULL),
(392, 9, 392, 40000, 1, NULL),
(393, 36, 393, 40000, 1, NULL),
(394, 36, 394, 40000, 1, NULL),
(395, 36, 395, 40000, 1, NULL),
(396, 36, 396, 40000, 1, NULL),
(397, 36, 397, 40000, 1, NULL),
(398, 36, 398, 40000, 1, NULL),
(399, 36, 399, 40000, 1, NULL),
(400, 36, 400, 40000, 1, NULL),
(401, 36, 401, 40000, 1, NULL),
(402, 36, 402, 40000, 1, NULL),
(403, 36, 403, 40000, 1, NULL),
(404, 36, 404, 40000, 1, NULL),
(405, 36, 405, 40000, 1, NULL),
(406, 36, 406, 40000, 1, NULL),
(407, 25, 407, 40000, 1, NULL),
(408, 25, 408, 40000, 1, NULL),
(409, 25, 409, 40000, 1, NULL),
(410, 25, 410, 40000, 1, NULL),
(411, 25, 411, 40000, 1, NULL),
(412, 25, 412, 40000, 1, NULL),
(413, 25, 413, 40000, 1, NULL),
(414, 25, 414, 40000, 1, NULL),
(415, 25, 415, 40000, 1, NULL),
(416, 25, 416, 40000, 1, NULL),
(417, 25, 417, 40000, 1, NULL),
(418, 44, 418, 40000, 1, NULL),
(419, 44, 419, 40000, 1, NULL),
(420, 44, 420, 40000, 1, NULL),
(421, 44, 421, 40000, 1, NULL),
(422, 44, 422, 40000, 1, NULL),
(423, 44, 423, 40000, 1, NULL),
(424, 44, 424, 40000, 1, NULL),
(425, 44, 425, 40000, 1, NULL),
(426, 44, 426, 40000, 1, NULL),
(427, 6, 427, 40000, 1, NULL),
(428, 6, 428, 40000, 1, NULL),
(429, 6, 429, 40000, 1, NULL),
(430, 6, 430, 40000, 1, NULL),
(431, 6, 431, 40000, 1, NULL),
(432, 6, 432, 40000, 1, NULL),
(433, 6, 433, 40000, 1, NULL),
(434, 6, 434, 40000, 1, NULL),
(435, 6, 435, 40000, 1, NULL),
(436, 43, 436, 40000, 1, NULL),
(437, 43, 437, 40000, 1, NULL),
(438, 43, 438, 40000, 1, NULL),
(439, 43, 439, 40000, 1, NULL),
(440, 43, 440, 40000, 1, NULL),
(441, 43, 441, 40000, 1, NULL),
(442, 43, 442, 40000, 1, NULL),
(443, 13, 443, 40000, 1, NULL),
(444, 13, 444, 40000, 1, NULL),
(445, 13, 445, 40000, 1, NULL),
(446, 13, 446, 40000, 1, NULL),
(447, 13, 447, 40000, 1, NULL),
(448, 13, 448, 40000, 1, NULL),
(449, 13, 449, 40000, 1, NULL),
(450, 13, 450, 40000, 1, NULL),
(451, 13, 451, 40000, 1, NULL),
(452, 13, 452, 40000, 1, NULL),
(453, 49, 453, 40000, 1, NULL),
(454, 49, 454, 40000, 1, NULL),
(455, 49, 455, 40000, 1, NULL),
(456, 49, 456, 40000, 1, NULL),
(457, 49, 457, 40000, 1, NULL),
(458, 49, 458, 40000, 1, NULL),
(459, 49, 459, 40000, 1, NULL),
(460, 49, 460, 40000, 1, NULL),
(461, 49, 461, 40000, 1, NULL),
(462, 49, 462, 40000, 1, NULL),
(463, 22, 463, 40000, 1, NULL),
(464, 22, 464, 40000, 1, NULL),
(465, 22, 465, 40000, 1, NULL),
(466, 22, 466, 40000, 1, NULL),
(467, 22, 467, 40000, 1, NULL),
(468, 22, 468, 40000, 1, NULL),
(469, 22, 469, 40000, 1, NULL),
(470, 22, 470, 40000, 1, NULL),
(471, 22, 471, 40000, 1, NULL),
(472, 22, 472, 40000, 1, NULL),
(473, 22, 473, 40000, 1, NULL),
(474, 22, 474, 40000, 1, NULL),
(475, 22, 475, 40000, 1, NULL),
(476, 22, 476, 40000, 1, NULL),
(477, 22, 477, 40000, 1, NULL),
(478, 22, 478, 40000, 1, NULL),
(479, 22, 479, 40000, 1, NULL),
(480, 11, 480, 40000, 1, NULL),
(481, 11, 481, 40000, 1, NULL),
(482, 11, 482, 40000, 1, NULL),
(483, 11, 483, 40000, 1, NULL),
(484, 11, 484, 40000, 1, NULL),
(485, 11, 485, 40000, 1, NULL),
(486, 11, 486, 40000, 1, NULL),
(487, 11, 487, 40000, 1, NULL),
(488, 11, 488, 40000, 1, NULL),
(489, 11, 489, 40000, 1, NULL),
(490, 11, 490, 40000, 1, NULL),
(491, 11, 491, 40000, 1, NULL),
(492, 11, 492, 40000, 1, NULL),
(493, 11, 493, 40000, 1, NULL),
(494, 11, 494, 40000, 1, NULL),
(495, 38, 495, 40000, 1, NULL),
(496, 38, 496, 40000, 1, NULL),
(497, 38, 497, 40000, 1, NULL),
(498, 38, 498, 40000, 1, NULL),
(499, 38, 499, 40000, 1, NULL),
(500, 38, 500, 40000, 1, NULL),
(501, 38, 501, 40000, 1, NULL),
(502, 38, 502, 40000, 1, NULL),
(503, 14, 503, 40000, 1, NULL),
(504, 14, 504, 40000, 1, NULL),
(505, 14, 505, 40000, 1, NULL),
(506, 14, 506, 40000, 1, NULL),
(507, 14, 507, 40000, 1, NULL),
(508, 14, 508, 40000, 1, NULL),
(509, 14, 509, 40000, 1, NULL),
(510, 14, 510, 40000, 1, NULL),
(511, 14, 511, 40000, 1, NULL),
(512, 14, 512, 40000, 1, NULL),
(513, 14, 513, 40000, 1, NULL),
(514, 14, 514, 40000, 1, NULL),
(515, 23, 515, 40000, 1, NULL),
(516, 23, 516, 40000, 1, NULL),
(517, 23, 517, 40000, 1, NULL),
(518, 23, 518, 40000, 1, NULL),
(519, 23, 519, 40000, 1, NULL),
(520, 23, 520, 40000, 1, NULL),
(521, 23, 521, 40000, 1, NULL),
(522, 23, 522, 40000, 1, NULL),
(523, 23, 523, 40000, 1, NULL),
(524, 23, 524, 40000, 1, NULL),
(525, 23, 525, 40000, 1, NULL),
(526, 32, 526, 40000, 1, NULL),
(527, 32, 527, 40000, 1, NULL),
(528, 32, 528, 40000, 1, NULL),
(529, 32, 529, 40000, 1, NULL),
(530, 32, 530, 40000, 1, NULL),
(531, 32, 531, 40000, 1, NULL),
(532, 32, 532, 40000, 1, NULL),
(533, 32, 533, 40000, 1, NULL),
(534, 32, 534, 40000, 1, NULL),
(535, 4, 535, 40000, 1, NULL),
(536, 4, 536, 40000, 1, NULL),
(537, 4, 537, 40000, 1, NULL),
(538, 4, 538, 40000, 1, NULL),
(539, 4, 539, 40000, 1, NULL),
(540, 4, 540, 40000, 1, NULL),
(541, 4, 541, 40000, 1, NULL),
(542, 4, 542, 40000, 1, NULL),
(543, 4, 543, 40000, 1, NULL),
(544, 5, 544, 40000, 1, NULL),
(545, 5, 545, 40000, 1, NULL),
(546, 5, 546, 40000, 1, NULL),
(547, 5, 547, 40000, 1, NULL),
(548, 5, 548, 40000, 1, NULL),
(549, 5, 549, 40000, 1, NULL),
(550, 5, 550, 40000, 1, NULL),
(551, 5, 551, 40000, 1, NULL),
(552, 5, 552, 40000, 1, NULL),
(553, 5, 553, 40000, 1, NULL),
(554, 5, 554, 40000, 1, NULL),
(555, 10, 555, 40000, 1, NULL),
(556, 10, 556, 40000, 1, NULL),
(557, 10, 557, 40000, 1, NULL),
(558, 10, 558, 40000, 1, NULL),
(559, 10, 559, 40000, 1, NULL),
(560, 10, 560, 40000, 1, NULL),
(561, 10, 561, 40000, 1, NULL),
(562, 10, 562, 40000, 1, NULL),
(563, 1, 563, 35000, 1, NULL),
(564, 1, 564, 35000, 1, NULL),
(565, 1, 565, 35000, 1, NULL),
(566, 1, 566, 35000, 1, NULL),
(567, 1, 567, 35000, 1, NULL),
(568, 1, 568, 35000, 1, NULL),
(569, 1, 569, 35000, 1, NULL),
(570, 1, 570, 35000, 1, NULL),
(571, 1, 571, 35000, 1, NULL),
(572, 1, 572, 35000, 1, NULL),
(573, 1, 573, 35000, 1, NULL),
(574, 1, 574, 35000, 1, NULL),
(575, 1, 575, 35000, 1, NULL),
(576, 1, 576, 35000, 1, NULL),
(577, 1, 577, 35000, 1, NULL),
(578, 1, 578, 35000, 1, NULL),
(579, 1, 579, 35000, 1, NULL),
(580, 1, 580, 35000, 1, NULL),
(581, 1, 581, 35000, 1, NULL),
(582, 1, 582, 35000, 1, NULL),
(583, 1, 583, 35000, 1, NULL),
(584, 1, 584, 35000, 1, NULL),
(585, 1, 585, 35000, 1, NULL),
(586, 1, 586, 35000, 1, NULL),
(587, 8, 587, 40000, 1, NULL),
(588, 8, 588, 40000, 1, NULL),
(589, 8, 589, 40000, 1, NULL),
(590, 8, 590, 40000, 1, NULL),
(591, 8, 591, 40000, 1, NULL),
(592, 8, 592, 40000, 1, NULL),
(593, 8, 593, 40000, 1, NULL),
(594, 8, 594, 40000, 1, NULL),
(595, 8, 595, 40000, 1, NULL),
(596, 8, 596, 40000, 1, NULL),
(597, 8, 597, 40000, 1, NULL),
(598, 8, 598, 40000, 1, NULL),
(599, 8, 599, 40000, 1, NULL),
(600, 8, 600, 40000, 1, NULL),
(601, 8, 601, 40000, 1, NULL),
(602, 26, 602, 40000, 1, NULL),
(603, 26, 603, 40000, 1, NULL),
(604, 26, 604, 40000, 1, NULL),
(605, 26, 605, 40000, 1, NULL),
(606, 26, 606, 40000, 1, NULL),
(607, 26, 607, 40000, 1, NULL),
(608, 26, 608, 40000, 1, NULL),
(609, 26, 609, 40000, 1, NULL),
(610, 26, 610, 40000, 1, NULL),
(611, 26, 611, 40000, 1, NULL),
(612, 26, 612, 40000, 1, NULL),
(613, 37, 613, 40000, 1, NULL),
(614, 37, 614, 40000, 1, NULL),
(615, 37, 615, 40000, 1, NULL),
(616, 37, 616, 40000, 1, NULL),
(617, 37, 617, 40000, 1, NULL),
(618, 37, 618, 40000, 1, NULL),
(619, 37, 619, 40000, 1, NULL),
(620, 37, 620, 40000, 1, NULL),
(621, 37, 621, 40000, 1, NULL),
(622, 52, 622, 40000, 1, NULL),
(623, 52, 623, 40000, 1, NULL),
(624, 52, 624, 40000, 1, NULL),
(625, 52, 625, 40000, 1, NULL),
(626, 52, 626, 40000, 1, NULL),
(627, 52, 627, 40000, 1, NULL),
(628, 52, 628, 40000, 1, NULL),
(629, 52, 629, 40000, 1, NULL),
(630, 52, 630, 40000, 1, NULL),
(631, 40, 631, 40000, 1, NULL),
(632, 40, 632, 40000, 1, NULL),
(633, 40, 633, 40000, 1, NULL),
(634, 40, 634, 40000, 1, NULL),
(635, 40, 635, 40000, 1, NULL),
(636, 40, 636, 40000, 1, NULL),
(637, 40, 637, 40000, 1, NULL),
(638, 40, 638, 40000, 1, NULL),
(639, 47, 639, 40000, 1, NULL),
(640, 47, 640, 40000, 1, NULL),
(641, 47, 641, 40000, 1, NULL),
(642, 47, 642, 40000, 1, NULL),
(643, 47, 643, 40000, 1, NULL),
(644, 47, 644, 40000, 1, NULL),
(645, 47, 645, 40000, 1, NULL),
(646, 47, 646, 40000, 1, NULL),
(647, 47, 647, 40000, 1, NULL),
(648, 47, 648, 40000, 1, NULL),
(649, 47, 649, 40000, 1, NULL),
(650, 47, 650, 40000, 1, NULL),
(651, 30, 651, 40000, 1, NULL),
(652, 30, 652, 40000, 1, NULL),
(653, 30, 653, 40000, 1, NULL),
(654, 30, 654, 40000, 1, NULL),
(655, 30, 655, 40000, 1, NULL),
(656, 30, 656, 40000, 1, NULL),
(657, 30, 657, 40000, 1, NULL),
(658, 30, 658, 40000, 1, NULL),
(659, 30, 659, 40000, 1, NULL),
(660, 30, 660, 40000, 1, NULL),
(661, 30, 661, 40000, 1, NULL),
(662, 16, 662, 40000, 1, NULL),
(663, 16, 663, 40000, 1, NULL),
(664, 16, 664, 40000, 1, NULL),
(665, 16, 665, 40000, 1, NULL),
(666, 16, 666, 40000, 1, NULL),
(667, 16, 667, 40000, 1, NULL),
(668, 16, 668, 40000, 1, NULL),
(669, 16, 669, 40000, 1, NULL),
(670, 16, 670, 40000, 1, NULL),
(671, 16, 671, 40000, 1, NULL),
(672, 16, 672, 40000, 1, NULL),
(673, 16, 673, 40000, 1, NULL),
(674, 16, 674, 40000, 1, NULL),
(675, 16, 675, 40000, 1, NULL),
(676, 16, 676, 40000, 1, NULL),
(677, 12, 677, 40000, 0, NULL),
(678, 12, 678, 40000, 1, NULL),
(679, 12, 679, 40000, 1, NULL),
(680, 12, 680, 40000, 1, NULL),
(681, 12, 681, 40000, 1, NULL),
(682, 12, 682, 40000, 1, NULL),
(683, 12, 683, 40000, 1, NULL),
(684, 12, 684, 40000, 1, NULL),
(685, 12, 685, 40000, 1, NULL),
(686, 53, 686, 40000, 1, NULL),
(687, 53, 687, 40000, 1, NULL),
(688, 53, 688, 40000, 1, NULL),
(689, 53, 689, 40000, 1, NULL),
(690, 53, 690, 40000, 1, NULL),
(691, 53, 691, 40000, 1, NULL),
(692, 53, 692, 40000, 1, NULL),
(693, 53, 693, 40000, 1, NULL),
(694, 48, 694, 40000, 1, NULL),
(695, 48, 695, 40000, 1, NULL),
(696, 48, 696, 40000, 1, NULL),
(697, 48, 697, 40000, 1, NULL),
(698, 48, 698, 40000, 1, NULL),
(699, 48, 699, 40000, 1, NULL),
(700, 48, 700, 40000, 1, NULL),
(701, 48, 701, 40000, 1, NULL),
(702, 48, 702, 40000, 1, NULL),
(703, 48, 703, 40000, 1, NULL),
(704, 48, 704, 40000, 1, NULL),
(705, 55, 705, 40000, 1, NULL),
(706, 55, 706, 40000, 1, NULL),
(707, 55, 707, 40000, 1, NULL),
(708, 55, 708, 40000, 1, NULL),
(709, 55, 709, 40000, 1, NULL),
(710, 55, 710, 40000, 1, NULL),
(711, 55, 711, 40000, 1, NULL),
(712, 39, 712, 40000, 1, NULL),
(713, 39, 713, 40000, 1, NULL),
(714, 39, 714, 40000, 1, NULL),
(715, 39, 715, 40000, 1, NULL),
(716, 39, 716, 40000, 1, NULL),
(717, 39, 717, 40000, 1, NULL),
(718, 39, 718, 40000, 1, NULL),
(719, 39, 719, 40000, 1, NULL),
(720, 39, 720, 40000, 1, NULL),
(721, 64, 721, 35000, 0, '2019-05-07 16:00:33'),
(722, 64, 722, 35000, 0, '2019-05-07 16:00:55');

-- --------------------------------------------------------

--
-- Cấu trúc bảng cho bảng `sizes`
--

CREATE TABLE IF NOT EXISTS `sizes` (
  `id` int(3) UNSIGNED NOT NULL AUTO_INCREMENT,
  `name` varchar(30) COLLATE utf8_unicode_ci NOT NULL,
  `status` tinyint(1) UNSIGNED NOT NULL DEFAULT '1',
  PRIMARY KEY (`id`)
) ENGINE=InnoDB AUTO_INCREMENT=6 DEFAULT CHARSET=utf8 COLLATE=utf8_unicode_ci;

--
-- Đang đổ dữ liệu cho bảng `sizes`
--

INSERT INTO `sizes` (`id`, `name`, `status`) VALUES
(2, 'S', 1),
(3, 'M', 1),
(4, 'L', 1),
(5, 'SizeFree', 1);

-- --------------------------------------------------------

--
-- Cấu trúc bảng cho bảng `slideshow`
--

CREATE TABLE IF NOT EXISTS `slideshow` (
  `id` int(3) UNSIGNED NOT NULL AUTO_INCREMENT,
  `name` varchar(255) COLLATE utf8_unicode_ci NOT NULL,
  `caption` text COLLATE utf8_unicode_ci,
  `status` tinyint(1) UNSIGNED NOT NULL DEFAULT '0',
  `deletable` tinyint(1) NOT NULL DEFAULT '1',
  PRIMARY KEY (`id`)
) ENGINE=InnoDB AUTO_INCREMENT=2 DEFAULT CHARSET=utf8 COLLATE=utf8_unicode_ci;

--
-- Đang đổ dữ liệu cho bảng `slideshow`
--

INSERT INTO `slideshow` (`id`, `name`, `caption`, `status`, `deletable`) VALUES
(1, 'Mặc định', 'Đây là slideshow mặc định và không thể xóa', 1, 0);

-- --------------------------------------------------------

--
-- Cấu trúc bảng cho bảng `slideshow_slides`
--

CREATE TABLE IF NOT EXISTS `slideshow_slides` (
  `id` int(11) UNSIGNED NOT NULL AUTO_INCREMENT,
  `slideshow_id` int(3) UNSIGNED NOT NULL,
  `url` varchar(255) COLLATE utf8_unicode_ci NOT NULL,
  `link` text COLLATE utf8_unicode_ci NOT NULL,
  PRIMARY KEY (`id`)
) ENGINE=InnoDB AUTO_INCREMENT=67 DEFAULT CHARSET=utf8 COLLATE=utf8_unicode_ci;

--
-- Đang đổ dữ liệu cho bảng `slideshow_slides`
--

INSERT INTO `slideshow_slides` (`id`, `slideshow_id`, `url`, `link`) VALUES
(62, 1, '/source/Slideshow/thiep.jpg', 'https://annhanprinting.com/thiep-cuoi-hien-dai'),
(63, 1, '/source/Slideshow/nhan2.jpg', ''),
(64, 1, '/source/Slideshow/danhthiep.jpg', ''),
(65, 1, '/source/Slideshow/nhan.jpg', ''),
(66, 1, '/source/Slideshow/cataloge.jpg', '');

-- --------------------------------------------------------

--
-- Cấu trúc bảng cho bảng `user_groups`
--

CREATE TABLE IF NOT EXISTS `user_groups` (
  `id` int(11) UNSIGNED NOT NULL AUTO_INCREMENT,
  `group_name` varchar(100) COLLATE utf8_unicode_ci NOT NULL,
  `status` tinyint(1) NOT NULL DEFAULT '1',
  `is_deletable` tinyint(1) NOT NULL DEFAULT '1',
  PRIMARY KEY (`id`)
) ENGINE=MyISAM AUTO_INCREMENT=13 DEFAULT CHARSET=utf8 COLLATE=utf8_unicode_ci;

--
-- Đang đổ dữ liệu cho bảng `user_groups`
--

INSERT INTO `user_groups` (`id`, `group_name`, `status`, `is_deletable`) VALUES
(1, 'Quản trị', 1, 0),
(2, 'Khách hàng', 1, 0),
(4, 'Kế toán', 1, 0),
(7, 'Kinh doanh', 1, 0),
(8, 'Lập trình', 1, 0),
(11, 'Tên nhóm mới', 1, 1),
(12, 'Nhóm có thể xóa được', 1, 1);
COMMIT;

