	(143,NULL,'VGL 450 ','MÁY ÉP TẠO RÃNH SÁCH BÌA CỨNG','may-ep-tao-ranh-sach-bia-cung','/source/may moc/mayeptaoranhsachbiacung/z7208634201700_2f922f4964cd92e944bb752aec8e3c2b.jpg','/source/may moc/mayeptaoranhsachbiacung/z7208634201700_2f922f4964cd92e944bb752aec8e3c2b.jpg',NULL,0,0,'<p>VGL‑450 là mã sản phẩm của máy tạo rãnh mịn trên bìa cứng (sổ sách, bìa da) do hãng WUJIA sản xuất. Còn được biết đến với các tên gọi như máy cấn gân bìa cứng, máy cấn đường gấp bìa, máy ép rãnh bìa hay máy cho bìa sổ da – nhưng tất cả đều hướng đến một kết quả: bìa sách hoàn hảo.</p>\r\n<p><strong>Mục đích chính tạo rãnh bìa sắc nét, bền lâu:</strong> thiết bị tạo rãnh mịn giúp bìa cứng sổ, sách không bị vỡ hay gãy dù mở đi mở lại hàng trăm lần, nâng tầm thẩm mỹ cho sản phẩm.</p>\r\n<p><strong>Thiết kế thông minh, thao tác dễ dàng:</strong> cấu trúc cân bằng áp lực, đơn giản, cho phép bạn điều chỉnh linh hoạt mà không mất nhiều công sức.</p>\r\n<p><strong>Hiệu suất cao, chính xác tuyệt đối:</strong> mỗi lần ép, mỗi đường gân đều, ổn định, đảm bảo chất lượng đồng đều cho mọi sản phẩm.</p>\r\n<p><strong>Công nghệ khí nén hiện đại:</strong> thay cho cơ học truyền thống, khí nén giúp tăng năng suất, giảm mệt mỏi và nâng cao hiệu quả sản xuất.</p>\r\n<p><strong>Nhiệt độ linh hoạt 0–300 °C:</strong> dễ dàng tùy chỉnh theo nhu cầu, vận hành êm ái, an toàn.</p>','<p><strong>1. Th&ocirc;ng số sản phẩm<br /></strong></p>\r\n<table style=\"width: 80%; border-collapse: collapse; height: 255px;\" border=\"1\" cellpadding=\"5\">\r\n<tbody>\r\n<tr style=\"height: 18px;\">\r\n<td style=\"width: 50%; height: 18px;\"><strong>MODEL</strong></td>\r\n<td style=\"width: 50%; height: 18px;\"><strong>VGL-450</strong></td>\r\n</tr>\r\n<tr style=\"height: 36px;\">\r\n<td style=\"width: 50%; height: 36px;\">Chiều rộng l&agrave;m việc tối đa (chiều &eacute;p tạo r&atilde;nh g&aacute;y s&aacute;ch)</td>\r\n<td style=\"width: 50%; height: 36px;\">450 mm</td>\r\n</tr>\r\n<tr style=\"height: 18px;\">\r\n<td style=\"width: 50%; height: 18px;\">Chiều d&agrave;y g&aacute;y s&aacute;ch</td>\r\n<td style=\"width: 50%; height: 18px;\">70 mm (Qu&yacute; kh&aacute;ch c&oacute; thể đặt h&agrave;ng 100 mm)</td>\r\n</tr>\r\n<tr style=\"height: 18px;\">\r\n<td style=\"width: 50%; height: 18px;\">Độ rộng r&atilde;nh &eacute;p</td>\r\n<td style=\"width: 50%; height: 18px;\">3 mm</td>\r\n</tr>\r\n<tr style=\"height: 21px;\">\r\n<td style=\"width: 50%; height: 21px;\">Phạm vi nhiệt độ (c&oacute; thể t&ugrave;y chỉnh)</td>\r\n<td style=\"width: 50%; height: 21px;\">0 - 300<sup>o</sup>C</td>\r\n</tr>\r\n<tr style=\"height: 18px;\">\r\n<td style=\"width: 50%; height: 18px;\">Điện &aacute;p sử dụng</td>\r\n<td style=\"width: 50%; height: 18px;\">AC 220V / 50Hz</td>\r\n</tr>\r\n<tr style=\"height: 18px;\">\r\n<td style=\"width: 50%; height: 18px;\">C&ocirc;ng suất điện</td>\r\n<td style=\"width: 50%; height: 18px;\">500W</td>\r\n</tr>\r\n<tr style=\"height: 18px;\">\r\n<td style=\"width: 50%; height: 18px;\">B&igrave;nh hơi/ m&aacute;y kh&iacute; n&eacute;n</td>\r\n<td style=\"width: 50%; height: 18px;\">Tối thiểu 30L, 3HP</td>\r\n</tr>\r\n<tr style=\"height: 18px;\">\r\n<td style=\"width: 50%; height: 18px;\">Cơ chế hoạt động</td>\r\n<td style=\"width: 50%; height: 18px;\">Sử dụng c&oacute;c đạp tự động &eacute;p bằng kh&iacute; n&eacute;n</td>\r\n</tr>\r\n<tr style=\"height: 18px;\">\r\n<td style=\"width: 50%; height: 18px;\">&Aacute;p suất kh&iacute; n&eacute;n hoạt động</td>\r\n<td style=\"width: 50%; height: 18px;\">0.2 &ndash; 0.8 Mpa</td>\r\n</tr>\r\n<tr style=\"height: 18px;\">\r\n<td style=\"width: 50%; height: 18px;\">&Aacute;p lực &eacute;p</td>\r\n<td style=\"width: 50%; height: 18px;\">10 -100 kg</td>\r\n</tr>\r\n<tr style=\"height: 18px;\">\r\n<td style=\"width: 50%; height: 18px;\">Trọng lượng m&aacute;y</td>\r\n<td style=\"width: 50%; height: 18px;\">~ 50 kg</td>\r\n</tr>\r\n<tr style=\"height: 18px;\">\r\n<td style=\"width: 50%; height: 18px;\">K&iacute;ch thước m&aacute;y</td>\r\n<td style=\"width: 50%; height: 18px;\">~ 740 x 460 x 930 mm</td>\r\n</tr>\r\n</tbody>\r\n</table>\r\n<p><strong>2. Video của sản phẩm</strong></p>\r\n<p><strong><br /><br /></strong><strong>3. Ch&iacute;nh s&aacute;ch bảo h&agrave;nh</strong></p>\r\n<ul>\r\n<li>Bảo h&agrave;nh: 12 th&aacute;ng</li>\r\n<li>Giao h&agrave;ng, lắp đặt, hỗ trợ kỹ thuật miễn ph&iacute; trong khu vực Th&agrave;nh Phố Hồ Ch&iacute; Minh ( cũ )<br /><br /><span style=\"color: #ff0000;\"><strong>Lưu &yacute;:</strong></span></li>\r\n</ul>\r\n<p><span style=\"color: #ff0000;\"><em>&ndash; Kh&aacute;ch h&agrave;ng chuẩn bị b&igrave;nh hơi/ m&aacute;y n&eacute;n kh&iacute; để m&aacute;y hoạt động.</em></span></p>',0,0,17,'2025-11-10 15:24:22','2025-11-10 15:25:42',1,'MÁY ÉP TẠO RÃNH SÁCH BÌA CỨNG','MÁY ÉP TẠO RÃNH SÁCH BÌA CỨNG','VGL‑450 là mã sản phẩm của máy tạo rãnh mịn trên bìa cứng','',0),
	(144,NULL,'','Trụ dao cấn 2 đầu máy bế KTS AVITECH','tru-dao-can-2-dau-may-be-kts-avitech','/source/vattuinnhanh/tru dao AVITECH/Trudaocan2dau/DSC02786.jpg','/source/vattuinnhanh/tru dao AVITECH/Trudaocan2dau/DSC02765.jpg',NULL,0,0,'','',0,0,1,'2025-11-13 08:16:57',NULL,1,'Trụ dao cấn 2 đầu máy bế KTS AVITECH','Trụ dao cấn 2 đầu máy bế KTS AVITECH','Trụ dao cấn 2 đầu máy bế KTS AVITECH','',0);



# Dump of table province
# ------------------------------------------------------------


CREATE TABLE `province` (
  `id` int(10) unsigned NOT NULL AUTO_INCREMENT,
  `region_id` int(10) unsigned NOT NULL,
  `name` varchar(50) COLLATE utf8mb4_unicode_ci DEFAULT NULL,
  `prefix` varchar(50) COLLATE utf8mb4_unicode_ci DEFAULT NULL,
  `code` varchar(20) COLLATE utf8mb4_unicode_ci DEFAULT NULL,
  `status` tinyint(3) unsigned NOT NULL DEFAULT '1',
  PRIMARY KEY (`id`)
) ENGINE=InnoDB DEFAULT CHARSET=utf8mb4 COLLATE=utf8mb4_unicode_ci;


INSERT INTO `province` (`id`, `region_id`, `name`, `prefix`, `code`, `status`)
VALUES
	(1,3,'Hồ Chí Minh','Thành phố','SG',1),
	(2,1,'Hà Nội','Thành phố','HN',1),
	(3,2,'Đà Nẵng','Thành phố','DDN',1),
	(4,3,'Bình Dương',NULL,'BD',1),
	(5,3,'Đồng Nai','Tỉnh','DNA',1),
	(6,2,'Khánh Hòa','Tỉnh','KH',1),
	(7,2,'Hải Phòng',NULL,'HP',1),
	(8,3,'Long An','Tỉnh','LA',1),
	(9,2,'Quảng Nam',NULL,'QNA',1),
	(10,3,'Bà Rịa Vũng Tàu',NULL,'VT',1),
	(11,2,'Đắk Lắk',NULL,'DDL',1),
	(12,3,'Cần Thơ',NULL,'CT',1),
	(13,2,'Bình Thuận  ',NULL,'BTH',1),
	(14,2,'Lâm Đồng',NULL,'LDD',1),
	(15,2,'Thừa Thiên Huế',NULL,'TTH',1),
	(16,3,'Kiên Giang',NULL,'KG',1),
	(17,1,'Bắc Ninh',NULL,'BN',1),
	(18,1,'Quảng Ninh',NULL,'QNI',1),
	(19,2,'Thanh Hóa',NULL,'TH',1),
	(20,2,'Nghệ An',NULL,'NA',1),
	(21,1,'Hải Dương',NULL,'HD',1),
	(22,2,'Gia Lai',NULL,'GL',1),
	(23,3,'Bình Phước',NULL,'BP',1),
	(24,1,'Hưng Yên',NULL,'HY',1),
	(25,2,'Bình Định',NULL,'BDD',1),
	(26,3,'Tiền Giang',NULL,'TG',1),
	(27,1,'Thái Bình',NULL,'TB',1),
	(28,1,'Bắc Giang',NULL,'BG',1),
	(29,1,'Hòa Bình',NULL,'HB',1),
	(30,3,'An Giang',NULL,'AG',1),
	(31,1,'Vĩnh Phúc',NULL,'VP',1),
	(32,3,'Tây Ninh',NULL,'TNI',1),
	(33,1,'Thái Nguyên',NULL,'TN',1),
	(34,1,'Lào Cai',NULL,'LCA',1),
	(35,1,'Nam Định',NULL,'NDD',1),
	(36,2,'Quảng Ngãi',NULL,'QNG',1),
	(37,3,'Bến Tre',NULL,'BTR',1),
	(38,2,'Đắk Nông',NULL,'DNO',1),
	(39,3,'Cà Mau',NULL,'CM',1),
	(40,3,'Vĩnh Long',NULL,'VL',1),
	(41,1,'Ninh Bình',NULL,'NB',1),
	(42,1,'Phú Thọ',NULL,'PT',1),
	(43,2,'Ninh Thuận',NULL,'NT',1),
	(44,2,'Phú Yên',NULL,'PY',1),
	(45,1,'Hà Nam',NULL,'HNA',1),
	(46,2,'Hà Tĩnh',NULL,'HT',1),
	(47,3,'Đồng Tháp',NULL,'DDT',1),
	(48,3,'Sóc Trăng',NULL,'ST',1),
	(49,2,'Kon Tum',NULL,'KT',1),
	(50,2,'Quảng Bình',NULL,'QB',1),
	(51,2,'Quảng Trị',NULL,'QT',1),
	(52,3,'Trà Vinh',NULL,'TV',1),
	(53,3,'Hậu Giang',NULL,'HGI',1),
	(54,1,'Sơn La',NULL,'SL',1),
	(55,3,'Bạc Liêu',NULL,'BL',1),
	(56,1,'Yên Bái',NULL,'YB',1),
	(57,1,'Tuyên Quang',NULL,'TQ',1),
	(58,1,'Điện Biên',NULL,'DDB',1),
	(59,1,'Lai Châu',NULL,'LCH',1),
	(60,1,'Lạng Sơn',NULL,'LS',1),
	(61,1,'Hà Giang',NULL,'HG',1),
	(62,1,'Bắc Kạn',NULL,'BK',1),
	(63,1,'Cao Bằng',NULL,'CB',1),
	(64,1,'test tỉnh thành',NULL,NULL,1);



# Dump of table quality
# ------------------------------------------------------------


CREATE TABLE `quality` (
  `id` int(11) NOT NULL AUTO_INCREMENT,
  `title` varchar(50) COLLATE utf8mb4_unicode_ci DEFAULT NULL,
  `icon` varchar(50) COLLATE utf8mb4_unicode_ci DEFAULT NULL,
  `content` mediumtext COLLATE utf8mb4_unicode_ci,
  `url` varchar(255) COLLATE utf8mb4_unicode_ci DEFAULT NULL,
  PRIMARY KEY (`id`) USING BTREE
) ENGINE=InnoDB DEFAULT CHARSET=utf8mb4 COLLATE=utf8mb4_unicode_ci COMMENT='chất lượng công ty';


INSERT INTO `quality` (`id`, `title`, `icon`, `content`, `url`)
VALUES
	(8,'Công ty hàng đầu về in nhanh kỹ thuật số','/source/chat-luong-cong-ty/icon-3.jpg','<p>An Nhân có trên 15 năm kinh nghiệm hoạt động trong lĩnh vực in nhanh kỹ thuật số, là công ty hàng đầu về cung cấp giải pháp và máy móc thiết bị cho in nhanh tại Việt Nam.</p>','https://annhan.vn'),
	(9,'Đội ngũ kỹ thuật chuyên nghiệp','/source/chat-luong-cong-ty/icon-2.jpg','<p>Đội ngũ kỹ thuật của công ty được đào tạo chuyên nghiệp về lắp đặt, hướng dẫn, bảo trì và bảo hành cho khách hàng.</p>','https://annhanprinting.com/'),
	(10,'Dịch vụ khách hàng chu đáo - chuyên nghiệp','/source/chat-luong-cong-ty/icon-1.jpg','<p>Mang đến cho khách hàng không chỉ sản phẩm tốt mà là sự trải nghiệm tuyệt vời</p>','https://annhanprinting.com/lien-he-voi-chung-toi');



# Dump of table register_advisory
# ------------------------------------------------------------


CREATE TABLE `register_advisory` (
  `id` int(11) NOT NULL AUTO_INCREMENT,
  `phone` varchar(45) COLLATE utf8mb4_unicode_ci DEFAULT NULL,
  `product` varchar(45) COLLATE utf8mb4_unicode_ci DEFAULT NULL,
  `status` tinyint(4) DEFAULT NULL,
  `created_date` datetime DEFAULT NULL,
  PRIMARY KEY (`id`)
) ENGINE=InnoDB DEFAULT CHARSET=utf8mb4 COLLATE=utf8mb4_unicode_ci;


INSERT INTO `register_advisory` (`id`, `phone`, `product`, `status`, `created_date`)
VALUES
	(1,'12212','12212',NULL,'2021-03-10 22:29:37'),
	(2,'0929055141','http://annhanprinting.md/san-pham/combo-danh-',NULL,'2021-03-10 22:40:13'),
	(3,'0929099399','http://annhanprinting.md/san-pham/combo-danh-',NULL,'2021-03-10 22:40:22'),
	(4,'0971287168','3',NULL,'2021-05-03 14:29:54'),
	(5,NULL,NULL,NULL,'2023-12-30 06:33:23');



# Dump of table shipping_fee
# ------------------------------------------------------------


CREATE TABLE `shipping_fee` (
  `id` int(10) unsigned NOT NULL AUTO_INCREMENT,
  `province_id` int(10) unsigned NOT NULL,
  `district_id` int(10) unsigned DEFAULT NULL,
  `fee` bigint(20) NOT NULL DEFAULT '0',
  `status` tinyint(3) unsigned DEFAULT '1',
  `created_at` datetime DEFAULT NULL,
  PRIMARY KEY (`id`)
) ENGINE=InnoDB DEFAULT CHARSET=utf8mb4 COLLATE=utf8mb4_unicode_ci;


INSERT INTO `shipping_fee` (`id`, `province_id`, `district_id`, `fee`, `status`, `created_at`)
VALUES
	(1,2,1,40000,1,NULL),
	(2,2,2,40000,1,NULL),
	(3,2,3,40000,1,NULL),
	(4,2,4,40000,1,NULL),
	(5,2,5,40000,1,NULL),
	(6,2,6,40000,1,NULL),
	(7,2,7,40000,1,NULL),
	(8,2,8,40000,1,NULL),
	(9,2,9,40000,1,NULL),
	(10,2,10,40000,1,NULL),
	(11,2,11,40000,1,NULL),
	(12,2,12,40000,1,NULL),
	(13,2,13,40000,1,NULL),
	(14,2,14,40000,1,NULL),
	(15,2,15,40000,1,NULL),
	(16,61,16,40000,1,NULL),
	(17,61,17,40000,1,NULL),
	(18,61,18,40000,1,NULL),
	(19,61,19,40000,1,NULL),
	(20,61,20,40000,1,NULL),
	(21,61,21,40000,1,NULL),
	(22,61,22,40000,1,NULL),
	(23,61,23,40000,1,NULL),
	(24,61,24,40000,1,NULL),
	(25,61,25,40000,1,NULL),
	(26,61,26,40000,1,NULL),
	(27,63,27,40000,1,NULL),
	(28,63,28,40000,1,NULL),
	(29,63,29,40000,1,NULL),
	(30,63,30,40000,1,NULL),
	(31,63,31,40000,1,NULL),
	(32,63,32,40000,1,NULL),
	(33,63,33,40000,1,NULL),
	(34,63,34,40000,1,NULL),
	(35,63,35,40000,1,NULL),
	(36,63,36,40000,1,NULL),
	(37,63,37,40000,1,NULL),
	(38,63,38,40000,1,NULL),
	(39,63,39,40000,1,NULL),
	(40,62,40,40000,1,NULL),
	(41,62,41,40000,1,NULL),
	(42,62,42,40000,1,NULL),
	(43,62,43,40000,1,NULL),
	(44,62,44,40000,1,NULL),
	(45,62,45,40000,1,NULL),
	(46,62,46,40000,1,NULL),
	(47,62,47,40000,1,NULL),
	(48,57,48,40000,1,NULL),
	(49,57,49,40000,1,NULL),
	(50,57,50,40000,1,NULL),
	(51,57,51,40000,1,NULL),
	(52,57,52,40000,1,NULL),
	(53,57,53,40000,1,NULL),
	(54,57,54,40000,1,NULL),
	(55,34,55,40000,1,NULL),
	(56,34,56,40000,1,NULL),
	(57,34,57,40000,1,NULL),
	(58,34,58,40000,1,NULL),
	(59,34,59,40000,1,NULL),
	(60,34,60,40000,1,NULL),
	(61,34,61,40000,1,NULL),
	(62,34,62,40000,1,NULL),
	(63,34,63,40000,1,NULL),
	(64,58,64,40000,1,NULL),
	(65,58,65,40000,1,NULL),
	(66,58,66,40000,1,NULL),
	(67,58,67,40000,1,NULL),
	(68,58,68,40000,1,NULL),
	(69,58,69,40000,1,NULL),
	(70,58,70,40000,1,NULL),
	(71,58,71,40000,1,NULL),
	(72,58,72,40000,1,NULL),
	(73,58,73,40000,1,NULL),
	(74,59,74,40000,1,NULL),
	(75,59,75,40000,1,NULL),
	(76,59,76,40000,1,NULL),
	(77,59,77,40000,1,NULL),
	(78,59,78,40000,1,NULL),
	(79,59,79,40000,1,NULL),
	(80,59,80,40000,1,NULL),
	(81,59,81,40000,1,NULL),
	(82,54,82,40000,1,NULL),
	(83,54,83,40000,1,NULL),
	(84,54,84,40000,1,NULL),
	(85,54,85,40000,1,NULL),
	(86,54,86,40000,1,NULL),
	(87,54,87,40000,1,NULL),
	(88,54,88,40000,1,NULL),
	(89,54,89,40000,1,NULL),
	(90,54,90,40000,1,NULL),
	(91,54,91,40000,1,NULL),
	(92,54,92,40000,1,NULL),
	(93,54,93,40000,1,NULL),
	(94,56,94,40000,1,NULL),
	(95,56,95,40000,1,NULL),
	(96,56,96,40000,1,NULL),
	(97,56,97,40000,1,NULL),
	(98,56,98,40000,1,NULL),
	(99,56,99,40000,1,NULL),
	(100,56,100,40000,1,NULL),
	(101,56,101,40000,1,NULL),
	(102,56,102,40000,1,NULL),
	(103,29,103,40000,1,NULL),
	(104,29,104,40000,1,NULL),
	(105,29,105,40000,1,NULL),
	(106,29,106,40000,1,NULL),
	(107,29,107,40000,1,NULL),
	(108,29,108,40000,1,NULL),
	(109,29,109,40000,1,NULL),
	(110,29,110,40000,1,NULL),
	(111,29,111,40000,1,NULL),
	(112,29,112,40000,1,NULL),
	(113,29,113,40000,1,NULL),
	(114,33,114,40000,1,NULL),
	(115,33,115,40000,1,NULL),
	(116,33,116,40000,1,NULL),
	(117,33,117,40000,1,NULL),
	(118,33,118,40000,1,NULL),
	(119,33,119,40000,1,NULL),
	(120,33,120,40000,1,NULL),
	(121,33,121,40000,1,NULL),
	(122,33,122,40000,1,NULL),
	(123,33,123,40000,1,NULL),
	(124,33,124,40000,1,NULL),
	(125,33,125,40000,1,NULL),
	(126,33,126,40000,1,NULL),
	(127,33,127,40000,1,NULL),
	(128,33,128,40000,1,NULL),
	(129,33,129,40000,1,NULL),
	(130,60,130,40000,1,NULL),
	(131,60,131,40000,1,NULL),
	(132,60,132,40000,1,NULL),
	(133,60,133,40000,1,NULL),
	(134,60,134,40000,1,NULL),
	(135,60,135,40000,1,NULL),
	(136,60,136,40000,1,NULL),
	(137,60,137,40000,1,NULL),
	(138,60,138,40000,1,NULL),
	(139,60,139,40000,1,NULL),
	(140,60,140,40000,1,NULL),
	(141,18,141,40000,1,NULL),
	(142,18,142,40000,1,NULL),
	(143,18,143,40000,1,NULL),
	(144,18,144,40000,1,NULL),
	(145,18,145,40000,1,NULL),
	(146,18,146,40000,1,NULL),
	(147,18,147,40000,1,NULL),
	(148,18,148,40000,1,NULL),
	(149,18,149,40000,1,NULL),
	(150,18,150,40000,1,NULL),
	(151,18,151,40000,1,NULL),
	(152,18,152,40000,1,NULL),
	(153,18,153,40000,1,NULL),
	(154,18,154,40000,1,NULL),
	(155,28,155,40000,1,NULL),
	(156,28,156,40000,1,NULL),
	(157,28,157,40000,1,NULL),
	(158,28,158,40000,1,NULL),
	(159,28,159,40000,1,NULL),
	(160,28,160,40000,1,NULL),
	(161,28,161,40000,1,NULL),
	(162,28,162,40000,1,NULL),
	(163,28,163,40000,1,NULL),
	(164,28,164,40000,1,NULL),
	(165,42,165,40000,1,NULL),
	(166,42,166,40000,1,NULL),
	(167,42,167,40000,1,NULL),
	(168,42,168,40000,1,NULL),
	(169,42,169,40000,1,NULL),
	(170,42,170,40000,1,NULL),
	(171,42,171,40000,1,NULL),
	(172,42,172,40000,1,NULL),
	(173,42,173,40000,1,NULL),
	(174,42,174,40000,1,NULL),
	(175,42,175,40000,1,NULL),
	(176,42,176,40000,1,NULL),
	(177,42,177,40000,1,NULL),
	(178,31,178,40000,1,NULL),
	(179,31,179,40000,1,NULL),
	(180,31,180,40000,1,NULL),
	(181,31,181,40000,1,NULL),
	(182,31,182,40000,1,NULL),
	(183,31,183,40000,1,NULL),
	(184,2,184,40000,1,NULL),
	(185,31,185,40000,1,NULL),
	(186,31,186,40000,1,NULL),
	(187,31,187,40000,1,NULL),
	(188,17,188,40000,1,NULL),
	(189,17,189,40000,1,NULL),
	(190,17,190,40000,1,NULL),
	(191,17,191,40000,1,NULL),
	(192,17,192,40000,1,NULL),
	(193,17,193,40000,1,NULL),
	(194,17,194,40000,1,NULL),
	(195,17,195,40000,1,NULL),
	(196,2,196,40000,1,NULL),
	(197,2,197,40000,1,NULL),
	(198,2,198,40000,1,NULL),
	(199,2,199,40000,1,NULL),
	(200,2,200,40000,1,NULL),
	(201,2,201,40000,1,NULL),
	(202,2,202,40000,1,NULL),
	(203,2,203,40000,1,NULL),
	(204,2,204,40000,1,NULL),
	(205,2,205,40000,1,NULL),
	(206,2,206,40000,1,NULL),
	(207,2,207,40000,1,NULL),
	(208,2,208,40000,1,NULL),
	(209,2,209,40000,1,NULL),
	(210,21,210,40000,1,NULL),
	(211,21,211,40000,1,NULL),
	(212,21,212,40000,1,NULL),
	(213,21,213,40000,1,NULL),
	(214,21,214,40000,1,NULL),
	(215,21,215,40000,1,NULL),
	(216,21,216,40000,1,NULL),
	(217,21,217,40000,1,NULL),
	(218,21,218,40000,1,NULL),
	(219,21,219,40000,1,NULL),
	(220,21,220,40000,1,NULL),
	(221,21,221,40000,1,NULL),
	(222,7,222,40000,1,NULL),
	(223,7,223,40000,1,NULL),
	(224,7,224,40000,1,NULL),
	(225,7,225,40000,1,NULL),
	(226,7,226,40000,1,NULL),
	(227,7,227,40000,1,NULL),
	(228,7,228,40000,1,NULL),
	(229,7,229,40000,1,NULL),
	(230,7,230,40000,1,NULL),
	(231,7,231,40000,1,NULL),
	(232,7,232,40000,1,NULL),
	(233,7,233,40000,1,NULL),
	(234,7,234,40000,1,NULL),
	(235,7,235,40000,1,NULL),
	(236,7,236,40000,1,NULL),
	(237,24,237,40000,1,NULL),
	(238,24,238,40000,1,NULL),
	(239,24,239,40000,1,NULL),
	(240,24,240,40000,1,NULL),
	(241,24,241,40000,1,NULL),
	(242,24,242,40000,1,NULL),
	(243,24,243,40000,1,NULL),
	(244,24,244,40000,1,NULL),
	(245,24,245,40000,1,NULL),
	(246,24,246,40000,1,NULL),
	(247,27,247,40000,1,NULL),
	(248,27,248,40000,1,NULL),
	(249,27,249,40000,1,NULL),
	(250,27,250,40000,1,NULL),
	(251,27,251,40000,1,NULL),
	(252,27,252,40000,1,NULL),
	(253,27,253,40000,1,NULL),
	(254,27,254,40000,1,NULL),
	(255,45,255,40000,1,NULL),
	(256,45,256,40000,1,NULL),
	(257,45,257,40000,1,NULL),
	(258,45,258,40000,1,NULL),
	(259,45,259,40000,1,NULL),
	(260,45,260,40000,1,NULL),
	(261,35,261,40000,1,NULL),
	(262,35,262,40000,1,NULL),
	(263,35,263,40000,1,NULL),
	(264,35,264,40000,1,NULL),
	(265,35,265,40000,1,NULL),
	(266,35,266,40000,1,NULL),
	(267,35,267,40000,1,NULL),
	(268,35,268,40000,1,NULL),
	(269,35,269,40000,1,NULL),
	(270,35,270,40000,1,NULL),
	(271,41,271,40000,1,NULL),
	(272,41,272,40000,1,NULL),
	(273,41,273,40000,1,NULL),
	(274,41,274,40000,1,NULL),
	(275,41,275,40000,1,NULL),
	(276,41,276,40000,1,NULL),
	(277,41,277,40000,1,NULL),
	(278,41,278,40000,1,NULL),
	(279,19,279,40000,1,NULL),
	(280,19,280,40000,1,NULL),
	(281,19,281,40000,1,NULL),
	(282,19,282,40000,1,NULL),
	(283,19,283,40000,1,NULL),
	(284,19,284,40000,1,NULL),
	(285,19,285,40000,1,NULL),
	(286,19,286,40000,1,NULL),
	(287,19,287,40000,1,NULL),
	(288,19,288,40000,1,NULL),
	(289,19,289,40000,1,NULL),
	(290,19,290,40000,1,NULL),
	(291,19,291,40000,1,NULL),
	(292,19,292,40000,1,NULL),
	(293,19,293,40000,1,NULL),
	(294,19,294,40000,1,NULL),
	(295,19,295,40000,1,NULL),
	(296,19,296,40000,1,NULL),
	(297,19,297,40000,1,NULL),
	(298,19,298,40000,1,NULL),
	(299,19,299,40000,1,NULL),
	(300,19,300,40000,1,NULL),
	(301,19,301,40000,1,NULL),
	(302,19,302,40000,1,NULL),
	(303,19,303,40000,1,NULL),
	(304,19,304,40000,1,NULL),
	(305,19,305,40000,1,NULL),
	(306,20,306,40000,1,NULL),
	(307,20,307,40000,1,NULL),
	(308,20,308,40000,1,NULL),
	(309,20,309,40000,1,NULL),
	(310,20,310,40000,1,NULL),
	(311,20,311,40000,1,NULL),
	(312,20,312,40000,1,NULL),
	(313,20,313,40000,1,NULL),
	(314,20,314,40000,1,NULL),
	(315,20,315,40000,1,NULL),
	(316,20,316,40000,1,NULL),
	(317,20,317,40000,1,NULL),
	(318,20,318,40000,1,NULL),
	(319,20,319,40000,1,NULL),
	(320,20,320,40000,1,NULL),
	(321,20,321,40000,1,NULL),
	(322,20,322,40000,1,NULL),
	(323,20,323,40000,1,NULL),
	(324,20,324,40000,1,NULL),
	(325,20,325,40000,1,NULL),
	(326,20,326,40000,1,NULL),
	(327,46,327,40000,1,NULL),
	(328,46,328,40000,1,NULL),
	(329,46,329,40000,1,NULL),
	(330,46,330,40000,1,NULL),
	(331,46,331,40000,1,NULL),
	(332,46,332,40000,1,NULL),
	(333,46,333,40000,1,NULL),
	(334,46,334,40000,1,NULL),
	(335,46,335,40000,1,NULL),
	(336,46,336,40000,1,NULL),
	(337,46,337,40000,1,NULL),
	(338,46,338,40000,1,NULL),
	(339,46,339,40000,1,NULL),
	(340,50,340,40000,1,NULL),
	(341,50,341,40000,1,NULL),
	(342,50,342,40000,1,NULL),
	(343,50,343,40000,1,NULL),
	(344,50,344,40000,1,NULL),
	(345,50,345,40000,1,NULL),
	(346,50,346,40000,1,NULL),
	(347,50,347,40000,1,NULL),
	(348,51,348,40000,1,NULL),
	(349,51,349,40000,1,NULL),
	(350,51,350,40000,1,NULL),
	(351,51,351,40000,1,NULL),
	(352,51,352,40000,1,NULL),
	(353,51,353,40000,1,NULL),
	(354,51,354,40000,1,NULL),
	(355,51,355,40000,1,NULL),
	(356,51,356,40000,1,NULL),
	(357,51,357,40000,1,NULL),
	(358,15,358,40000,1,NULL),
	(359,15,359,40000,1,NULL),
	(360,15,360,40000,1,NULL),
	(361,15,361,40000,1,NULL),
	(362,15,362,40000,1,NULL),
	(363,15,363,40000,1,NULL),
	(364,15,364,40000,1,NULL),
	(365,15,365,40000,1,NULL),
	(366,15,366,40000,1,NULL),
	(367,3,367,40000,1,NULL),
	(368,3,368,40000,1,NULL),
	(369,3,369,40000,1,NULL),
	(370,3,370,40000,1,NULL),
	(371,3,371,40000,1,NULL),
	(372,3,372,40000,1,NULL),
	(373,3,373,40000,1,NULL),
	(374,3,374,40000,1,NULL),
	(375,9,375,40000,1,NULL),
	(376,9,376,40000,1,NULL),
	(377,9,377,40000,1,NULL),
	(378,9,378,40000,1,NULL),
	(379,9,379,40000,1,NULL),
	(380,9,380,40000,1,NULL),
	(381,9,381,40000,1,NULL),
	(382,9,382,40000,1,NULL),
	(383,9,383,40000,1,NULL),
	(384,9,384,40000,1,NULL),
	(385,9,385,40000,1,NULL),
	(386,9,386,40000,1,NULL),
	(387,9,387,40000,1,NULL),
	(388,9,388,40000,1,NULL),
	(389,9,389,40000,1,NULL),
	(390,9,390,40000,1,NULL),
	(391,9,391,40000,1,NULL),
	(392,9,392,40000,1,NULL),
	(393,36,393,40000,1,NULL),
	(394,36,394,40000,1,NULL),
	(395,36,395,40000,1,NULL),
	(396,36,396,40000,1,NULL),
	(397,36,397,40000,1,NULL),
	(398,36,398,40000,1,NULL),
	(399,36,399,40000,1,NULL),
	(400,36,400,40000,1,NULL),
	(401,36,401,40000,1,NULL),
	(402,36,402,40000,1,NULL),
	(403,36,403,40000,1,NULL),
	(404,36,404,40000,1,NULL),
	(405,36,405,40000,1,NULL),
	(406,36,406,40000,1,NULL),
	(407,25,407,40000,1,NULL),
	(408,25,408,40000,1,NULL),
	(409,25,409,40000,1,NULL),
	(410,25,410,40000,1,NULL),
	(411,25,411,40000,1,NULL),
	(412,25,412,40000,1,NULL),
	(413,25,413,40000,1,NULL),
	(414,25,414,40000,1,NULL),
	(415,25,415,40000,1,NULL),
	(416,25,416,40000,1,NULL),
	(417,25,417,40000,1,NULL),
	(418,44,418,40000,1,NULL),
	(419,44,419,40000,1,NULL),
	(420,44,420,40000,1,NULL),
	(421,44,421,40000,1,NULL),
	(422,44,422,40000,1,NULL),
	(423,44,423,40000,1,NULL),
	(424,44,424,40000,1,NULL),
	(425,44,425,40000,1,NULL),
	(426,44,426,40000,1,NULL),
	(427,6,427,40000,1,NULL),
	(428,6,428,40000,1,NULL),
	(429,6,429,40000,1,NULL),
	(430,6,430,40000,1,NULL),
	(431,6,431,40000,1,NULL),
	(432,6,432,40000,1,NULL),
	(433,6,433,40000,1,NULL),
	(434,6,434,40000,1,NULL),
	(435,6,435,40000,1,NULL),
	(436,43,436,40000,1,NULL),
	(437,43,437,40000,1,NULL),
	(438,43,438,40000,1,NULL),
	(439,43,439,40000,1,NULL),
	(440,43,440,40000,1,NULL),
	(441,43,441,40000,1,NULL),
	(442,43,442,40000,1,NULL),
	(443,13,443,40000,1,NULL),
	(444,13,444,40000,1,NULL),
	(445,13,445,40000,1,NULL),
	(446,13,446,40000,1,NULL),
	(447,13,447,40000,1,NULL),
	(448,13,448,40000,1,NULL),
	(449,13,449,40000,1,NULL),
	(450,13,450,40000,1,NULL),
	(451,13,451,40000,1,NULL),
	(452,13,452,40000,1,NULL),
	(453,49,453,40000,1,NULL),
	(454,49,454,40000,1,NULL),
	(455,49,455,40000,1,NULL),
	(456,49,456,40000,1,NULL),
	(457,49,457,40000,1,NULL),
	(458,49,458,40000,1,NULL),
	(459,49,459,40000,1,NULL),
	(460,49,460,40000,1,NULL),
	(461,49,461,40000,1,NULL),
	(462,49,462,40000,1,NULL),
	(463,22,463,40000,1,NULL),
	(464,22,464,40000,1,NULL),
	(465,22,465,40000,1,NULL),
	(466,22,466,40000,1,NULL),
	(467,22,467,40000,1,NULL),
	(468,22,468,40000,1,NULL),
	(469,22,469,40000,1,NULL),
	(470,22,470,40000,1,NULL),
	(471,22,471,40000,1,NULL),
	(472,22,472,40000,1,NULL),
	(473,22,473,40000,1,NULL),
	(474,22,474,40000,1,NULL),
	(475,22,475,40000,1,NULL),
	(476,22,476,40000,1,NULL),
	(477,22,477,40000,1,NULL),
	(478,22,478,40000,1,NULL),
	(479,22,479,40000,1,NULL),
	(480,11,480,40000,1,NULL),
	(481,11,481,40000,1,NULL),
	(482,11,482,40000,1,NULL),
	(483,11,483,40000,1,NULL),
	(484,11,484,40000,1,NULL),
	(485,11,485,40000,1,NULL),
	(486,11,486,40000,1,NULL),
	(487,11,487,40000,1,NULL),
	(488,11,488,40000,1,NULL),
	(489,11,489,40000,1,NULL),
	(490,11,490,40000,1,NULL),
	(491,11,491,40000,1,NULL),
	(492,11,492,40000,1,NULL),
	(493,11,493,40000,1,NULL),
	(494,11,494,40000,1,NULL),
	(495,38,495,40000,1,NULL),
	(496,38,496,40000,1,NULL),
	(497,38,497,40000,1,NULL),
	(498,38,498,40000,1,NULL),
	(499,38,499,40000,1,NULL),
	(500,38,500,40000,1,NULL),
	(501,38,501,40000,1,NULL),
	(502,38,502,40000,1,NULL),
	(503,14,503,40000,1,NULL),
	(504,14,504,40000,1,NULL),
	(505,14,505,40000,1,NULL),
	(506,14,506,40000,1,NULL),
	(507,14,507,40000,1,NULL),
	(508,14,508,40000,1,NULL),
	(509,14,509,40000,1,NULL),
	(510,14,510,40000,1,NULL),
	(511,14,511,40000,1,NULL),
	(512,14,512,40000,1,NULL),
	(513,14,513,40000,1,NULL),
	(514,14,514,40000,1,NULL),
	(515,23,515,40000,1,NULL),
	(516,23,516,40000,1,NULL),
	(517,23,517,40000,1,NULL),
	(518,23,518,40000,1,NULL),
	(519,23,519,40000,1,NULL),
	(520,23,520,40000,1,NULL),
	(521,23,521,40000,1,NULL),
	(522,23,522,40000,1,NULL),
	(523,23,523,40000,1,NULL),
	(524,23,524,40000,1,NULL),
	(525,23,525,40000,1,NULL),
	(526,32,526,40000,1,NULL),
	(527,32,527,40000,1,NULL),
	(528,32,528,40000,1,NULL),
	(529,32,529,40000,1,NULL),
	(530,32,530,40000,1,NULL),
	(531,32,531,40000,1,NULL),
	(532,32,532,40000,1,NULL),
	(533,32,533,40000,1,NULL),
	(534,32,534,40000,1,NULL),
	(535,4,535,40000,1,NULL),
	(536,4,536,40000,1,NULL),
	(537,4,537,40000,1,NULL),
	(538,4,538,40000,1,NULL),
	(539,4,539,40000,1,NULL),
	(540,4,540,40000,1,NULL),
	(541,4,541,40000,1,NULL),
	(542,4,542,40000,1,NULL),
	(543,4,543,40000,1,NULL),
	(544,5,544,40000,1,NULL),
	(545,5,545,40000,1,NULL),
	(546,5,546,40000,1,NULL),
	(547,5,547,40000,1,NULL),
	(548,5,548,40000,1,NULL),
	(549,5,549,40000,1,NULL),
	(550,5,550,40000,1,NULL),
	(551,5,551,40000,1,NULL),
	(552,5,552,40000,1,NULL),
	(553,5,553,40000,1,NULL),
	(554,5,554,40000,1,NULL),
	(555,10,555,40000,1,NULL),
	(556,10,556,40000,1,NULL),
	(557,10,557,40000,1,NULL),
	(558,10,558,40000,1,NULL),
	(559,10,559,40000,1,NULL),
	(560,10,560,40000,1,NULL),
	(561,10,561,40000,1,NULL),
	(562,10,562,40000,1,NULL),
	(563,1,563,35000,1,NULL),
	(564,1,564,35000,1,NULL),
	(565,1,565,35000,1,NULL),
	(566,1,566,35000,1,NULL),
	(567,1,567,35000,1,NULL),
	(568,1,568,35000,1,NULL),
	(569,1,569,35000,1,NULL),
	(570,1,570,35000,1,NULL),
	(571,1,571,35000,1,NULL),
	(572,1,572,35000,1,NULL),
	(573,1,573,35000,1,NULL),
	(574,1,574,35000,1,NULL),
	(575,1,575,35000,1,NULL),
	(576,1,576,35000,1,NULL),
	(577,1,577,35000,1,NULL),
	(578,1,578,35000,1,NULL),
	(579,1,579,35000,1,NULL),
	(580,1,580,35000,1,NULL),
	(581,1,581,35000,1,NULL),
	(582,1,582,35000,1,NULL),
	(583,1,583,35000,1,NULL),
	(584,1,584,35000,1,NULL),
	(585,1,585,35000,1,NULL),
	(586,1,586,35000,1,NULL),
	(587,8,587,40000,1,NULL),
	(588,8,588,40000,1,NULL),
	(589,8,589,40000,1,NULL),
	(590,8,590,40000,1,NULL),
	(591,8,591,40000,1,NULL),
	(592,8,592,40000,1,NULL),
	(593,8,593,40000,1,NULL),
	(594,8,594,40000,1,NULL),
	(595,8,595,40000,1,NULL),
	(596,8,596,40000,1,NULL),
	(597,8,597,40000,1,NULL),
	(598,8,598,40000,1,NULL),
	(599,8,599,40000,1,NULL),
	(600,8,600,40000,1,NULL),
	(601,8,601,40000,1,NULL),
	(602,26,602,40000,1,NULL),
	(603,26,603,40000,1,NULL),
	(604,26,604,40000,1,NULL),
	(605,26,605,40000,1,NULL),
	(606,26,606,40000,1,NULL),
	(607,26,607,40000,1,NULL),
	(608,26,608,40000,1,NULL),
	(609,26,609,40000,1,NULL),
	(610,26,610,40000,1,NULL),
	(611,26,611,40000,1,NULL),
	(612,26,612,40000,1,NULL),
	(613,37,613,40000,1,NULL),
	(614,37,614,40000,1,NULL),
	(615,37,615,40000,1,NULL),
	(616,37,616,40000,1,NULL),
	(617,37,617,40000,1,NULL),
	(618,37,618,40000,1,NULL),
	(619,37,619,40000,1,NULL),
	(620,37,620,40000,1,NULL),
	(621,37,621,40000,1,NULL),
	(622,52,622,40000,1,NULL),
	(623,52,623,40000,1,NULL),
	(624,52,624,40000,1,NULL),
	(625,52,625,40000,1,NULL),
	(626,52,626,40000,1,NULL),
	(627,52,627,40000,1,NULL),
	(628,52,628,40000,1,NULL),
	(629,52,629,40000,1,NULL),
	(630,52,630,40000,1,NULL),
	(631,40,631,40000,1,NULL),
	(632,40,632,40000,1,NULL),
	(633,40,633,40000,1,NULL),
	(634,40,634,40000,1,NULL),
	(635,40,635,40000,1,NULL),
	(636,40,636,40000,1,NULL),
	(637,40,637,40000,1,NULL),
	(638,40,638,40000,1,NULL),
	(639,47,639,40000,1,NULL),
	(640,47,640,40000,1,NULL),
	(641,47,641,40000,1,NULL),
	(642,47,642,40000,1,NULL),
	(643,47,643,40000,1,NULL),
	(644,47,644,40000,1,NULL),
	(645,47,645,40000,1,NULL),
	(646,47,646,40000,1,NULL),
	(647,47,647,40000,1,NULL),
	(648,47,648,40000,1,NULL),
	(649,47,649,40000,1,NULL),
	(650,47,650,40000,1,NULL),
	(651,30,651,40000,1,NULL),
	(652,30,652,40000,1,NULL),
	(653,30,653,40000,1,NULL),
	(654,30,654,40000,1,NULL),
	(655,30,655,40000,1,NULL),
	(656,30,656,40000,1,NULL),
	(657,30,657,40000,1,NULL),
	(658,30,658,40000,1,NULL),
	(659,30,659,40000,1,NULL),
	(660,30,660,40000,1,NULL),
	(661,30,661,40000,1,NULL),
	(662,16,662,40000,1,NULL),
	(663,16,663,40000,1,NULL),
	(664,16,664,40000,1,NULL),
	(665,16,665,40000,1,NULL),
	(666,16,666,40000,1,NULL),
	(667,16,667,40000,1,NULL),
	(668,16,668,40000,1,NULL),
	(669,16,669,40000,1,NULL),
	(670,16,670,40000,1,NULL),
	(671,16,671,40000,1,NULL),
	(672,16,672,40000,1,NULL),
	(673,16,673,40000,1,NULL),
	(674,16,674,40000,1,NULL),
	(675,16,675,40000,1,NULL),
	(676,16,676,40000,1,NULL),
	(677,12,677,40000,0,NULL),
	(678,12,678,40000,1,NULL),
	(679,12,679,40000,1,NULL),
	(680,12,680,40000,1,NULL),
	(681,12,681,40000,1,NULL),
	(682,12,682,40000,1,NULL),
	(683,12,683,40000,1,NULL),
	(684,12,684,40000,1,NULL),
	(685,12,685,40000,1,NULL),
	(686,53,686,40000,1,NULL),
	(687,53,687,40000,1,NULL),
	(688,53,688,40000,1,NULL),
	(689,53,689,40000,1,NULL),
	(690,53,690,40000,1,NULL),
	(691,53,691,40000,1,NULL),
	(692,53,692,40000,1,NULL),
	(693,53,693,40000,1,NULL),
	(694,48,694,40000,1,NULL),
	(695,48,695,40000,1,NULL),
	(696,48,696,40000,1,NULL),
	(697,48,697,40000,1,NULL),
	(698,48,698,40000,1,NULL),
	(699,48,699,40000,1,NULL),
	(700,48,700,40000,1,NULL),
	(701,48,701,40000,1,NULL),
	(702,48,702,40000,1,NULL),
	(703,48,703,40000,1,NULL),
	(704,48,704,40000,1,NULL),
	(705,55,705,40000,1,NULL),
	(706,55,706,40000,1,NULL),
	(707,55,707,40000,1,NULL),
	(708,55,708,40000,1,NULL),
	(709,55,709,40000,1,NULL),
	(710,55,710,40000,1,NULL),
	(711,55,711,40000,1,NULL),
	(712,39,712,40000,1,NULL),
	(713,39,713,40000,1,NULL),
	(714,39,714,40000,1,NULL),
	(715,39,715,40000,1,NULL),
	(716,39,716,40000,1,NULL),
	(717,39,717,40000,1,NULL),
	(718,39,718,40000,1,NULL),
	(719,39,719,40000,1,NULL),
	(720,39,720,40000,1,NULL),
	(721,64,721,35000,0,'2019-05-07 16:00:33'),
	(722,64,722,35000,0,'2019-05-07 16:00:55');



# Dump of table sizes
# ------------------------------------------------------------


CREATE TABLE `sizes` (
  `id` int(10) unsigned NOT NULL AUTO_INCREMENT,
  `name` varchar(30) COLLATE utf8mb4_unicode_ci NOT NULL,
  `status` tinyint(3) unsigned NOT NULL DEFAULT '1',
  PRIMARY KEY (`id`)
) ENGINE=InnoDB DEFAULT CHARSET=utf8mb4 COLLATE=utf8mb4_unicode_ci;


INSERT INTO `sizes` (`id`, `name`, `status`)
VALUES
	(2,'S',1),
	(3,'M',1),
	(4,'L',1),
	(5,'SizeFree',1);



# Dump of table slideshow
# ------------------------------------------------------------


CREATE TABLE `slideshow` (
  `id` int(10) unsigned NOT NULL AUTO_INCREMENT,
  `name` varchar(255) COLLATE utf8mb4_unicode_ci NOT NULL,
  `caption` text COLLATE utf8mb4_unicode_ci,
  `status` tinyint(3) unsigned NOT NULL DEFAULT '0',
  `deletable` tinyint(1) NOT NULL DEFAULT '1',
  PRIMARY KEY (`id`)
) ENGINE=InnoDB DEFAULT CHARSET=utf8mb4 COLLATE=utf8mb4_unicode_ci;


INSERT INTO `slideshow` (`id`, `name`, `caption`, `status`, `deletable`)
VALUES
	(1,'Mặc định','Đây là slideshow mặc định và không thể xóa',1,0),
	(3,'anpack',NULL,0,1);



# Dump of table slideshow_slides
# ------------------------------------------------------------


CREATE TABLE `slideshow_slides` (
  `id` int(10) unsigned NOT NULL AUTO_INCREMENT,
  `slideshow_id` int(10) unsigned NOT NULL,
  `url` varchar(255) COLLATE utf8mb4_unicode_ci NOT NULL,
  `link` text COLLATE utf8mb4_unicode_ci NOT NULL,
  PRIMARY KEY (`id`)
) ENGINE=InnoDB DEFAULT CHARSET=utf8mb4 COLLATE=utf8mb4_unicode_ci;


INSERT INTO `slideshow_slides` (`id`, `slideshow_id`, `url`, `link`)
VALUES
	(161,3,'/source/banner/5301105-02.jpg',''),
	(250,1,'/source/slider/banner-MAY-BE-AVITECH-1211.jpg',''),
	(251,1,'/source/slider/banner 1 (1).jpg',''),
	(252,1,'/source/slider/slider-1.jpg',''),
	(253,1,'/source/slider/slider2 (1).jpg',''),
	(254,1,'/source/slider/slider-4.jpg',''),
	(255,1,'/source/slider/slider4.jpg',''),
	(256,1,'/source/slider/may bo avitech-01.jpg',''),
	(257,1,'/source/banner/banner may-AMD360D-01.jpg','');



# Dump of table user_groups
# ------------------------------------------------------------


CREATE TABLE `user_groups` (
  `id` int(10) unsigned NOT NULL AUTO_INCREMENT,
  `group_name` varchar(100) COLLATE utf8mb4_unicode_ci NOT NULL,
  `status` tinyint(1) NOT NULL DEFAULT '1',
  `is_deletable` tinyint(1) NOT NULL DEFAULT '1',
  PRIMARY KEY (`id`)
) ENGINE=MyISAM DEFAULT CHARSET=utf8mb4 COLLATE=utf8mb4_unicode_ci;


INSERT INTO `user_groups` (`id`, `group_name`, `status`, `is_deletable`)
VALUES
	(1,'Quản trị',1,0),
	(2,'Khách hàng',1,0),
	(4,'Kế toán',1,0),
	(7,'Kinh doanh',1,0),
	(8,'Lập trình',1,0),
	(11,'Tên nhóm mới',1,1),
	(12,'Nhóm có thể xóa được',1,1);



# Dump of table user_oauth_provider
# ------------------------------------------------------------


CREATE TABLE `user_oauth_provider` (
  `id` int(10) unsigned NOT NULL AUTO_INCREMENT,
  `user_id` int(10) unsigned NOT NULL,
  `oauth_provider_id` int(10) unsigned NOT NULL,
  `oauth_id` varchar(100) COLLATE utf8mb4_unicode_ci NOT NULL,
  `token` varchar(255) COLLATE utf8mb4_unicode_ci DEFAULT NULL,
  PRIMARY KEY (`id`)
) ENGINE=InnoDB DEFAULT CHARSET=utf8mb4 COLLATE=utf8mb4_unicode_ci;



# Dump of table users
# ------------------------------------------------------------


CREATE TABLE `users` (
  `id` int(10) unsigned NOT NULL AUTO_INCREMENT,
  `username` varchar(50) COLLATE utf8mb4_unicode_ci DEFAULT NULL,
  `avatar` varchar(255) COLLATE utf8mb4_unicode_ci DEFAULT NULL,
  `firstname` varchar(30) COLLATE utf8mb4_unicode_ci DEFAULT NULL,
  `lastname` varchar(30) COLLATE utf8mb4_unicode_ci DEFAULT NULL,
  `email` varchar(50) COLLATE utf8mb4_unicode_ci DEFAULT NULL,
  `mobile_no` varchar(30) COLLATE utf8mb4_unicode_ci DEFAULT NULL,
  `sex` varchar(30) COLLATE utf8mb4_unicode_ci DEFAULT NULL,
  `password` varchar(255) COLLATE utf8mb4_unicode_ci DEFAULT NULL,
  `address` mediumtext COLLATE utf8mb4_unicode_ci,
  `role` tinyint(4) NOT NULL DEFAULT '1',
  `is_active` tinyint(1) NOT NULL DEFAULT '1',
  `is_verify` tinyint(1) NOT NULL DEFAULT '0',
  `is_admin` tinyint(1) NOT NULL DEFAULT '0',
  `is_visible` tinyint(1) NOT NULL DEFAULT '1',
  `is_deletable` tinyint(1) NOT NULL DEFAULT '1',
  `token` varchar(255) COLLATE utf8mb4_unicode_ci DEFAULT NULL,
  `password_reset_code` varchar(255) COLLATE utf8mb4_unicode_ci DEFAULT NULL,
  `password_forgot_at` datetime DEFAULT NULL,
  `last_ip` varchar(30) COLLATE utf8mb4_unicode_ci DEFAULT NULL,
  `last_login` datetime DEFAULT NULL,
  `created_at` datetime NOT NULL,
  `updated_at` datetime NOT NULL,
  PRIMARY KEY (`id`)
) ENGINE=MyISAM DEFAULT CHARSET=utf8mb4 COLLATE=utf8mb4_unicode_ci;


INSERT INTO `users` (`id`, `username`, `avatar`, `firstname`, `lastname`, `email`, `mobile_no`, `sex`, `password`, `address`, `role`, `is_active`, `is_verify`, `is_admin`, `is_visible`, `is_deletable`, `token`, `password_reset_code`, `password_forgot_at`, `last_ip`, `last_login`, `created_at`, `updated_at`)
VALUES
	(1,NULL,'/source/SanPham/decal-nhua.jpg','admin','admin','admin@annhan.net','0346164334',NULL,'$2y$10$bVzkcSOFbR1KZnb9v6zwKupmikfu/EeS6urNOWNEOq8ZJnlouGqFq',NULL,1,1,1,1,1,1,'8722c8f495dcee23f39d5519735e1f71',NULL,NULL,NULL,'2023-04-23 21:04:40','2018-12-12 09:46:11','2018-12-12 09:46:11'),
	(44,NULL,NULL,NULL,'hGOIcpXTaJQaQKa','stroud_delbert397189@yahoo.com',NULL,'female','$2y$10$s7TKgMxJWckiX0aaWmPT3.a3YzUkBEMRlvpz9FEvX08b8zTbsbcD6',NULL,2,1,1,0,1,1,'d0fd8a94fc1ae4e734ed016052bde82e',NULL,NULL,NULL,NULL,'2025-03-30 04:42:44','2025-03-30 04:42:44'),
	(43,NULL,NULL,NULL,'FicEgdEA','imodjenm3@gmail.com',NULL,'female','$2y$10$3D/RnDvbODJcLUJDHYJAXuKmEkabCG30C5x6IS3y5OiX8XIdEF50y',NULL,2,1,1,0,1,1,'a4584601f4dfd783c125920f108eab35',NULL,NULL,NULL,NULL,'2025-03-29 01:17:46','2025-03-29 01:17:46'),
	(42,NULL,NULL,NULL,'TestUser','ineqrdlz@testing-your-form.info',NULL,'female','$2y$10$RPVsVBp5bTqnqyLpAUTIsuCQOfbK.ho493vDW3aHCmm6oDdeutdCW',NULL,2,1,1,0,1,1,'c9fb184e2c875a24833f5d6c6e446280',NULL,NULL,NULL,NULL,'2025-03-25 07:04:53','2025-03-25 07:04:53'),
	(41,NULL,NULL,NULL,'MyName','wmrwsouq@testing-your-form.info',NULL,'female','$2y$10$x64PLFHyaz/BnGIRcKSJOOXpbwLywknZylIYuLGTJBunuZwStK8k.',NULL,2,1,1,0,1,1,'b0e23b75572ca0c58ddb6f0986873963',NULL,NULL,NULL,NULL,'2025-03-25 07:04:53','2025-03-25 07:04:53'),
	(40,NULL,NULL,NULL,'Hello','djllcsfn@testing-your-form.info',NULL,'female','$2y$10$hfn9NDpfzjAzFy67w2JKSOoMtWULbpKm2eifbRZOwWn6h6W/qMwGm',NULL,2,1,1,0,1,1,'c94eb8d2c0c70abf1ed6d9d81f3046c5',NULL,NULL,NULL,NULL,'2025-03-25 07:04:53','2025-03-25 07:04:53'),
	(39,NULL,NULL,NULL,'Alice','sbmfkqpu@testing-your-form.info',NULL,'female','$2y$10$oviIjAO.NfnukwBje7YBsOGkQac5ADmP420Ik2I/cy7Z09VYGoZwC',NULL,2,1,1,0,1,1,'0383c94806f8b269d53f76ecd72c2239',NULL,NULL,NULL,NULL,'2025-03-25 07:04:52','2025-03-25 07:04:52'),
	(38,NULL,NULL,NULL,'vXazVvuH','redjmws92@gmail.com',NULL,'female','$2y$10$BlmMMA5.4yYKgd/Vwosu9eO26.FT6dV9Mf..K5V5S1LYEE0KzxUVa',NULL,2,1,1,0,1,1,'8a47440bc5408628b2a26f9640e0fdd0',NULL,NULL,NULL,NULL,'2025-03-25 09:35:17','2025-03-25 09:35:17'),
	(37,NULL,NULL,NULL,'MelvinPayncUT','me.g.astopla.y@gmail.com',NULL,'male','$2y$10$WxvcvmOOCWWnnTWSKsaLyeab1lLWACWDtVqHPocqWNIjw6yux8Mhi',NULL,2,1,1,0,1,1,'f5ac84d3854ea784aa96786bf3553443',NULL,NULL,NULL,NULL,'2025-03-17 04:49:29','2025-03-17 04:49:29'),
	(36,NULL,NULL,NULL,'JeromeabirmKR','couple@triol.site',NULL,'male','$2y$10$jbsocm9.gJBg2.mg9Idbpetr2nt/oZ/FMoDl52wDfDG93Y1pUMVw.',NULL,2,1,1,0,1,1,'083698ca4385dff9d513d3d61a6294a2',NULL,NULL,NULL,NULL,'2025-03-11 09:38:50','2025-03-11 09:38:50'),
	(35,NULL,NULL,NULL,'* * * Win Free Cash Instantly:','pazapz@mailbox.in.ua',NULL,'female','$2y$10$iq6KlzTIlXhv6/oesrOIY.52RNgPSk9Py/10gY0T8wuTCmrN0iInG',NULL,2,1,1,0,1,1,'12fcb572902acd4b38d2e9324af255db',NULL,NULL,NULL,NULL,'2025-03-03 03:14:49','2025-03-03 03:14:49'),
	(34,NULL,NULL,NULL,'JeremyDrypeAC','andy-buettner@t-online.de',NULL,'male','$2y$10$uNGGhAvryi2PTR81QYurEewNkiLFf6qe2/Zqy5txq1.z5UzmvJScO',NULL,2,1,1,0,1,1,'be439a0c1cd276ea355a8300d8c5909c',NULL,NULL,NULL,NULL,'2025-02-20 01:06:36','2025-02-20 01:06:36'),
	(27,NULL,'/source/hinh-anh/logo/logo.jpg','Hieu','Trung','hieutrung@annhan.vn',NULL,NULL,'$2y$10$9q16Y85yVnEcgDvltkOBfuyY1SYszEf27QFCD.psbnFHjJHtfXaDG',NULL,1,1,1,1,1,1,'876e8108f87eb61877c6263228b67256',NULL,NULL,NULL,'2023-03-11 17:48:33','2023-03-11 17:41:09','2023-03-11 17:41:09'),
	(33,NULL,NULL,NULL,'RichardWeeraQN','rogernavarrette@outlook.com',NULL,'male','$2y$10$i8JJVw6YnGUUMxjAxKdSAeIWydFp0UtcwZ1N2Ak7dQbfxDvdmRRku',NULL,2,1,1,0,1,1,'6b9a269852f0d5154b1da680632c4cc9',NULL,NULL,NULL,NULL,'2025-01-31 06:43:38','2025-01-31 06:43:38'),
	(32,NULL,NULL,NULL,'gOcJxekiYUty','hepstacconi@yahoo.com',NULL,'female','$2y$10$CkQKOSakrp4Uoy738w7Rfe9idDaRxOpUhEp4Uw7E007Kxa6.Tlkj.',NULL,2,1,1,0,1,1,'cfa6ed659c9b861984dd27cfe76e4f27',NULL,NULL,NULL,NULL,'2024-12-23 03:59:43','2024-12-23 03:59:43'),
	(31,NULL,NULL,NULL,'kaskalWeiniRU','nw@don-rem.ru',NULL,'male','$2y$10$bMZqxgxeCzVnN42gEKzqf.WZ6vg8MLTV0UEfXsM8e9e1pubvtQr7.',NULL,2,1,1,0,1,1,'239fbf5e30dd52eaf33821d2449eff07',NULL,NULL,NULL,NULL,'2024-10-09 10:42:34','2024-10-09 10:42:34'),
	(45,NULL,NULL,NULL,'PhilipTorLY','m.e.ga.st.o.pla.y@gmail.com',NULL,'male','$2y$10$qFYtxdZJnDEZgxgw77SYoeIpK/xweZ7cNK5L/h3LxkHLNiYpJGTOC',NULL,2,1,1,0,1,1,'141be63be4aced672032e1d437b583dc',NULL,NULL,NULL,NULL,'2025-03-30 09:13:28','2025-03-30 09:13:28'),
	(46,NULL,NULL,NULL,'AUIqDesxObeTP','ssuarezq37@gmail.com',NULL,'female','$2y$10$YVrqEDhtmP2mBby/GnHqguJgdsFbNEGvjEJvAPDMdqY/KrlUrSd52',NULL,2,1,1,0,1,1,'e97f35fb9683b3e61db48c59b7eb1591',NULL,NULL,NULL,NULL,'2025-03-30 11:37:04','2025-03-30 11:37:04'),
	(47,NULL,NULL,NULL,'XrgZqelzPD','frederickklifford@gmail.com',NULL,'female','$2y$10$Lhm5U8vnpNXJa5kAJgG9f.AV6Vfat.VR7LHK/tn/GcXIVCYoH0u2y',NULL,2,1,1,0,1,1,'74ac7b59e3993940a5f776ed32ba22e3',NULL,NULL,NULL,NULL,'2025-03-31 05:06:33','2025-03-31 05:06:33'),
	(48,NULL,NULL,NULL,'oehMecGEJuGDNDD','djeilenfid9@gmail.com',NULL,'female','$2y$10$Q1gwkVLicNiwqdtwbS/UHO4Tb3X1J5xQsSFcnh27HLmNt/6qdmQ4u',NULL,2,1,1,0,1,1,'ee1ce074704e966a515dfa4f776f319f',NULL,NULL,NULL,NULL,'2025-04-01 03:36:04','2025-04-01 03:36:04'),
	(49,NULL,NULL,NULL,'fqpLIkYWZ','wchevonn23@gmail.com',NULL,'female','$2y$10$.49b5/vJmRuDdumxL9hYjeyNVtOX3qMEVHpljIxg2lzOaPi0XoLga',NULL,2,1,1,0,1,1,'3e5b25dfe705907718713dcaf048114e',NULL,NULL,NULL,NULL,'2025-04-01 06:32:52','2025-04-01 06:32:52'),
	(50,NULL,NULL,NULL,'tQcUXNbqNp','hensleyksaverxi97@gmail.com',NULL,'female','$2y$10$DXFrRXTP6AqZrJU0i.9c0eXTL8igf96dIQsZ08Pukdi6Pag89CitK',NULL,2,1,1,0,1,1,'e28bf661899f336be282713113b8e493',NULL,NULL,NULL,NULL,'2025-04-02 10:11:30','2025-04-02 10:11:30'),
	(51,NULL,NULL,NULL,'AlfonsowduTE','black@prostpro.fun',NULL,'male','$2y$10$4HRsDCJDb.ZOZqEWOHT/2.gxpg2Y9/4Zmd6j5W6bsJNMvyVda5DIa',NULL,2,1,1,0,1,1,'27e5924fa0f56f1bcab6f7fff1f8b2a2',NULL,NULL,NULL,NULL,'2025-04-02 11:24:36','2025-04-02 11:24:36'),
	(52,NULL,NULL,NULL,'FypLyGwOeqMJCp','gnormanoq1989@gmail.com',NULL,'female','$2y$10$F.jL3HCKJEOCRrd6S9oj3Ot1RfP3rwqC.89aJ9Jo73R0r8C6aTDzS',NULL,2,1,1,0,1,1,'f6e46e7e4232104b6efdef71bb57cb76',NULL,NULL,NULL,NULL,'2025-04-03 04:47:55','2025-04-03 04:47:55'),
	(53,NULL,NULL,NULL,'icEFSLwZToywqnw','hrojaspm15@gmail.com',NULL,'female','$2y$10$XfVtl2HOR1TgzknMUjlHlebu2ipE9TqjZEtiq4gbXyxYDwCQdBtgS',NULL,2,1,1,0,1,1,'7742fbfb3a476b8342c34540425dba21',NULL,NULL,NULL,NULL,'2025-04-04 10:38:20','2025-04-04 10:38:20'),
	(54,NULL,NULL,NULL,'JKVaBIPm','zybinaustindw2006@gmail.com',NULL,'female','$2y$10$4gK9z6rikCsTaHWz8NEl6.1p2bbdIfEkURLP6ibo/ROTvh/6sOXYq',NULL,2,1,1,0,1,1,'1a06ff5b60b76bb091ebb0b5d3d0cde1',NULL,NULL,NULL,NULL,'2025-04-04 05:37:48','2025-04-04 05:37:48'),
	(55,NULL,NULL,NULL,'MjUjXhTQcju','greisondeanap@gmail.com',NULL,'female','$2y$10$DAb/ehsmmnujLvvto/Z7LutaUBmHvC/nycvbQEdRcwA5fxFI8oRne',NULL,2,1,1,0,1,1,'79a1938fd4bcb44fa2cd0885df067653',NULL,NULL,NULL,NULL,'2025-04-06 04:38:20','2025-04-06 04:38:20'),
	(56,NULL,NULL,NULL,'FabNkBtFpfAmgb','pludovikq@gmail.com',NULL,'female','$2y$10$8q.w6kegg85M6lHaYq.Sqeu1oImU2FyULbkSzh2e96GLlgtXqZgKK',NULL,2,1,1,0,1,1,'e2e1aee1e32b8d1a15eb1d02a29fb5ee',NULL,NULL,NULL,NULL,'2025-04-06 06:35:35','2025-04-06 06:35:35'),
	(57,NULL,NULL,NULL,'ZnJQXwntmhyhc','isshickmbu@gmail.com',NULL,'female','$2y$10$ANcDM.Mx3gak2.9iY66vnOorl3Icbt/.gGSnUIJEfbebot60Ds39.',NULL,2,1,1,0,1,1,'b2187777be8dd66e8bfdb4dfcee04fbd',NULL,NULL,NULL,NULL,'2025-04-07 06:57:09','2025-04-07 06:57:09'),
	(58,NULL,NULL,NULL,'jjLzVaTVdIKHYl','kkingf47@gmail.com',NULL,'female','$2y$10$J.8GqzGOondiR0oaIesz.OIZfqIDVrljzMzoDG4rUitkzXaFE2eVy',NULL,2,1,1,0,1,1,'f7f59c3e046f65ba98aba7f1cb8413c8',NULL,NULL,NULL,NULL,'2025-04-08 08:17:29','2025-04-08 08:17:29'),
	(59,NULL,NULL,NULL,'NWkJtGJBKxt','pruittdaviniyaa@gmail.com',NULL,'female','$2y$10$yxs1thd/IOhMMUg7i9JSmeoVjWBLi6LEondMy.aGFQ0IvaBOqXpgW',NULL,2,1,1,0,1,1,'ffa4c12377786c1a056c1e1a461a735a',NULL,NULL,NULL,NULL,'2025-04-08 08:14:29','2025-04-08 08:14:29'),
	(60,NULL,NULL,NULL,'uZBwMNeniv','granvillshepard@gmail.com',NULL,'female','$2y$10$Ww6.kRC2glTc9.cdO57.M.A2t/eSb3ijn5iBz4nwVdIY6K60QAR6e',NULL,2,1,1,0,1,1,'df053e09066d4ea0727027f68944fe43',NULL,NULL,NULL,NULL,'2025-04-09 08:55:14','2025-04-09 08:55:14'),
	(61,NULL,NULL,NULL,'mjpiskFjQRlL','eggenberger_kate898213@yahoo.com',NULL,'female','$2y$10$moeJGMuObuChRKtDIndu6OOAXDAWi5mY.Q0jmWxG/roIx4tSXdwcu',NULL,2,1,1,0,1,1,'0130edced831e3b0cf9b3263a502cdfe',NULL,NULL,NULL,NULL,'2025-04-10 06:29:17','2025-04-10 06:29:17'),
	(62,NULL,NULL,NULL,'pBjCCMXxOghrET','valgvenitek1@gmail.com',NULL,'female','$2y$10$gLZAyKY0k6LEXS.DUHVx6erH9xpzUQeHy1ZTEswSaRPfaBGd76qJO',NULL,2,1,1,0,1,1,'57fbae96e4d11af32a27230aa2fb1620',NULL,NULL,NULL,NULL,'2025-04-10 07:31:15','2025-04-10 07:31:15'),
	(63,NULL,NULL,NULL,'nzaknquAXNiSNN','zackandress870987@yahoo.com',NULL,'female','$2y$10$KH20fW2FAVFgdo61Nlgrz.ze1YWnvUfpXWIDy4GtRklCfjGWbeOwi',NULL,2,1,1,0,1,1,'9b9397341e8b63479f554edec7c20e17',NULL,NULL,NULL,NULL,'2025-04-10 11:00:03','2025-04-10 11:00:03'),
	(64,NULL,NULL,NULL,'jYgcXzerJj','djeilenwheelerzk@gmail.com',NULL,'female','$2y$10$DQ4s1XtzURG7/9wPIihagubik8sF8qWWULclICzFuHToZVFR77II2',NULL,2,1,1,0,1,1,'be6e8108d2d01e79806eb3d40d29742b',NULL,NULL,NULL,NULL,'2025-04-12 03:22:58','2025-04-12 03:22:58'),
	(65,NULL,NULL,NULL,'SusanneqrcLT','should@triol.site',NULL,'male','$2y$10$m5v/koP0uWH6Ldzyu4ChoeIygNFp2vHMF2p1emdTgrC5pb2LN2V9S',NULL,2,1,1,0,1,1,'ca2251258d844ba589facd18952c0ad4',NULL,NULL,NULL,NULL,'2025-04-13 11:45:45','2025-04-13 11:45:45'),
	(66,NULL,NULL,NULL,'FAEyGlzpRgKvUKH','freoderikgf@gmail.com',NULL,'female','$2y$10$CI2sPsVObBx1vP9UCIfOLe.DzNeIMd7UQrQwm4Jj1D95g1XKNuAju',NULL,2,1,1,0,1,1,'92b5baa31d2dded89e4b63eb91ef3e52',NULL,NULL,NULL,NULL,'2025-04-13 12:53:28','2025-04-13 12:53:28'),
	(67,NULL,NULL,NULL,'UTCigzYNWBHO','yinfrednixoni@gmail.com',NULL,'female','$2y$10$6K7FZJo7594gM0eaYRCkPO0GOc3rP.zn/3LVElHMz01gK5ATLRg9G',NULL,2,1,1,0,1,1,'2bd6b28574c6aa977034d0aa749f69c5',NULL,NULL,NULL,NULL,'2025-04-15 11:19:41','2025-04-15 11:19:41'),
	(68,NULL,NULL,NULL,'qhVuyVxXM','recriheadno1982@yahoo.com',NULL,'female','$2y$10$QIWYM4JH3FE5I2WtgRuGwua5jw9oEvXt0qTXyHuDZaFWJTX8WpH6e',NULL,2,1,1,0,1,1,'e7198de47bd1a7d0789b31d0292688da',NULL,NULL,NULL,NULL,'2025-04-16 03:02:39','2025-04-16 03:02:39'),
	(69,NULL,NULL,NULL,'PiYnlNkqeJqtLAO','countbustrapas1985@yahoo.com',NULL,'female','$2y$10$u.aQTEwOqlpR6WFrDo/oWOyLPQEETbb1sEK13q5MGwAZ/kWYI6T7e',NULL,2,1,1,0,1,1,'aa0bf86dc611208ea22a9f3e81f35840',NULL,NULL,NULL,NULL,'2025-04-17 12:48:48','2025-04-17 12:48:48'),
	(70,NULL,NULL,NULL,'GqbTbkQfSqw','simmonsormanrg@gmail.com',NULL,'female','$2y$10$D4oh0f1rSpVmx7BJq/2wsOhGGZiKDyDaT9re4RQSIEvtZO9GvnT9u',NULL,2,1,1,0,1,1,'9bacbd17567c164fcdb0955e1453257a',NULL,NULL,NULL,NULL,'2025-04-19 02:05:34','2025-04-19 02:05:34'),
	(71,NULL,NULL,NULL,'FqlcZksx','amiliylandrc3@gmail.com',NULL,'female','$2y$10$CyPEWl0gGcGBJVFbwBlvz.b5mutlMCdCea7Ib3uwO6E1ZBkTchS1e',NULL,2,1,1,0,1,1,'5cf1f52d6b98bc541ac1ae8397a56b3f',NULL,NULL,NULL,NULL,'2025-04-19 04:46:58','2025-04-19 04:46:58'),
	(72,NULL,NULL,NULL,'nQbFpmToJsCH','ehahnap4@gmail.com',NULL,'female','$2y$10$pRa95Do/pwzAsFwHqb8CeeMhz6BedNKFTeP5Ch4jcRhwDzDEPaMuy',NULL,2,1,1,0,1,1,'5b917559216b74f23bb93cdf728b6928',NULL,NULL,NULL,NULL,'2025-04-19 08:12:22','2025-04-19 08:12:22'),
	(73,NULL,NULL,NULL,'YexlgDOYW','bdoysonw@gmail.com',NULL,'female','$2y$10$3DWZyw/Z4AluEZRQ.lbhguiOcedeMQNuWpFxmWFDIp7SP3VDn/Ote',NULL,2,1,1,0,1,1,'5870cd2608d97b8b42d97ce2efc956b9',NULL,NULL,NULL,NULL,'2025-04-20 12:05:08','2025-04-20 12:05:08'),
	(74,NULL,NULL,NULL,'qLHUrcBagnWga','moinunre25@gmail.com',NULL,'female','$2y$10$2PYT2Bsk/zXZAQQaD.hjM.4M9d6/0DNXcWV.IdowwbyEK5YDAwLfS',NULL,2,1,1,0,1,1,'fede6c908750c78408d68877409bc2c5',NULL,NULL,NULL,NULL,'2025-04-20 06:08:26','2025-04-20 06:08:26'),
	(75,NULL,NULL,NULL,'NjvpOBodMmERD','laraannemari2000@gmail.com',NULL,'female','$2y$10$2sIwQ/eVC56EqBnKhUx13uvMD7YiCprDbKac0DrMzNiE1Z7UYVJqa',NULL,2,1,1,0,1,1,'6f5924b486f443393a126213333dfcaa',NULL,NULL,NULL,NULL,'2025-04-21 05:02:15','2025-04-21 05:02:15'),
	(76,NULL,NULL,NULL,'MCOCDIVQoZX','schmittfelisiya53@gmail.com',NULL,'female','$2y$10$3e45tVTvIpT442SuHk1X.u6HqYh3vQ92ciXi9/Y.3X6H0qhdA6lha',NULL,2,1,1,0,1,1,'de0c96814032151c851746965517ce96',NULL,NULL,NULL,NULL,'2025-04-21 10:57:09','2025-04-21 10:57:09'),
	(77,NULL,NULL,NULL,'FHXJjEAhJ','bradolffx@gmail.com',NULL,'female','$2y$10$7uNSF666LEwvbgAJajPLUeflw1fMrqqLYA13xbTLxSEgVczVa75RK',NULL,2,1,1,0,1,1,'0d43891f54c4e6a56c48ba09dbd0bac5',NULL,NULL,NULL,NULL,'2025-04-21 09:33:08','2025-04-21 09:33:08'),
	(78,NULL,NULL,NULL,'RbrFFJZnEDMDYcN','rerettapen1972@yahoo.com',NULL,'female','$2y$10$cyB0AvHJe/uWN1cZH3CeT.1K6U1V7wUI306Hg/ve3XFur2bLd78ce',NULL,2,1,1,0,1,1,'89ed90a5fe64b4f466accd05ff6867ae',NULL,NULL,NULL,NULL,'2025-04-22 12:42:12','2025-04-22 12:42:12'),
	(79,NULL,NULL,NULL,'czMILMqqV','tonichaneywq1996@gmail.com',NULL,'female','$2y$10$TxJ5IftuzrrzJWGmnXDL2etT.u18JtrYUDVRg27HKh.K8R3pxPe9C',NULL,2,1,1,0,1,1,'2bce2492a858525d63ff2e313128508e',NULL,NULL,NULL,NULL,'2025-04-22 07:12:00','2025-04-22 07:12:00'),
	(80,NULL,NULL,NULL,'UrxuHmezEQo','lanaarms38@gmail.com',NULL,'female','$2y$10$LTV4KNCQpSHAQHHgl1Sm0.YW891L5b82HfUvT3Twl6zNV2AlXpzoO',NULL,2,1,1,0,1,1,'a396a4f403137ac8320bb07374960923',NULL,NULL,NULL,NULL,'2025-04-23 07:03:27','2025-04-23 07:03:27'),
	(81,NULL,NULL,NULL,'oeJcoMPU','knoxdotiw1981@gmail.com',NULL,'female','$2y$10$DYvWgMrLHgvTVasYqt/W6exCK5xfENpsWQJ3flblsomLZAA8dkWcG',NULL,2,1,1,0,1,1,'d8131fa13112ca8e2a1dfc2c701050ae',NULL,NULL,NULL,NULL,'2025-04-24 02:17:03','2025-04-24 02:17:03'),
	(82,NULL,NULL,NULL,'TqvyvWvVlrJsr','vitneiob96@gmail.com',NULL,'female','$2y$10$yypM0aPOYEajFvMuPBTglOv26wYT0hnpu4ig6RZ4oT40Jlkhdi2NK',NULL,2,1,1,0,1,1,'1f1e904c731b7cfd220fbc4f788735ca',NULL,NULL,NULL,NULL,'2025-04-25 05:02:41','2025-04-25 05:02:41'),
	(83,NULL,NULL,NULL,'MonoirzCAfRq','silodonn@gmail.com',NULL,'female','$2y$10$PADfAJ3NErxBeSXD33zhuO64Jb2fNc7MwkgbW7CMecAFMlIkLyxtm',NULL,2,1,1,0,1,1,'ad2a5c1b582b14307cd716dfe4fc0e8f',NULL,NULL,NULL,NULL,'2025-04-25 11:08:26','2025-04-25 11:08:26'),
	(84,NULL,NULL,NULL,'AMwoygFlT','ifwolrama1974@yahoo.com',NULL,'female','$2y$10$Zo0/Vq26PTnbfJWan.RBG./BmL/dbB7JxHaZ8dW54a90uHRdrdDfO',NULL,2,1,1,0,1,1,'87f55378c3544c77bdbfd43999e8ac8e',NULL,NULL,NULL,NULL,'2025-04-26 06:44:00','2025-04-26 06:44:00'),
	(85,NULL,NULL,NULL,'PSKEqMgyzC','raiordanrios2002@gmail.com',NULL,'female','$2y$10$3sN/Hup5UXPXhsbAaG6O7OvK6T4f0XjRz2VTe1T3JH/GTL0BkftnC',NULL,2,1,1,0,1,1,'de4098d649e83e11a91622a7a1f1ee2e',NULL,NULL,NULL,NULL,'2025-04-27 02:37:50','2025-04-27 02:37:50'),
	(86,NULL,NULL,NULL,'cVqKPXsowqHr','prosaptibva1987@yahoo.com',NULL,'female','$2y$10$zkvejAUHXRJDgLpw40jBUOQW/v5miBBZdnAtZSvDGIgld2N4hTM1y',NULL,2,1,1,0,1,1,'ce29517a77aa8d21ed27bc98e6fc1da8',NULL,NULL,NULL,NULL,'2025-04-27 03:44:32','2025-04-27 03:44:32'),
	(87,NULL,NULL,NULL,'iddaSJZUSQ','alfikzq8@gmail.com',NULL,'female','$2y$10$H3jninp0Wu4bwu5LcjWNCu9BSSXLQ4JDV5vb.xvVJ3QEp/uKVLpIm',NULL,2,1,1,0,1,1,'0344d2381c373d58de5f03197dc55c48',NULL,NULL,NULL,NULL,'2025-04-27 04:41:00','2025-04-27 04:41:00'),
	(88,NULL,NULL,NULL,'LRDzcMue','sterlimorrqf7@gmail.com',NULL,'female','$2y$10$wnmJMkelJbsK9l.qsvIS0.GgK51wc/PkQFQmkwA3hVcc/7Wbp7t6y',NULL,2,1,1,0,1,1,'d157d2f4744b01fb77f96ddf3d49f395',NULL,NULL,NULL,NULL,'2025-04-27 06:36:57','2025-04-27 06:36:57'),
	(89,NULL,NULL,NULL,'eGgdCyxm','sberryhc1999@gmail.com',NULL,'female','$2y$10$.DJvAd8LS42E9ZKPAScO..60x6nKI08lhlNkbRgA9lHcVB6azVCoS',NULL,2,1,1,0,1,1,'b7c72fbfece0a045aade3644cc015d1e',NULL,NULL,NULL,NULL,'2025-04-27 04:46:38','2025-04-27 04:46:38'),
	(90,NULL,NULL,NULL,'qBrXLtIFcnE','kemerosano77@gmail.com',NULL,'female','$2y$10$JlswzRaB0HF.eI.KOgXGsuNPlWvdMX2W0VSJkMd/G/I6SNJMnMaiy',NULL,2,1,1,0,1,1,'4af5481141eb32dc6266ff0de67313c0',NULL,NULL,NULL,NULL,'2025-04-28 04:34:50','2025-04-28 04:34:50'),
	(91,NULL,NULL,NULL,'IhncIfTUQHyY','rhettacoc99@gmail.com',NULL,'female','$2y$10$YvCzpeWLMsbgK8ZuXMtMeugGCN.R.FNr9OVja66XMFES3EA9zrAOG',NULL,2,1,1,0,1,1,'962716a45fce0c878c55704a16984405',NULL,NULL,NULL,NULL,'2025-04-29 07:44:38','2025-04-29 07:44:38'),
	(92,NULL,NULL,NULL,'BexlasMogMS','mironborisov@openhook.ru',NULL,'male','$2y$10$4odBU.heww/Mdb32NTiCXOO92oqYq9CCnCMrPRkAKSFSG0Ii7ME02',NULL,2,1,1,0,1,1,'bed34caef5f29cf57a8b15f8932fa855',NULL,NULL,NULL,NULL,'2025-04-29 08:26:16','2025-04-29 08:26:16'),
	(93,NULL,NULL,NULL,'kbrGZnGPPSsJE','abigeilhoodll@gmail.com',NULL,'female','$2y$10$g6sHdyj6fHW0EBAW/kaiDeMcJthbHLk4agJCMcAcOq.RPOfcMrUr6',NULL,2,1,1,0,1,1,'59073900de34f790dcf869732f7442ac',NULL,NULL,NULL,NULL,'2025-04-29 05:45:13','2025-04-29 05:45:13'),
	(94,NULL,NULL,NULL,'PKITSYMmwdJrv','garmoniyad47@gmail.com',NULL,'female','$2y$10$tLYgXLsIzRLG9tzO/lgy5ev6ge9/FDJOo5JW7DP2nnh/9HLOEetNa',NULL,2,1,1,0,1,1,'5da451b3335e585452262800dd5a35cc',NULL,NULL,NULL,NULL,'2025-04-30 04:06:36','2025-04-30 04:06:36'),
	(95,NULL,NULL,NULL,'IGwjleYnopY','kallenhunter46@gmail.com',NULL,'female','$2y$10$cnYtgyM8mJFjiJMQVVpUGeN6y4wv0HrmLhCNR5L3PIBWCfPGQYnwS',NULL,2,1,1,0,1,1,'a67184e525654beaf7228278a5694211',NULL,NULL,NULL,NULL,'2025-04-30 03:16:45','2025-04-30 03:16:45'),
	(96,NULL,NULL,NULL,'YETxKYdPT','harawardx@gmail.com',NULL,'female','$2y$10$l3gaTGdEpYPfdWrbB0nxkuxrYTBBIAs2KucrH7BTzIH1xiWuf4K.i',NULL,2,1,1,0,1,1,'3c86005b5cb6b7e5a1ae6a98575cf3fb',NULL,NULL,NULL,NULL,'2025-04-30 06:48:58','2025-04-30 06:48:58'),
	(97,NULL,NULL,NULL,'KRRcfmfj','bendjinw@gmail.com',NULL,'female','$2y$10$zJVnE9nFWVl.x2AZmf/85.p2F93KNxn7dtYLFEsMin9csgpoAme2u',NULL,2,1,1,0,1,1,'b4ddd8e30099644aca8d3c5b984140d7',NULL,NULL,NULL,NULL,'2025-04-30 07:00:58','2025-04-30 07:00:58'),
	(98,NULL,NULL,NULL,'HMEsasyOUGIOs','burtonsoffifv@gmail.com',NULL,'female','$2y$10$dXbAGQ5Sk8kGAeJLL/5MA.C1qwDgZeA2U2F4wrTMw.bi6wVvp6Zkq',NULL,2,1,1,0,1,1,'0f58e32dbd6ef8af20772a7e92dae833',NULL,NULL,NULL,NULL,'2025-05-01 04:42:08','2025-05-01 04:42:08'),
	(99,NULL,NULL,NULL,'LavillbAhHE','revers711@1ti.ru',NULL,'male','$2y$10$t6JdfuvAZXsELlHNFXTeqemEYHc9fwelGw7chG1QLqARGV5/37eL2',NULL,2,1,1,0,1,1,'1ec1c6a60baa5257cd97d29cd2129b88',NULL,NULL,NULL,NULL,'2025-05-01 07:09:11','2025-05-01 07:09:11'),
	(100,NULL,NULL,NULL,'xxsjIZvocK','hmereditg@gmail.com',NULL,'female','$2y$10$mrXO4Z09S7FdWS/KCxysLu4ju/AMM/AHZCCxpRin..Ggov4jwSQ3e',NULL,2,1,1,0,1,1,'27a4add73d465a3dc7f9d1baf53fbc3b',NULL,NULL,NULL,NULL,'2025-05-02 01:13:14','2025-05-02 01:13:14'),
	(101,NULL,NULL,NULL,'BzkUscukKgqnlFe','vmuellers32@gmail.com',NULL,'female','$2y$10$CAO2jNUkGuZuGpLcUBc.2utaeEj5UjKa6eIO968fLA/kJhR9DKZdy',NULL,2,1,1,0,1,1,'c11c464a1595f72dc48b7ff7f585fdd7',NULL,NULL,NULL,NULL,'2025-05-02 01:38:19','2025-05-02 01:38:19'),
	(102,NULL,NULL,NULL,'aqdKmSjHC','lizandraadkins@gmail.com',NULL,'female','$2y$10$SXJjx1eIeChycQ.xNWhmPu/TOi6eL0WbzlomQmRI/6vK4Qp.mQUgG',NULL,2,1,1,0,1,1,'7d02e1bcc3f4ea1d69973d296e1163a5',NULL,NULL,NULL,NULL,'2025-05-04 01:04:34','2025-05-04 01:04:34'),
	(103,NULL,NULL,NULL,'YCwXUcGIZX','epifanifvk81@gmail.com',NULL,'female','$2y$10$MgeOtawHqGnbBckTspbAZe/4Wp6IDLeBjwlZGTTE8ucBEjK2Fc9JK',NULL,2,1,1,0,1,1,'044900cde12bbbc97f21398ca18c3345',NULL,NULL,NULL,NULL,'2025-05-04 04:06:48','2025-05-04 04:06:48'),
	(104,NULL,NULL,NULL,'GddzesCpVkOCy','murillolyannaj@gmail.com',NULL,'female','$2y$10$Th0TpsovemHaLmlLVUze3e0lBbd6uIqQwbXHeGJ3AnpGWwLiK6BSG',NULL,2,1,1,0,1,1,'5a60bfb06b472ddf8780e5969f3e78b8',NULL,NULL,NULL,NULL,'2025-05-04 10:26:31','2025-05-04 10:26:31'),
	(105,NULL,NULL,NULL,'RLfPHEAnOCal','fmullendx@gmail.com',NULL,'female','$2y$10$iGFnRtEqFbcTpnCdd7HjRuTdg0.azji4VMvrVzbTDCa35GvmNWgP6',NULL,2,1,1,0,1,1,'8353a09e2534afbd25f8e7255622d71c',NULL,NULL,NULL,NULL,'2025-05-04 10:56:16','2025-05-04 10:56:16'),
	(106,NULL,NULL,NULL,'BgJOmDXvHlD','dmoonne40@gmail.com',NULL,'female','$2y$10$w7zaotLP8q03X.6ahLW6EOcD9lcYD5z2iSvPFucRppHQX2Gaz8B72',NULL,2,1,1,0,1,1,'50cdb2ba4851326daea9e6886fcdc824',NULL,NULL,NULL,NULL,'2025-05-06 04:18:47','2025-05-06 04:18:47'),
	(107,NULL,NULL,NULL,'yXusUXmNYlep','benitezgemmaj1990@gmail.com',NULL,'female','$2y$10$78QXlQ0MaunIxuIIFy2ZkOJzSbpIlcOqsJ4b6.zSM.X7F4Tz.6hKO',NULL,2,1,1,0,1,1,'5d782eafcb0156d99dac6097c3103403',NULL,NULL,NULL,NULL,'2025-05-07 04:49:04','2025-05-07 04:49:04'),
	(108,NULL,NULL,NULL,'jdVWmfyksIp','irinapra1983@yahoo.com',NULL,'female','$2y$10$yo1a0MQGhwxOcKC1XbZkDuKso2j5BiB3W0XWvl61bhAPYudrT/Lwy',NULL,2,1,1,0,1,1,'ef8aaf62c96ad900262fe76b4675a2d3',NULL,NULL,NULL,NULL,'2025-05-07 08:35:48','2025-05-07 08:35:48'),
	(109,NULL,NULL,NULL,'asjXoXIi','propvenewsoy1976@yahoo.com',NULL,'female','$2y$10$9OLt60x7AKQXDPnOLqtJwuJZEfOU24FAWckmG6aP7BPIPVauqcrgW',NULL,2,1,1,0,1,1,'77eebd2bb9b53ce6998557c0b9ebd283',NULL,NULL,NULL,NULL,'2025-05-08 12:37:35','2025-05-08 12:37:35'),
	(110,NULL,NULL,NULL,'WNbgkKgeNZvhS','gonzalesjeffrey73720@yahoo.com',NULL,'female','$2y$10$Un5RbI/E3YggPs.XlNUIh.b0rRQaoyaA7QNVT9RudAg8UWhNxsqDq',NULL,2,1,1,0,1,1,'7b503c3e3c100ccf215941166fd2113c',NULL,NULL,NULL,NULL,'2025-05-08 06:46:19','2025-05-08 06:46:19'),
	(111,NULL,NULL,NULL,'TwPHtQuFOaIV','adelihansonwn7@gmail.com',NULL,'female','$2y$10$aVmamQnKzMsaYEaHut4u7u8H2TGgK.Gc2S5VG0ZrGUWfsnzUWkrwa',NULL,2,1,1,0,1,1,'1159e4e1cb2ed8839a4ca86dafabb691',NULL,NULL,NULL,NULL,'2025-05-08 10:03:33','2025-05-08 10:03:33'),
	(112,NULL,NULL,NULL,'JlmSHEzwjlr','pompeirowlu@gmail.com',NULL,'female','$2y$10$N0kLb6au.tK/SLFNn/H9j.KpAUT48uLOhr/slohdkMfCP5VE.Is5e',NULL,2,1,1,0,1,1,'80bf6b96933b1fc18a53957adca5e691',NULL,NULL,NULL,NULL,'2025-05-10 03:28:04','2025-05-10 03:28:04'),
	(113,NULL,NULL,NULL,'caztBossjbW','mcgeeetelredph1@gmail.com',NULL,'female','$2y$10$M5nUkgYCPFITYgam07u04O2jMqjxb7SD7Tlw5RkynxtwVNegJZJPW',NULL,2,1,1,0,1,1,'acc5248e83fcb85383c7ecae355372e9',NULL,NULL,NULL,NULL,'2025-05-10 10:33:23','2025-05-10 10:33:23'),
	(114,NULL,NULL,NULL,'YVxbiRLFhgaUwd','nitasheppin17@gmail.com',NULL,'female','$2y$10$rdmRTyTYkNwmy/iQqMAfPeuMmNCrSWN2kJL1mTQEaAZrlzijaaslq',NULL,2,1,1,0,1,1,'c99ba084d77d56d6eb2eca488e3e07b9',NULL,NULL,NULL,NULL,'2025-05-11 10:34:42','2025-05-11 10:34:42'),
	(115,NULL,NULL,NULL,'vQwxicMPBrhZRSF','mbartmb2002@gmail.com',NULL,'female','$2y$10$p6FLH3OnoB4/RdiimUukJ.t6.mgrd6FCWKWPvOXTBVV1BVjNUlk0i',NULL,2,1,1,0,1,1,'a3d36531a68516419a1587621c306ff7',NULL,NULL,NULL,NULL,'2025-05-11 10:35:16','2025-05-11 10:35:16'),
	(116,NULL,NULL,NULL,'JwKQHbtAu','jessicadavis503610@yahoo.com',NULL,'female','$2y$10$6RxWwrE1I3SLbi0E1XnO3uRLmgnghUpK1QonCQL/3Yr1/xYHj8yzi',NULL,2,1,1,0,1,1,'9295023d61a60c92c2d12b2863c23004',NULL,NULL,NULL,NULL,'2025-05-12 04:36:33','2025-05-12 04:36:33'),
	(117,NULL,NULL,NULL,'zHGnzoIxer','finiksmga15@gmail.com',NULL,'female','$2y$10$cGPNZLsaiz53M4uWbBrf.u5BZMCj5./.1mwU.rYBlKRiDrRci7O5e',NULL,2,1,1,0,1,1,'0e412eb4117d804fbcf787b7182b7a01',NULL,NULL,NULL,NULL,'2025-05-12 10:25:57','2025-05-12 10:25:57'),
	(118,NULL,NULL,NULL,'GKdzXXfFQ','jesseharner101183@yahoo.com',NULL,'female','$2y$10$rV.pzN98RSgSYFr6ltCH8uS7pKaN8brydrsQI0Xom3UTG.Jonttsa',NULL,2,1,1,0,1,1,'d6bea78c00b78dcd772a6d3149748cc5',NULL,NULL,NULL,NULL,'2025-05-12 11:44:32','2025-05-12 11:44:32'),
	(119,NULL,NULL,NULL,'QYssrrTWDZDyaK','coxhreo@gmail.com',NULL,'female','$2y$10$tgwaasLnxpz/3ahPr.VNiu9E63Cuoe/9IbUXX3d.bWEmLhGPRvnCK',NULL,2,1,1,0,1,1,'1e620f5c9e077d810978aa34c3467fe9',NULL,NULL,NULL,NULL,'2025-05-12 11:48:41','2025-05-12 11:48:41'),
	(120,NULL,NULL,NULL,'AOsNsPfgEf','zeodosliu@gmail.com',NULL,'female','$2y$10$FTZR5QyR9fniJqDu1gZ31ujJTFT6Bv2DRxDmZutUbiG6al9.sJWNW',NULL,2,1,1,0,1,1,'8d400d40d9a01eef899f3559ba6a6822',NULL,NULL,NULL,NULL,'2025-05-13 06:31:08','2025-05-13 06:31:08'),
	(121,NULL,NULL,NULL,'qQNKmUyHJ','osmondgonzalesi2004@gmail.com',NULL,'female','$2y$10$IO6JShNnqEdh0uwqdcC3buo1dTltcKgPM2wCNEEvp7F0RXKs.5wia',NULL,2,1,1,0,1,1,'d3fa63f0c2ccda4c4ea4b22722bf45f3',NULL,NULL,NULL,NULL,'2025-05-13 02:27:16','2025-05-13 02:27:16'),
	(122,NULL,NULL,NULL,'cUsJcVqqgtw','tdiazw1994@gmail.com',NULL,'female','$2y$10$ixpVepABt4dItCcdj8PKDObQ1xvPwPSXJy9BcLkB459POgV8rkrmW',NULL,2,1,1,0,1,1,'8e07c3e1e17d7e5f6f247324f786e370',NULL,NULL,NULL,NULL,'2025-05-15 01:34:00','2025-05-15 01:34:00'),
	(123,NULL,NULL,NULL,'KcAYXYDCWrHJ','bdjerald93@gmail.com',NULL,'female','$2y$10$1pvMPfvfk7D7LY/GSpbS9OGO3pnP4.Ib0VC19XHMeRsooKpSRMtwK',NULL,2,1,1,0,1,1,'1d344935592234a4a8f2446c00417e54',NULL,NULL,NULL,NULL,'2025-05-15 05:51:55','2025-05-15 05:51:55'),
	(124,NULL,NULL,NULL,'ZMzQSbgKZ','jacksonbrandi813077@yahoo.com',NULL,'female','$2y$10$M9YuPkws5UDLYIHrZRKUg.47x.K5aTkuLYtxPYPFLRMUIaJNrgsTa',NULL,2,1,1,0,1,1,'bb334133e5819e14c0a553ab9ec4a3e2',NULL,NULL,NULL,NULL,'2025-05-15 11:55:49','2025-05-15 11:55:49'),
	(125,NULL,NULL,NULL,'tkRyDqNVPZX','animarti2006@gmail.com',NULL,'female','$2y$10$9UaldKTUN5fzHnemJjecmewcc10gwezKxJPyhRhasC.6ZDE1P2.0S',NULL,2,1,1,0,1,1,'98ca18aa4cfcd38f53b128d2515c1c22',NULL,NULL,NULL,NULL,'2025-05-15 04:27:44','2025-05-15 04:27:44'),
	(126,NULL,NULL,NULL,'eFvKAsAAiYFZw','sfitzgeraldx1998@gmail.com',NULL,'female','$2y$10$pPHPuQsFreMYx4RVZhBGM.1uRboNYa8DTYBLOdFuOol8k9mJ0HUJW',NULL,2,1,1,0,1,1,'c532782b814422bb7f947aa9ba9c7630',NULL,NULL,NULL,NULL,'2025-05-16 01:06:03','2025-05-16 01:06:03'),
	(127,NULL,NULL,NULL,'YZqbDahhTz','middlonsg@gmail.com',NULL,'female','$2y$10$ZQ4yB2o2nenbd3kcUFHTBOSoyom.OA8nUuXbdrUUatt.1QoeI0a0K',NULL,2,1,1,0,1,1,'f5aa8bec618ad45e2e4b52387395955a',NULL,NULL,NULL,NULL,'2025-05-18 12:24:58','2025-05-18 12:24:58'),
	(128,NULL,NULL,NULL,'KzbAZyfs','malachihn54@gmail.com',NULL,'female','$2y$10$NVVOohNC8DgGWXACkVldKuQUSQXfkWXcO3GhtDnMFG8yUpLcMf0M6',NULL,2,1,1,0,1,1,'7d3534890ce8e8ec6240b0cd01958ed5',NULL,NULL,NULL,NULL,'2025-05-18 12:57:26','2025-05-18 12:57:26'),
	(129,NULL,NULL,NULL,'ukVUrpbX','hatchbrandon861007@yahoo.com',NULL,'female','$2y$10$9ZqW/Iz29hCQkUYoHP9uvuKOkxqItrMNYq6JzY5IobKlhBp6mxkUK',NULL,2,1,1,0,1,1,'ef5507a0b06ecafb2cf0699bb42a525f',NULL,NULL,NULL,NULL,'2025-05-18 01:29:35','2025-05-18 01:29:35'),
	(130,NULL,NULL,NULL,'IthvxFCK','waltersalesa@gmail.com',NULL,'female','$2y$10$DF9DnP6m3og5T2p2k98gsukRiPuvrVcTrdxNM7YIJmpfgLnaxKojS',NULL,2,1,1,0,1,1,'93ba1fd4ea4340f69051b275bd630423',NULL,NULL,NULL,NULL,'2025-05-19 02:36:02','2025-05-19 02:36:02'),
	(131,NULL,NULL,NULL,'PMJchKxrHgk','carrollaezelfridqi43@gmail.com',NULL,'female','$2y$10$XMAe0U536WxZJ9d5.A.pZ.3nIcFYv3OmpOD1cA1H4Zix/9MG8n/KC',NULL,2,1,1,0,1,1,'36d89eed89b04dfeb86e4627a52ac6d3',NULL,NULL,NULL,NULL,'2025-05-19 12:36:15','2025-05-19 12:36:15'),
	(132,NULL,NULL,NULL,'bAUXPSarLMuWW','oliveralicia2005@yahoo.com',NULL,'female','$2y$10$jynHWKlNN6PiB7t5JSWt7uZpxa7MJ6qe9ijYOQT7i3dGMq4XAPfU6',NULL,2,1,1,0,1,1,'8e0528d4e13c95829216e42726ab86c3',NULL,NULL,NULL,NULL,'2025-05-20 11:07:59','2025-05-20 11:07:59'),
	(133,NULL,NULL,NULL,'fyUkBfUZnqSvOU','cooleypeist8@gmail.com',NULL,'female','$2y$10$mTEwx60wfQO2SOq9.CnvSOTedQD.kNEnCEPK4cPyDo7f6Rraf.u0S',NULL,2,1,1,0,1,1,'4a79958849ed464327defe1fb29754f7',NULL,NULL,NULL,NULL,'2025-05-20 09:03:51','2025-05-20 09:03:51'),
	(134,NULL,NULL,NULL,'vzhIfMtFxg','zelmaallison2006@gmail.com',NULL,'female','$2y$10$tb5vcwVHCydcWkplpGVKPOrxRFfNx2PaD8Ld.dgRo5QZOza1A//dS',NULL,2,1,1,0,1,1,'4235e369e2febd5b25962c194c9ac223',NULL,NULL,NULL,NULL,'2025-05-21 11:04:12','2025-05-21 11:04:12'),
	(135,NULL,NULL,NULL,'VVmAkTyLy','schafersusan139808@yahoo.com',NULL,'female','$2y$10$ociqsZokjCrqI2Nr9ZdGhuroKjhNZervock2Mmtpln2PPpkpBhxJC',NULL,2,1,1,0,1,1,'758cb1e263f1781efaa3987c4a97a814',NULL,NULL,NULL,NULL,'2025-05-22 07:53:41','2025-05-22 07:53:41'),
	(136,NULL,NULL,NULL,'RzzMQNrg','gordond2003@gmail.com',NULL,'female','$2y$10$E98GysfMLKFPNlx8NvICmOUs39HsRYxuudL3VQxNU2rdf3UJpMsim',NULL,2,1,1,0,1,1,'503ad2cd3fe0fd0dd566ca50ef321001',NULL,NULL,NULL,NULL,'2025-05-22 11:33:33','2025-05-22 11:33:33'),
	(137,NULL,NULL,NULL,'QRbddoVtsiPoypk','hreodbeorhtmnb21@gmail.com',NULL,'female','$2y$10$tKp5ZNSahZJNwdl6MMzJ5O.b0S0GJjFavY6AORPscV2lxQ9Vqlc/6',NULL,2,1,1,0,1,1,'9d53a6f0dc4d4101b901011b1e6a4fd5',NULL,NULL,NULL,NULL,'2025-05-22 10:28:13','2025-05-22 10:28:13'),
	(138,NULL,NULL,NULL,'ScrqBoCswCmaje','baileyjennifer110806@yahoo.com',NULL,'female','$2y$10$fzmqcnSvJxSuyRif/XR6Z.mYPjnLyDwTpaLrpzlU6wKyTHnS0zG4a',NULL,2,1,1,0,1,1,'0732c6725a92e8a5307ccc3fd27048b3',NULL,NULL,NULL,NULL,'2025-05-23 08:47:16','2025-05-23 08:47:16'),
	(139,NULL,NULL,NULL,'CVFHAvOiowDLyyw','teirkcontreraso@gmail.com',NULL,'female','$2y$10$OTZme9uCZYb3fEcyNK0VqeqD/K6BVAL.r/Wtcopv2Yt2S7Q9p5B5u',NULL,2,1,1,0,1,1,'99f6c5edd1ee5166d0e50d3eb54911c2',NULL,NULL,NULL,NULL,'2025-05-23 09:16:43','2025-05-23 09:16:43'),
	(140,NULL,NULL,NULL,'mjYKOQMEmYJny','unismoodyl8@gmail.com',NULL,'female','$2y$10$CR8C2y.oQtOCEhx3t0fnJ.WOgvHRCR5YZGY2bgDU2yUkD/gqGTyHW',NULL,2,1,1,0,1,1,'04d744179dfeb9b8bf222e41a074942a',NULL,NULL,NULL,NULL,'2025-05-23 11:32:29','2025-05-23 11:32:29'),
	(141,NULL,NULL,NULL,'ymRzsFwPZhexUnJ','leitonrwp5@gmail.com',NULL,'female','$2y$10$hdQsrTr13j7d1Ny4Xw1JM.voiYB0sCjOmpNH1VmZbDsU.MsrF2ANu',NULL,2,1,1,0,1,1,'d00d4a6e8050b4936e409a958fd293d7',NULL,NULL,NULL,NULL,'2025-05-24 08:14:23','2025-05-24 08:14:23'),
	(142,NULL,NULL,NULL,'zymScALNxbjukf','ktraviskg@gmail.com',NULL,'female','$2y$10$kCDDB2QJqPQMIxvhfi8IXuR9ijYNN9lYcurdDc4Zrwvf/CSM33/nS',NULL,2,1,1,0,1,1,'ab14cec84a75ae13efa43fda053a86ab',NULL,NULL,NULL,NULL,'2025-05-25 09:09:27','2025-05-25 09:09:27'),
	(143,NULL,NULL,NULL,'HHRZlEsiPksCpX','casgeilooh54@gmail.com',NULL,'female','$2y$10$jet/lAcWAMp2PGhp8zZbe.lQjLZo1pQ42d33Y8xpJHeVjmc73ERVO',NULL,2,1,1,0,1,1,'6d73fb358d8f4ff7e75247445acb6094',NULL,NULL,NULL,NULL,'2025-05-25 05:58:57','2025-05-25 05:58:57'),
	(144,NULL,NULL,NULL,'AiJozDrFyfr','mastrevn@gmail.com',NULL,'female','$2y$10$xlqM1sXUO7W6yAIusJymMeqNKxvS/NyCGfFZ1fOCdJ70wWTJpqY.i',NULL,2,1,1,0,1,1,'618b1bf6ffbbf31891853d67e81c4cb8',NULL,NULL,NULL,NULL,'2025-05-25 09:03:30','2025-05-25 09:03:30'),
	(145,NULL,NULL,NULL,'VmjhkPBSrLyXA','hyntleiwaltersho16@gmail.com',NULL,'female','$2y$10$rbnAGJBiXTPre3roWuC17ecsNXYADgagF7knt5syTmrCCHoOG8Aoy',NULL,2,1,1,0,1,1,'0cee3664599a728db9359231a465643d',NULL,NULL,NULL,NULL,'2025-05-26 03:42:44','2025-05-26 03:42:44'),
	(146,NULL,NULL,NULL,'zhVGVkRu','fergusonevak48@gmail.com',NULL,'female','$2y$10$jlkGYySb7/8q5O3/.yVNnuirT1QzAtSrokR9dGYspyEPBGABki7Ca',NULL,2,1,1,0,1,1,'0eb309eaa1be5fb5845b8a21f3fd89d4',NULL,NULL,NULL,NULL,'2025-05-27 04:06:42','2025-05-27 04:06:42'),
	(147,NULL,NULL,NULL,'IUGXombaBPb','knightlilliank23@gmail.com',NULL,'female','$2y$10$X65/XyxYjtng0p28rZI5Vee8LAMh7OBNTWJAzNjihWPd4Ah//XvOS',NULL,2,1,1,0,1,1,'786b0f5320eb8c3ea84f37abde9441b1',NULL,NULL,NULL,NULL,'2025-05-27 10:59:50','2025-05-27 10:59:50'),
	(148,NULL,NULL,NULL,'tjnmesRUjemOyyC','leonardschneiderw12@gmail.com',NULL,'female','$2y$10$g55jKOemkgKvmGbqXbzDOORgNCtRaY6ER2m2ds2ihI.D5xMcdZsIy',NULL,2,1,1,0,1,1,'ab4fb5ea5a63acd25e0487abb878b63c',NULL,NULL,NULL,NULL,'2025-05-28 08:16:35','2025-05-28 08:16:35'),
	(149,NULL,NULL,NULL,'SgbyDIplsMvFNG','hshakyilavr27@gmail.com',NULL,'female','$2y$10$IfvldXFH1j3eYICPs2IrzOTUm1btbCh3Je/u3k31eHO1uzCO4dWnq',NULL,2,1,1,0,1,1,'5bbc9f16584c8e44abf8b4f2270748ef',NULL,NULL,NULL,NULL,'2025-05-28 10:48:14','2025-05-28 10:48:14'),
	(150,NULL,NULL,NULL,'YEvHvtvRI','russellareibllt@gmail.com',NULL,'female','$2y$10$Rc5mWz92OlIHKTpZan8KH.QavnMdl3nwRhVYsnNo19JJ4.p/L5b3i',NULL,2,1,1,0,1,1,'04cdac1e6cd54899c21a7e6d28311176',NULL,NULL,NULL,NULL,'2025-05-29 06:29:30','2025-05-29 06:29:30'),
	(151,NULL,NULL,NULL,'sVjkTvQBqbmJBM','ildredcarpenter2006@gmail.com',NULL,'female','$2y$10$dlu4PG9AhqzvB6SiLBza0u.s.DBtx/xUGsuyLpHrm/hU4iDZPrRz6',NULL,2,1,1,0,1,1,'6a44743abb5694d1dd5fc320c43441b8',NULL,NULL,NULL,NULL,'2025-05-29 12:12:29','2025-05-29 12:12:29'),
	(152,NULL,NULL,NULL,'DuUtDyAgYJpCW','farrelbasin@gmail.com',NULL,'female','$2y$10$W5sQ78wGGvrtv7j30NYHhuZyDkUuxADsglgZWvzeFyufAzpkDiv1a',NULL,2,1,1,0,1,1,'e8fd6b83f63bcdf32536c7ce9e75bc71',NULL,NULL,NULL,NULL,'2025-05-29 04:00:26','2025-05-29 04:00:26'),
	(153,NULL,NULL,NULL,'GKsAufblci','petthorntf@gmail.com',NULL,'female','$2y$10$.3bxH38xA7IJXCs0HPq1mutRSZW.JoSMC2XmsreCkg6YOKrct0wR.',NULL,2,1,1,0,1,1,'7bc353b4a7d82180bc9e98a2fa7eb802',NULL,NULL,NULL,NULL,'2025-05-29 11:36:53','2025-05-29 11:36:53'),
	(154,NULL,NULL,NULL,'kBtCxxaOezKPqi','nonarushsw@gmail.com',NULL,'female','$2y$10$HxSkC0XP4RAfsAdzjfpZvOsHyJqG7AVhiHgNAKbtcYWR2Yx/IUQ.q',NULL,2,1,1,0,1,1,'c67b0b84a670db8bb2be3aeafca930f9',NULL,NULL,NULL,NULL,'2025-05-30 10:35:25','2025-05-30 10:35:25'),
	(155,NULL,NULL,NULL,'bHdltMqXoczrCy','buchdavei2001@gmail.com',NULL,'female','$2y$10$.IRnVe1ZPcy0Jj9qTR3x5./Cq8YZZsmobJjXQOPu8jfAfPvH5LQe6',NULL,2,1,1,0,1,1,'31d4bba98ef07edd458a28a44bed0c14',NULL,NULL,NULL,NULL,'2025-05-31 06:30:16','2025-05-31 06:30:16'),
	(156,NULL,NULL,NULL,'GrUgLbOcLkoIt','hendrixgreiem@gmail.com',NULL,'female','$2y$10$n7/hMSfRqW/D9pOSTj/WZuBYBxZs5XyIox1pEsUIcDfl2gU1/RmWC',NULL,2,1,1,0,1,1,'400a6cbfc8583196663d097b68c3568f',NULL,NULL,NULL,NULL,'2025-05-31 10:48:46','2025-05-31 10:48:46'),
	(157,NULL,NULL,NULL,'jHbjgUUqInPV','rbettie26@gmail.com',NULL,'female','$2y$10$n4gXOVgrgC9AcH5hY3vZp.X0uxTXnwpl97DNKMNL/3m6N/AaWIyRO',NULL,2,1,1,0,1,1,'c114d3a29ce110b358e79159d294a966',NULL,NULL,NULL,NULL,'2025-05-31 03:49:35','2025-05-31 03:49:35'),
	(158,NULL,NULL,NULL,'doxqZalEsQQ','patricialewis988039@yahoo.com',NULL,'female','$2y$10$6K8.N5z4rqMSJGLpw9WqoOxPWZhNacoymDS1FrVcATd4D3hULZ3dG',NULL,2,1,1,0,1,1,'f22f89c7bb8fa183b1a19a9d5dd5db4a',NULL,NULL,NULL,NULL,'2025-06-01 11:27:15','2025-06-01 11:27:15'),
	(159,NULL,NULL,NULL,'vepSyCZAzqEOVl','kochpaisy@gmail.com',NULL,'female','$2y$10$z6njUGC2bCNGsEWMi0kAv.eerf3NMw3.LKPimP6.jVaTjB2tOgEaa',NULL,2,1,1,0,1,1,'4b3e4f9e0ba83c140336ea6a793f33fd',NULL,NULL,NULL,NULL,'2025-06-01 12:37:07','2025-06-01 12:37:07'),
	(160,NULL,NULL,NULL,'AOXHSxXcpjtB','ishaharmontd@gmail.com',NULL,'female','$2y$10$XIbsrw5wgiKsDBsCLibZy.KyPVqHh0O9rjG/KEfK16996JsadhqFu',NULL,2,1,1,0,1,1,'62e1322864c894caae7dd35dfdf88398',NULL,NULL,NULL,NULL,'2025-06-02 04:23:42','2025-06-02 04:23:42'),
	(161,NULL,NULL,NULL,'dYkgGBsukcKKD','marilinkp90@gmail.com',NULL,'female','$2y$10$x3GJw/NFGI/UhVzPU/Z.uuH/crhFCQt7GH5dZalZCD.YcdYCCM2ga',NULL,2,1,1,0,1,1,'33945b735dafac08be9ede84c99f0a8f',NULL,NULL,NULL,NULL,'2025-06-02 11:24:21','2025-06-02 11:24:21'),
	(162,NULL,NULL,NULL,'xCVnvZRTc','silvilovz@gmail.com',NULL,'female','$2y$10$luL8YGGRoEYPzFx1QygEQekBBJKis0Kia29B1SpyCq/v/T1ahV0WG',NULL,2,1,1,0,1,1,'275c3b4a5a770c6fe63ff4d988663606',NULL,NULL,NULL,NULL,'2025-06-03 04:29:24','2025-06-03 04:29:24'),
	(163,NULL,NULL,NULL,'TGEjgfRGzS','michelleketterling782683@yahoo.com',NULL,'female','$2y$10$PSGO9BNRGIuqjTJmxUHwCOYIKAprsEo.ylcUCVrZ9qdXeD6Qgh9eC',NULL,2,1,1,0,1,1,'0ad74fe798e2ed0a894a21f216bff86e',NULL,NULL,NULL,NULL,'2025-06-04 07:00:38','2025-06-04 07:00:38'),
	(164,NULL,NULL,NULL,'VDnkGKTy','alfibarton@gmail.com',NULL,'female','$2y$10$WnuXtPb3fz82hvu9FrjxuO7vZoMmDA8V.BEE0n4LEjGXd13HgfoQy',NULL,2,1,1,0,1,1,'2786034d64c619900dfb369a02d1cdd6',NULL,NULL,NULL,NULL,'2025-06-04 01:11:18','2025-06-04 01:11:18'),
	(165,NULL,NULL,NULL,'nCKTBjTrggcJj','rhooperuq@gmail.com',NULL,'female','$2y$10$0FJDFEtT0byebJoiw8wL/ewt9p2/sr5BMXIKGJovTkBfIftOVk1ZK',NULL,2,1,1,0,1,1,'915a9ce7f49a30a7e0185bc4d69418ec',NULL,NULL,NULL,NULL,'2025-06-05 03:59:24','2025-06-05 03:59:24'),
	(166,NULL,NULL,NULL,'GOMsRBNUVgiHLyZ','latonyhuberwr1980@gmail.com',NULL,'female','$2y$10$GqRKiPzZ/jHv6XvBU1FVGepaJkWvZKuKS6ychgJKlkzck6V5O6rxS',NULL,2,1,1,0,1,1,'e11a920fe191420961398ae0c197b931',NULL,NULL,NULL,NULL,'2025-06-05 01:51:37','2025-06-05 01:51:37'),
	(167,NULL,NULL,NULL,'mrcPvDuPRuXDkA','hedleiterry@gmail.com',NULL,'female','$2y$10$7SQp9yKyLsw/hOYS2lDU8O8WjPUF/4NzPVK0RCe6rZKE31SxFys4e',NULL,2,1,1,0,1,1,'76d1007698d45ba23cabb87743ad1f2d',NULL,NULL,NULL,NULL,'2025-06-07 02:35:35','2025-06-07 02:35:35'),
	(168,NULL,NULL,NULL,'DZgIuyYQSaTUp','vyattwarh95@gmail.com',NULL,'female','$2y$10$9tvZOTmtilTfKuKNHt.FGe2W1YqR.v23f0dajgqmj7SHjFscdsOzK',NULL,2,1,1,0,1,1,'a29b27bcd0fdad5dda866e7fa86aea45',NULL,NULL,NULL,NULL,'2025-06-07 06:06:39','2025-06-07 06:06:39'),
	(169,NULL,NULL,NULL,'mgVWWYVX','flohuynhnh48@gmail.com',NULL,'female','$2y$10$03p2Z6W1EL8l7ojIaGuB6etlD0LJ2.zNxBphApAWhJ8XOob2Elpqy',NULL,2,1,1,0,1,1,'25c0964b57ce19a5d5a47ca766e78f33',NULL,NULL,NULL,NULL,'2025-06-07 01:28:50','2025-06-07 01:28:50'),
	(170,NULL,NULL,NULL,'Вам перевод 197495 руб. получи','wyqtozve@ronaldofmail.com',NULL,'male','$2y$10$ocJVuf.kHhfyDoW3uolTZuv0KRZSgHiCzWgIdbu1RYIl2gpMZPuJO',NULL,2,1,1,0,1,1,'52026c8024dca1b5f813bfe491d44bc7',NULL,NULL,NULL,NULL,'2025-06-08 12:14:26','2025-06-08 12:14:26'),
	(171,NULL,NULL,NULL,'NAEWTRER407116NEYHRTGE','tckvbxsi@eblanomail.com',NULL,'male','$2y$10$7puMfujHimH6Op5IySiAYuDHsLsOaguJjLt.WR8Z8H9Z4rL18LQpq',NULL,2,1,1,0,1,1,'8b47fc9821f284e4f9f993e3820862dc',NULL,NULL,NULL,NULL,'2025-06-08 08:53:30','2025-06-08 08:53:30'),
	(172,NULL,NULL,NULL,'AcxhCSXoLxVhZs','djosephr1991@gmail.com',NULL,'female','$2y$10$TqrSuZ4Ap1eDJ.kD/lxBben8JraIVOcisVUP5nri5psqx5ACpsVlW',NULL,2,1,1,0,1,1,'3af6e96a9ab877739a7f4d2b84a0e4e9',NULL,NULL,NULL,NULL,'2025-06-08 10:19:23','2025-06-08 10:19:23'),
	(173,NULL,NULL,NULL,'gWgwRIvKmLWMm','brewerbrittonul@gmail.com',NULL,'female','$2y$10$fj1z3wtIr2mXZLdsbKXx1eO7uyDn7X5tMASMM8HyGSYvufHpMRACG',NULL,2,1,1,0,1,1,'38ee27c4ad62db63d4464076406a491d',NULL,NULL,NULL,NULL,'2025-06-09 02:00:53','2025-06-09 02:00:53'),
	(174,NULL,NULL,NULL,'PTiZEfenOdfpVC','carlaking627845@yahoo.com',NULL,'female','$2y$10$.IVJwEBJR6vv1Y1hYeiauu.h18WKOAdKfx66Ak66UevVqBHOBhA8q',NULL,2,1,1,0,1,1,'de870ccd909a786dbf14c1e295ca75b2',NULL,NULL,NULL,NULL,'2025-06-09 12:16:31','2025-06-09 12:16:31'),
	(175,NULL,NULL,NULL,'mOMomoEGpAPd','chapmaneric118968@yahoo.com',NULL,'female','$2y$10$zgp/eZCKpV3x2fCH97sLDu.Dh1o/1B0s8vFtyyvv5Q6w6pEar15fG',NULL,2,1,1,0,1,1,'ec296ffeb7fece783303f620da70728f',NULL,NULL,NULL,NULL,'2025-06-09 12:50:13','2025-06-09 12:50:13'),
	(176,NULL,NULL,NULL,'CzyrFLiqbbhff','meisonrc7@gmail.com',NULL,'female','$2y$10$FniSd/aJudcrB7vofZqu4.M3gBvJ1A9Ag5vFOZ46jbuu.SToeNiSe',NULL,2,1,1,0,1,1,'ec316857e220cfb33328b39d6e7009fb',NULL,NULL,NULL,NULL,'2025-06-10 05:30:21','2025-06-10 05:30:21'),
	(177,NULL,NULL,NULL,'ldHgeUMmKVHJIc','kendalbarberln7@gmail.com',NULL,'female','$2y$10$eg5BMXBmVmyxqkYkfECABOFd1TkNFPupOQepjhicWAyrOt971CTsi',NULL,2,1,1,0,1,1,'18496b13940636122a59c9ad242b0528',NULL,NULL,NULL,NULL,'2025-06-10 11:56:46','2025-06-10 11:56:46'),
	(178,NULL,NULL,NULL,'QFKseUhNOn','mannabryan517370@yahoo.com',NULL,'female','$2y$10$NEcWyrmGRxUf2TMOd/t9oumOZ4nQRpB3bZVq8iuELk79SZid40x7q',NULL,2,1,1,0,1,1,'267f7a62910835497daced3a8f6ffa42',NULL,NULL,NULL,NULL,'2025-06-11 06:50:47','2025-06-11 06:50:47'),
	(179,NULL,NULL,NULL,'UTeeJByLCc','rwelchf7@gmail.com',NULL,'female','$2y$10$gN1FvfQdnHPcEeTm9vDTuuXWWKOu5cH4Z2hnSmgC5LLzah6f7Kx8i',NULL,2,1,1,0,1,1,'2dc1946e28f3f5d229d0639587f29db3',NULL,NULL,NULL,NULL,'2025-06-12 01:27:09','2025-06-12 01:27:09'),
	(180,NULL,NULL,NULL,'XpWBGnOvQ','brademetr20@gmail.com',NULL,'female','$2y$10$AyD0aE7r4Cl6lNpO1K8xUuNCbL/OLXQ.DyDFsAB0rbRNSgNg5Vnfy',NULL,2,1,1,0,1,1,'b308f98f6c85f2fe7e3b3432c17b08d0',NULL,NULL,NULL,NULL,'2025-06-12 10:44:15','2025-06-12 10:44:15'),
	(181,NULL,NULL,NULL,'XDIRzXEmXNm','romandjokas93@gmail.com',NULL,'female','$2y$10$Kc13w8y2JgfZZlho0qcLBu/IIicipHqhqGBr/XYJFpqlkppV.8Qwa',NULL,2,1,1,0,1,1,'49f34d0bc8d2e02a5a2d67818aaa0491',NULL,NULL,NULL,NULL,'2025-06-12 03:03:21','2025-06-12 03:03:21'),
	(182,NULL,NULL,NULL,'ZAVvBRQgefX','kandisrs2000@gmail.com',NULL,'female','$2y$10$iPTSBNK0N.vKz8dAnA6rrOV2cJqUcJ5krCl6aqWywjgl5ZO2R4mE.',NULL,2,1,1,0,1,1,'2ce49d988db94d56473efb2310d11b14',NULL,NULL,NULL,NULL,'2025-06-12 08:57:36','2025-06-12 08:57:36'),
	(183,NULL,NULL,NULL,'NAEWTRER96706NEYHRTGE','yrrtcvmm@bonsoirmail.com',NULL,'male','$2y$10$iOFhWIzlezuilGiKZNhK3erxYIYBAeRiTt6L27BT3wPoNgLAqtwFy',NULL,2,1,1,0,1,1,'d846d885bbaf70b990e7cadbee98e7f0',NULL,NULL,NULL,NULL,'2025-06-12 09:11:21','2025-06-12 09:11:21'),
	(184,NULL,NULL,NULL,'XJFtimZiIzjw','sharpdjarod1987@gmail.com',NULL,'female','$2y$10$i4ot/Vp4Xlkxv9imdgJoxOFC4BkgxRcjfiy0G.pD5ZrT8NM7Ll9Hq',NULL,2,1,1,0,1,1,'f8e90ee7dec4e77b7518a211d2330390',NULL,NULL,NULL,NULL,'2025-06-13 06:08:44','2025-06-13 06:08:44'),
	(185,NULL,NULL,NULL,'wSeOpcRgiGWh','liowelchkq52@gmail.com',NULL,'female','$2y$10$lNOoJDgOtICrk4EJX10AqecBg7tvhRHbV0USVJXoHdbUG/gAcRb8.',NULL,2,1,1,0,1,1,'f019062cadd75fc1e75df90e48c86ccd',NULL,NULL,NULL,NULL,'2025-06-13 07:57:49','2025-06-13 07:57:49'),
	(186,NULL,NULL,NULL,'wbuPFUURCp','kristilarsenop24@gmail.com',NULL,'female','$2y$10$q4rK8gUTTHrax0k1oP5FAeXqX3uqtSPGg00x63RnJt9wZBekAOXk6',NULL,2,1,1,0,1,1,'3e4bbd72d0e3dfce9dea2e70298e92c9',NULL,NULL,NULL,NULL,'2025-06-14 11:54:00','2025-06-14 11:54:00'),
	(187,NULL,NULL,NULL,'etllPVkcyjcgU','noblefilippinav@gmail.com',NULL,'female','$2y$10$2I17TgtkBrDqBrwC62UZwuvSnnIZ.eLsftO0uSqS5QbPlQPK4YTnO',NULL,2,1,1,0,1,1,'43c59ed389fe1a2dc1544f6fb09e3d5f',NULL,NULL,NULL,NULL,'2025-06-16 09:37:35','2025-06-16 09:37:35'),
	(188,NULL,NULL,NULL,'keWmbGPPb','howelleldvinxw1981@gmail.com',NULL,'female','$2y$10$IbN50UmgNzNlXrLYtbbYSeswPP.mVqfPNDO3aDaGdaRIljkE0YSY6',NULL,2,1,1,0,1,1,'3bda3d2d817577b51e548ef11cfacaf3',NULL,NULL,NULL,NULL,'2025-06-16 10:56:18','2025-06-16 10:56:18'),
	(189,NULL,NULL,NULL,'JGURkaGjKjW','tbrednw1@gmail.com',NULL,'female','$2y$10$EPU4vEYIizsb.m7DjiyFq.3e2bXwNIMeK1K0i1w7RYjId3vYiEl72',NULL,2,1,1,0,1,1,'765f8d4d8742cd6fdb266a88019ca6c6',NULL,NULL,NULL,NULL,'2025-06-17 05:40:58','2025-06-17 05:40:58'),
	(190,NULL,NULL,NULL,'gwULgVeOnw','stokesmetu6@gmail.com',NULL,'female','$2y$10$D9QK2k5DYKyUilq.6szAEes1bgnn6qwFDyFA7UP.VJQhwiBOZ2YEK',NULL,2,1,1,0,1,1,'ec259b3419ff19732d43be99c7717b59',NULL,NULL,NULL,NULL,'2025-06-18 12:10:53','2025-06-18 12:10:53'),
	(191,NULL,NULL,NULL,'TyRXsHhhmGz','mvincentet@gmail.com',NULL,'female','$2y$10$ucNyjF8TcT5vWrkyHV8S5.JfSFWJEIaDJ7gFkDxnD74RzEZpIJ90.',NULL,2,1,1,0,1,1,'51f84e1609a890d7f1c43e0c64e142c2',NULL,NULL,NULL,NULL,'2025-06-18 09:53:32','2025-06-18 09:53:32'),
	(192,NULL,NULL,NULL,'oiqRgTVeqrmhOwd','horviktorpm@gmail.com',NULL,'female','$2y$10$LB7hKKg2joQcSrmxtNHjjO8Tvxf2INEQel9UMiO2aQj65UeMhf4LS',NULL,2,1,1,0,1,1,'b0bcfaf77a1f604e6cbf3c4ae30feec5',NULL,NULL,NULL,NULL,'2025-06-19 01:36:45','2025-06-19 01:36:45'),
	(193,NULL,NULL,NULL,'tFlUTuWue','hhartk10@gmail.com',NULL,'female','$2y$10$86DilKwHXPxBTS49ULdMh.J6iE6KTGLgl8ANEvIYz2vTKzMj7/XmS',NULL,2,1,1,0,1,1,'4d8e67dad4e38ca2f3907aa0218c2983',NULL,NULL,NULL,NULL,'2025-06-19 05:49:39','2025-06-19 05:49:39'),
	(194,NULL,NULL,NULL,'iREfZyyCaDnU','eidenheberthm9@gmail.com',NULL,'female','$2y$10$YTUmyKm1gHhbheSGRxO/w.OM5R/qjCDujBiPrEyrkCwQIfUsxgym2',NULL,2,1,1,0,1,1,'48138677f504c8fe7a5f530aba828449',NULL,NULL,NULL,NULL,'2025-06-20 08:05:27','2025-06-20 08:05:27'),
	(195,NULL,NULL,NULL,'tyBEdAHB','lmuellerpq1992@gmail.com',NULL,'female','$2y$10$2fdvzjM3oB5AcvBnvOnTyeZ699Q572QaWFFaQ6YqsJd.yyJm0P7IW',NULL,2,1,1,0,1,1,'04139259c1f0a4f474561dd188688ba6',NULL,NULL,NULL,NULL,'2025-06-20 09:50:32','2025-06-20 09:50:32'),
	(196,NULL,NULL,NULL,'RpcZLgeTGHTLHn','shaninunez36@gmail.com',NULL,'female','$2y$10$KtNe7Ktoanmn65ocCvgdGOSOoreMbKiyf36JP1CfEnMnBAlZtZZIS',NULL,2,1,1,0,1,1,'05a3be0f72b7c6836bb2a51ca04d509b',NULL,NULL,NULL,NULL,'2025-06-21 09:13:20','2025-06-21 09:13:20'),
	(197,NULL,NULL,NULL,'XsgwiyrquRlbwrt','ocodjaddf3@gmail.com',NULL,'female','$2y$10$zvvgrW9OQvKeYk0A3BWZauP6YDQxjve/pvLHfjJUln7symy1F5gXq',NULL,2,1,1,0,1,1,'29e34dd52e1b0134eaf77d3b02224b9a',NULL,NULL,NULL,NULL,'2025-06-21 01:02:34','2025-06-21 01:02:34'),
	(198,NULL,NULL,NULL,'TdyHyinV','mskilar1988@gmail.com',NULL,'female','$2y$10$NsyfBhdQN0Aq4Zj5alAC7.4eFBpcUMqDKRksXFKPAWgFjYTpPKbnm',NULL,2,1,1,0,1,1,'dda76d07316a347740c5abb1fb06cb6e',NULL,NULL,NULL,NULL,'2025-06-22 11:31:39','2025-06-22 11:31:39'),
	(199,NULL,NULL,NULL,'VILYfvgowK','fullthedica1978@yahoo.com',NULL,'female','$2y$10$Xc9TTPVja.vbcC44blFtz.BS9J9oUT00rBmcREqs8cX5BFQ50U/.e',NULL,2,1,1,0,1,1,'6a9e4dad54f7ea4c21d4b25b45e13c91',NULL,NULL,NULL,NULL,'2025-06-23 12:02:27','2025-06-23 12:02:27'),
	(200,NULL,NULL,NULL,'RmzSiUAx','draiksharpao@gmail.com',NULL,'female','$2y$10$dLDIY4OkhMj0bDnIZbz1UOaCXYD56QRu4DTYihbQEM6uEY5fMjDsq',NULL,2,1,1,0,1,1,'078fc60baff519ce73f4afb7ec0dd5de',NULL,NULL,NULL,NULL,'2025-06-23 06:51:02','2025-06-23 06:51:02'),
	(201,NULL,NULL,NULL,'YQrnmXkenTvfm','bwelchgg7@gmail.com',NULL,'female','$2y$10$q5b2zdsfp9p88JahwHbJweE5JNWulbdE.i5YhM8DLTH1YdTjjADJm',NULL,2,1,1,0,1,1,'348357d4de195b9b26aa3d9e5eee3ced',NULL,NULL,NULL,NULL,'2025-06-23 01:59:37','2025-06-23 01:59:37'),
	(202,NULL,NULL,NULL,'FoXdfokeRmkGAH','maloneelissaw1984@gmail.com',NULL,'female','$2y$10$kjY.aB/3Bnj2pHCt9ZtXHe6CjGTPGvqpcvWPmBzz712p4fFN2T/9i',NULL,2,1,1,0,1,1,'4898ed21ee34fbedd512a78be861c069',NULL,NULL,NULL,NULL,'2025-06-24 02:27:56','2025-06-24 02:27:56'),
	(203,NULL,NULL,NULL,'zcyBTRbDjKM','marfunctacha1971@yahoo.com',NULL,'female','$2y$10$YdoxuuAIvCwvrxhr/TKdfO/BSejmYnNTdJUgVwe7f.WFFJXp1CuVK',NULL,2,1,1,0,1,1,'7eaf9113dfb5dfa617f6f8be41db30e7',NULL,NULL,NULL,NULL,'2025-06-24 04:15:16','2025-06-24 04:15:16'),
	(204,NULL,NULL,NULL,'htGBiYcPwgr','aryamorenog28@gmail.com',NULL,'female','$2y$10$K.qIaRY/WZqZGAn2jEln6OL6HRa02gXfkkwSZKGbxnWrE1grPA1.S',NULL,2,1,1,0,1,1,'0e967643ed7e0175cbe9acd1c8793206',NULL,NULL,NULL,NULL,'2025-06-24 04:46:20','2025-06-24 04:46:20'),
	(205,NULL,NULL,NULL,'jeYerBkbQqaMfV','pmatthewsei34@gmail.com',NULL,'female','$2y$10$hUK5p/QF1DLRStrvjwnxPuJBQRUoivsqUnPyjTj98WZXnhAlqf4Kq',NULL,2,1,1,0,1,1,'bb41d2c763379b72295b4436a84bb8f8',NULL,NULL,NULL,NULL,'2025-06-25 11:41:55','2025-06-25 11:41:55'),
	(206,NULL,NULL,NULL,'kVJqJmXLEVDMka','diecasrepozd1971@yahoo.com',NULL,'female','$2y$10$6qf1WEkHFVBPu9FLxVE3oeSiA6.ssv3AnVQAF5g6YMolbfz2KX5su',NULL,2,1,1,0,1,1,'dbc913669e8f6e24a43eb82019beb2e6',NULL,NULL,NULL,NULL,'2025-06-25 03:17:25','2025-06-25 03:17:25'),
	(207,NULL,NULL,NULL,'EpnZoJPQsP','rozcohenf1996@gmail.com',NULL,'female','$2y$10$rnx3B7AU1cvzfsrre0FgNeFI0pi0d0wo6x7yoBQxVzcqFfYSev5oi',NULL,2,1,1,0,1,1,'e1886f1391ae8ea80af4d9e3fecc5efb',NULL,NULL,NULL,NULL,'2025-06-26 12:03:53','2025-06-26 12:03:53'),
	(208,NULL,NULL,NULL,'bFFWdmejxvvg','zgeorge2004@gmail.com',NULL,'female','$2y$10$4OygPjNmc3m0yuWiAFuXEuLqQYzuUqUwHe6rpx5Q29Uix2AurB6zu',NULL,2,1,1,0,1,1,'391f58594d3483d2dd4e9ba0007246bb',NULL,NULL,NULL,NULL,'2025-06-26 04:05:58','2025-06-26 04:05:58'),
	(209,NULL,NULL,NULL,'UBSJNkuV','vitemili1983@yahoo.com',NULL,'female','$2y$10$CiOxCuTRXN6VC4vWDV3LAePbBciTn.RiC/PG.s0b7qJSeB8lbgTQe',NULL,2,1,1,0,1,1,'78f5496a3bb3a2102189baaffe574a80',NULL,NULL,NULL,NULL,'2025-06-26 08:59:10','2025-06-26 08:59:10'),
	(210,NULL,NULL,NULL,'cckARCXTketaXIe','lifatuhojo30@gmail.com',NULL,'female','$2y$10$64OdewdICtWmA42RRG6kh.GVC/Xf8alq9Oh6RNYJ5HgqbSGfEgUQG',NULL,2,1,1,0,1,1,'27670ce12f761956ac247f6e59118d8e',NULL,NULL,NULL,NULL,'2025-06-26 03:59:55','2025-06-26 03:59:55'),
	(211,NULL,NULL,NULL,'fhZbJOYX','ecuvirikopaj56@gmail.com',NULL,'female','$2y$10$d2CG9EjZsxJl8P5mmk4lq.Nfjnp6c4q7NarHjjdT225XiKh6QMPU2',NULL,2,1,1,0,1,1,'37d28ffd2defd5dc0b2a912c030681d8',NULL,NULL,NULL,NULL,'2025-06-27 10:15:12','2025-06-27 10:15:12'),
	(212,NULL,NULL,NULL,'izZDFaMO','prosperkirkaa@gmail.com',NULL,'female','$2y$10$kqY5z/P6720yriPD4YQqau4D7Jff0aepa01RBCU44g.xkR4.rH2TC',NULL,2,1,1,0,1,1,'13bf0567094642edffd5fb49452da402',NULL,NULL,NULL,NULL,'2025-06-27 11:35:29','2025-06-27 11:35:29'),
	(213,NULL,NULL,NULL,'FMPdONmgfnXcEa','daveidcp50@gmail.com',NULL,'female','$2y$10$dIPZPGvdkkGl0kOor3TNWOqLVpVuDAf8dLgEt6o4jcrfQymCoas2y',NULL,2,1,1,0,1,1,'9977215cd979150840c7195f34a468cf',NULL,NULL,NULL,NULL,'2025-06-27 02:23:08','2025-06-27 02:23:08'),
	(214,NULL,NULL,NULL,'NAERTREGE180592NERTHRRTH','ueattupa@aurevoirmail.com',NULL,'male','$2y$10$JH5F9WVOnZ.ziTCAKXsWv.jQAKiamGnAT4dtRhymhDz4kLnDzmGSG',NULL,2,1,1,0,1,1,'693f82c99aa65d6faa38ffc1523ffb1a',NULL,NULL,NULL,NULL,'2025-06-28 02:17:21','2025-06-28 02:17:21'),
	(215,NULL,NULL,NULL,'NARYTHY237221NERTHRRTH','bsotkaea@bonsoirmail.com',NULL,'male','$2y$10$r6Hi3AVJJVXbn.h6wd4pLu0RnOz4DAaJa.ajWk/U/M3lGFfY.zBm.',NULL,2,1,1,0,1,1,'6f0d52228689f77313de4f556b1d0bb4',NULL,NULL,NULL,NULL,'2025-06-28 03:02:09','2025-06-28 03:02:09'),
	(216,NULL,NULL,NULL,'AqDIolSmfdbs','hudsonmark522599@yahoo.com',NULL,'female','$2y$10$5U/AcPbM1WCUXYHWwkDBHefepSrQhzDFa4oOAhXbHgcdr6Sv6/mly',NULL,2,1,1,0,1,1,'2eff6de59124d8be8ca2f2545781b515',NULL,NULL,NULL,NULL,'2025-06-28 04:20:43','2025-06-28 04:20:43'),
	(217,NULL,NULL,NULL,'MBkwbDhwr','ivemakomak807@gmail.com',NULL,'female','$2y$10$ixwyX0VX6a1DKdAwVEm2Ku3VsFkp4hgoRuet6NZ2nhcSEudozxCXi',NULL,2,1,1,0,1,1,'46346e2b8373278f7c770fec7f816a23',NULL,NULL,NULL,NULL,'2025-06-28 08:05:24','2025-06-28 08:05:24'),
	(218,NULL,NULL,NULL,'PmECpzWmg','orizematil38@gmail.com',NULL,'female','$2y$10$YBjQV35FIfpCW.N6MqGs4e1IBkuWnWiuDES3DEPn8awSS0prfPUGm',NULL,2,1,1,0,1,1,'dd214a995202f6344e45fe76c1662982',NULL,NULL,NULL,NULL,'2025-06-28 11:13:33','2025-06-28 11:13:33'),
	(219,NULL,NULL,NULL,'OzixIHwOQT','etabafuqaki31@gmail.com',NULL,'female','$2y$10$1duj//G3H5MXghKFltBrb.twSAqHI5PE/b8pGq.riUKxuBQF7091y',NULL,2,1,1,0,1,1,'51c5a43bc54e9329485d10aed1cd52e3',NULL,NULL,NULL,NULL,'2025-06-28 03:12:23','2025-06-28 03:12:23'),
	(220,NULL,NULL,NULL,'eAbwRArulDgzigh','apizexed311@gmail.com',NULL,'female','$2y$10$1aI8SrDfjP/7b.JZJ9J2vOYTKtn1j04DN6jcvF6GDbT83l3GLzoVu',NULL,2,1,1,0,1,1,'e2c9bb215bd52f346b5d0723c40bb975',NULL,NULL,NULL,NULL,'2025-06-28 09:24:46','2025-06-28 09:24:46'),
	(221,NULL,NULL,NULL,'NAEWTRER105401NERTHRTYHR','wjvjyekk@bonsoirmail.com',NULL,'male','$2y$10$GVSPcMAFO670DZYg6iZm3.rIiqUDz9Nj61h08OaCe.crwcCp4dxEO',NULL,2,1,1,0,1,1,'615b16aec5c0da5a049948a5a3736716',NULL,NULL,NULL,NULL,'2025-06-28 10:10:33','2025-06-28 10:10:33'),
	(222,NULL,NULL,NULL,'NAERTREGE162614NERTYTRY','djiaqsjq@aurevoirmail.com',NULL,'male','$2y$10$XU7Eza.irEzBH32ZTaAqueCFNBOHA3r8r7MV9g.mhlTyQApAKv3X6',NULL,2,1,1,0,1,1,'9e9ad73866066560448389d8cfe97fa6',NULL,NULL,NULL,NULL,'2025-06-28 11:06:31','2025-06-28 11:06:31'),
	(223,NULL,NULL,NULL,'JpUiSDiTCmIWocE','djoandram1995@gmail.com',NULL,'female','$2y$10$XBRgAJObqtyThbGkuUklUu8q2OJ46D/9FsMk95TfRMdFgcK8JYphO',NULL,2,1,1,0,1,1,'bac55913191cb52cfa30f16bf396f333',NULL,NULL,NULL,NULL,'2025-06-29 12:52:56','2025-06-29 12:52:56'),
	(224,NULL,NULL,NULL,'wNlAcfthC','shilagraymond25@gmail.com',NULL,'female','$2y$10$hPrZUkbMoXk.639MalWpPO/A.891Vp31lfYatMwRYeNa2369rfchC',NULL,2,1,1,0,1,1,'bfed2c63fb33a916ea85ee6b83626e6c',NULL,NULL,NULL,NULL,'2025-06-29 06:25:39','2025-06-29 06:25:39'),
	(225,NULL,NULL,NULL,'btjTxalfp','mervinjy10@gmail.com',NULL,'female','$2y$10$NVTpU66o4LH.lsegfJeXsuzRlQr2dI5Q835JXIo9c10YVW6vIZC46',NULL,2,1,1,0,1,1,'913ffa4d7e69a2f68d1dd10f675c21c5',NULL,NULL,NULL,NULL,'2025-06-29 07:46:24','2025-06-29 07:46:24'),
	(226,NULL,NULL,NULL,'ORIVEPBZn','nealmiloserdaya21@gmail.com',NULL,'female','$2y$10$IxvsRNwurtZNvz8rocqhzuWEzwb6CRWXfyIUIHqOKQCyvwzY3dMUi',NULL,2,1,1,0,1,1,'6305c5d185c7ce3811fc79b9f25c0628',NULL,NULL,NULL,NULL,'2025-06-30 12:39:36','2025-06-30 12:39:36'),
	(227,NULL,NULL,NULL,'TWajUPbJgM','ekgberktmonroej3@gmail.com',NULL,'female','$2y$10$Fv5bCqeLI1axERFiVSvqAe/neGfSD0/GmbGq6iuJCigZClKwIgHKy',NULL,2,1,1,0,1,1,'968285f12e5f09c9e668af1d344d195b',NULL,NULL,NULL,NULL,'2025-07-01 07:45:08','2025-07-01 07:45:08'),
	(228,NULL,NULL,NULL,'TkMiZLGDewZD','rpetersps18@gmail.com',NULL,'female','$2y$10$8oVqQ8/va1.JFVNCh.IfF.zleuSO7P/8wIh.Za3qz1qAiDSbiGEs.',NULL,2,1,1,0,1,1,'5a6019457015fd37f72c2ef9b06ed1f5',NULL,NULL,NULL,NULL,'2025-07-01 09:11:17','2025-07-01 09:11:17'),
	(229,NULL,NULL,NULL,'gseWbqMzCxBgNX','francisgvenet8@gmail.com',NULL,'female','$2y$10$/qKfuWjSs7/cQAmjS0LyPOj5MMFP8hDZyUgMr7lDAUFSIGoc6HS.O',NULL,2,1,1,0,1,1,'09a04cf80b758086a2546c2d015738b8',NULL,NULL,NULL,NULL,'2025-07-01 10:41:52','2025-07-01 10:41:52'),
	(230,NULL,NULL,NULL,'tKQlObsdcaJOXA','craneabott77@gmail.com',NULL,'female','$2y$10$A6qUX.NfZvCchEgPi.uiEu5prwamTFh3h7Va/SUlX9LuEXTB22VhS',NULL,2,1,1,0,1,1,'b26b628ebd6f16332579dd6eb869ab10',NULL,NULL,NULL,NULL,'2025-07-02 09:06:26','2025-07-02 09:06:26'),
	(231,NULL,NULL,NULL,'eLGQlsRhzHyEcZc','djoshoacj34@gmail.com',NULL,'female','$2y$10$R6b6swaTjbnWfBQD6wKQ5.fIxY81WpEYefgwYit1TEd/yA9ekXhXW',NULL,2,1,1,0,1,1,'3a234d8b98dac4139239fec9fa7226d8',NULL,NULL,NULL,NULL,'2025-07-02 09:29:54','2025-07-02 09:29:54'),
	(232,NULL,NULL,NULL,'hxXbirfZHB','roddicn9@gmail.com',NULL,'female','$2y$10$WWtlU0autiq8esgUF70uwOyih/ruCy.NCVYWouTRo/7dOpuCqEX6C',NULL,2,1,1,0,1,1,'e89effc06c86a30dc801c24fed0b4ba4',NULL,NULL,NULL,NULL,'2025-07-03 04:56:04','2025-07-03 04:56:04'),
	(233,NULL,NULL,NULL,'rCIoktjvfiVfgph','nchoidk@gmail.com',NULL,'female','$2y$10$vO0AMN868CoGUwTwwESqY.P7XBEy2UN5JtpqRkekFsnh0a/TRhiC2',NULL,2,1,1,0,1,1,'358b5702f8290c29d4ba129eadbfd23c',NULL,NULL,NULL,NULL,'2025-07-03 11:57:14','2025-07-03 11:57:14'),
	(234,NULL,NULL,NULL,'RnKXEBjagnPW','horatiyamcgeei65@gmail.com',NULL,'female','$2y$10$mH74A358XDw8EYsjHh1Yc.yDNg9tquQCBVSUP7zssfohvvF0qZkPy',NULL,2,1,1,0,1,1,'35d7e71fba2728aed4e1365e649de4c0',NULL,NULL,NULL,NULL,'2025-07-04 01:26:48','2025-07-04 01:26:48'),
	(235,NULL,NULL,NULL,'TmFPyBUnMaHtogS','sheltonklintdy71@gmail.com',NULL,'female','$2y$10$0//Vf8nyqCACMuRj2FXvFOdLBBI63g111DSpEc2XXZe6S9ji/nsnC',NULL,2,1,1,0,1,1,'764ceb7963f4be72fb07de67c1efdd1e',NULL,NULL,NULL,NULL,'2025-07-04 09:42:11','2025-07-04 09:42:11'),
	(236,NULL,NULL,NULL,'YIUcCttcEGuV','napepugov770@gmail.com',NULL,'female','$2y$10$H5kC4lTjECKidn3RToJ0Uej5p8kdE7ceEDeNeHijFHgtoTiXrNLaC',NULL,2,1,1,0,1,1,'db15157d7d03d8b2e7f2c231cbf8a6cf',NULL,NULL,NULL,NULL,'2025-07-05 02:26:24','2025-07-05 02:26:24'),
	(237,NULL,NULL,NULL,'LMCxiMwrjH','nugupikadi660@gmail.com',NULL,'female','$2y$10$e3/trgk7GG4pB00DJ58p/uhF90EFA3G/xYLoB4PUcxBSft6/qBHaW',NULL,2,1,1,0,1,1,'ff4d0af15ca44e895353f388a907f048',NULL,NULL,NULL,NULL,'2025-07-05 01:54:57','2025-07-05 01:54:57'),
	(238,NULL,NULL,NULL,'MvSKzRPFgddZsST','khooperp1980@gmail.com',NULL,'female','$2y$10$cAt4ezcV4vY5/mvq28NPhOMdPVoo79V2ghDrD3fvxEMUgT14uP022',NULL,2,1,1,0,1,1,'28b38bca94595d8a5c03f98b823562ae',NULL,NULL,NULL,NULL,'2025-07-06 03:46:28','2025-07-06 03:46:28'),
	(239,NULL,NULL,NULL,'uqfbmJzhXr','liamlucasup1983@gmail.com',NULL,'female','$2y$10$PSptNyH2yAl5yJDbhpyP0O8ORay95SnsRY/gD1TeQwEKEcU8FwtQW',NULL,2,1,1,0,1,1,'0f9167a7be13dd23b8ca6c7ab6bd3176',NULL,NULL,NULL,NULL,'2025-07-06 10:54:12','2025-07-06 10:54:12'),
	(240,NULL,NULL,NULL,'NHuwQnaSAoMQE','frostkeiden@gmail.com',NULL,'female','$2y$10$816VCvoAmjkcpuouAInqWuptvzfxCkClFqW7YXRusy8x4UkhU4lKW',NULL,2,1,1,0,1,1,'4007bf14f4b7683dbc427952185fd80a',NULL,NULL,NULL,NULL,'2025-07-06 07:29:34','2025-07-06 07:29:34'),
	(241,NULL,NULL,NULL,'zfNEyQzs','ishieldsjz15@gmail.com',NULL,'female','$2y$10$X0CPuIVenaJCHPcMauQZbu/ASk3eXw2adUdqKnaMQObTBoET6R4GO',NULL,2,1,1,0,1,1,'1ee2eaa3062dcdd048cada5c2b8c91a6',NULL,NULL,NULL,NULL,'2025-07-07 05:29:53','2025-07-07 05:29:53'),
	(242,NULL,NULL,NULL,'WttJmJYvRsiy','krispinshannonv22@gmail.com',NULL,'female','$2y$10$wkcXA2bSFAM3zW/zl0O63OvHHPakoBbtg977nn9rnZOKiT35O7xqa',NULL,2,1,1,0,1,1,'c36ce20e10a7cb11811453ddf9f5f8cc',NULL,NULL,NULL,NULL,'2025-07-08 06:33:28','2025-07-08 06:33:28'),
	(243,NULL,NULL,NULL,'XzVmxhwqKhQqK','karverkerr1994@gmail.com',NULL,'female','$2y$10$hXPMBQZuftCOTC.Wqf6xWudTsXaSPa73gR8wjECsDqfXzNvf/AUAq',NULL,2,1,1,0,1,1,'b319b5cdbf710d103f3cb0410bdfd9c3',NULL,NULL,NULL,NULL,'2025-07-08 06:56:20','2025-07-08 06:56:20'),
	(244,NULL,NULL,NULL,'butOdxEolibwQ','emersonggw52@gmail.com',NULL,'female','$2y$10$iT5pohDix5jD22KsvgElXehlgJ7HLiaUm35MDzliZ8OQhnzkKgdUK',NULL,2,1,1,0,1,1,'cf21a5b1a1ee2f72155de1ef6bdb6aef',NULL,NULL,NULL,NULL,'2025-07-09 02:00:24','2025-07-09 02:00:24'),
	(245,NULL,NULL,NULL,'VAhZvtVE','breidirossy88@gmail.com',NULL,'female','$2y$10$tK9gyp5WF4fCjKminoRX8uKZ8grPDbBsBFeMxR7CqKYmOP8zDBZVO',NULL,2,1,1,0,1,1,'f516e371ed504ad1370beb0ba33fd563',NULL,NULL,NULL,NULL,'2025-07-09 06:57:12','2025-07-09 06:57:12'),
	(246,NULL,NULL,NULL,'wyyeMdBVNLB','gutierrezkliffordj1999@gmail.com',NULL,'female','$2y$10$TgUVbo54UvN4fnXHelH4mecItX6Sx2BMQ.z8eJwPXMM2XlTBppqJi',NULL,2,1,1,0,1,1,'c272232cafb4921f9967323843dd3d1d',NULL,NULL,NULL,NULL,'2025-07-10 09:03:58','2025-07-10 09:03:58'),
	(247,NULL,NULL,NULL,'sOwXnxMPn','hupoqavava870@gmail.com',NULL,'female','$2y$10$GutCOvltvHyJsh43tj0Jf.yR3HnTV1Hw2IdroKyISrmoueLFvtoI2',NULL,2,1,1,0,1,1,'ff4788167b65f34f1a5db72ee50ebb96',NULL,NULL,NULL,NULL,'2025-07-10 09:04:53','2025-07-10 09:04:53'),
	(248,NULL,NULL,NULL,'DWqkonyukIQ','reuland_janet1989@yahoo.com',NULL,'female','$2y$10$gbMBksUvdaiZj04xUArr4OtKHQHx6gb5BOK.T5wJMR6Z2FvmV0eCG',NULL,2,1,1,0,1,1,'ea8c7ff075409558a5ca0c9bb6c3de5c',NULL,NULL,NULL,NULL,'2025-07-11 03:41:14','2025-07-11 03:41:14'),
	(249,NULL,NULL,NULL,'AvasjCujtOrOvy','lorivokedifi84@gmail.com',NULL,'female','$2y$10$GmgOGm3QWYvdo1KI2kqKre6MuUAM55bcWqjmEYMIJ0Wg03O/kfP9O',NULL,2,1,1,0,1,1,'9f0734d6c2b5ffaaa0239ae6a8b2943e',NULL,NULL,NULL,NULL,'2025-07-11 08:11:12','2025-07-11 08:11:12'),
	(250,NULL,NULL,NULL,'cUhIiXdMPJRP','weweciwomi818@gmail.com',NULL,'female','$2y$10$bTjdqXlFm2w3Vfim7tei..fapcrr1545mdlw6B5/qoueyZ2WEN8C.',NULL,2,1,1,0,1,1,'8f34f9f7ff5612f47d1b96cdc01813af',NULL,NULL,NULL,NULL,'2025-07-12 07:50:53','2025-07-12 07:50:53'),
	(251,NULL,NULL,NULL,'ghyszAbb','dominguezjennifer8811@yahoo.com',NULL,'female','$2y$10$xIfdK08tXtRoslCaA0MUZuCWyajVknjZYXlNFH8HdIcBRRzchtWWO',NULL,2,1,1,0,1,1,'e9de01fc590d3f80ec6fe86934e96a83',NULL,NULL,NULL,NULL,'2025-07-13 06:58:41','2025-07-13 06:58:41'),
	(252,NULL,NULL,NULL,'qWVxlMOs','floratapiao1996@gmail.com',NULL,'female','$2y$10$mzYOXqcE3SJ7Vb/7mbeMU.RsAtkAZZVE7J/2yW4wdiT8bRc6AO.iK',NULL,2,1,1,0,1,1,'f35abd191610fd30439d29a42de9836b',NULL,NULL,NULL,NULL,'2025-07-13 04:29:15','2025-07-13 04:29:15'),
	(253,NULL,NULL,NULL,'zPPaYbzhjePN','iwareq30@gmail.com',NULL,'female','$2y$10$K34wQ1U8b8tJiZt.thhuD.xz3jiQR6M3CxRDiu4gPgqlJfmr4RwmK',NULL,2,1,1,0,1,1,'044725a8412b875ca2989874d57680e7',NULL,NULL,NULL,NULL,'2025-07-14 02:45:39','2025-07-14 02:45:39'),
	(254,NULL,NULL,NULL,'iztBDxMNrMT','pachyilpp1984@gmail.com',NULL,'female','$2y$10$jaB2gCXT9m1nKM3B.zpUfO4ml9RjO.eI0vkEdi6DEdPVKcbJXje0m',NULL,2,1,1,0,1,1,'8b807fd2f7a87119ed758c1eecde3d45',NULL,NULL,NULL,NULL,'2025-07-14 07:11:43','2025-07-14 07:11:43'),
	(255,NULL,NULL,NULL,'bueBHdudRVXhgd','koreiriverad@gmail.com',NULL,'female','$2y$10$Y9xKOcg6l82tKrQCoaHe7.7WVgUvNm15KofKTHY0Y0gFouuag0x82',NULL,2,1,1,0,1,1,'44b9bd8b8c4788b9946e17ddaa3dc297',NULL,NULL,NULL,NULL,'2025-07-14 06:50:04','2025-07-14 06:50:04'),
	(256,NULL,NULL,NULL,'yvELTNyibyw','stoneleila1993@gmail.com',NULL,'female','$2y$10$asWqtYONH.96HbQBIgYeD.1QtF16028vPjCh0O/V0HdwgULpTFdQW',NULL,2,1,1,0,1,1,'7c05b8d5737e959d8b8b59877bd7052f',NULL,NULL,NULL,NULL,'2025-07-15 11:10:20','2025-07-15 11:10:20'),
	(257,NULL,NULL,NULL,'IsIzrwtfmZmAX','hogbene87@gmail.com',NULL,'female','$2y$10$JfWmOWwwlTrXnSnYX6jlAurTp4fQnL9Ghktb47X93c2KlVUgdAxOa',NULL,2,1,1,0,1,1,'bc3accd0be01d720de042c1298597d95',NULL,NULL,NULL,NULL,'2025-07-15 01:56:34','2025-07-15 01:56:34'),
	(258,NULL,NULL,NULL,'QmhYGTqCs','wpetronelmb@gmail.com',NULL,'female','$2y$10$ZKsWQQDIzq1xof4/6/uHsOU67upTnBHLtn5LhhKTHwz6UYr8D8pSC',NULL,2,1,1,0,1,1,'40b15887281bb7a84ca03c6f601b7879',NULL,NULL,NULL,NULL,'2025-07-15 09:50:38','2025-07-15 09:50:38'),
	(259,NULL,NULL,NULL,'IRobteiaDh','dirriklempka864964@yahoo.com',NULL,'female','$2y$10$YHN1cmZ1xnH3CJ98MKlaBOXXFYLYlKXGkVCS11kuJVfVcv8SEjHM2',NULL,2,1,1,0,1,1,'3a401a4b0904ea6cb468fb10c984d892',NULL,NULL,NULL,NULL,'2025-07-16 12:33:50','2025-07-16 12:33:50'),
	(260,NULL,NULL,NULL,'KWKdODfJfpSjH','muvibewap98@gmail.com',NULL,'female','$2y$10$GKA4Zef6eZasit11lbUPB.aVgibdprViSD3vahMr0wzemHske0C7.',NULL,2,1,1,0,1,1,'feea1cc25c0ffb644580de1004933fe9',NULL,NULL,NULL,NULL,'2025-07-16 05:03:49','2025-07-16 05:03:49'),
	(261,NULL,NULL,NULL,'TDIWpUHTiw','votemac995@gmail.com',NULL,'female','$2y$10$tUc0WGxdUI3EgNRUDJESfug0jP0O7/niAFVkEtMS686RaGA56z1ou',NULL,2,1,1,0,1,1,'110f7b2a8cf342acf5ba966218423501',NULL,NULL,NULL,NULL,'2025-07-17 08:50:54','2025-07-17 08:50:54'),
	(262,NULL,NULL,NULL,'IvuNkMZVxI','btrevinotv54@gmail.com',NULL,'female','$2y$10$tunFRDGsyG2mLUeqCvWk6eAoPwtASGsaBl2t/wzr.b8va0uGJYkZO',NULL,2,1,1,0,1,1,'47da3764a3ffadc0ea83ce674304d178',NULL,NULL,NULL,NULL,'2025-07-18 07:15:13','2025-07-18 07:15:13'),
	(263,NULL,NULL,NULL,'HbMTLuBOn','jessiray681686@yahoo.com',NULL,'female','$2y$10$vYRz7wCkc0gS1XqncrQ8Luk94huFQ6Qd9PrO7gF/ieEFzdPWZh/Wu',NULL,2,1,1,0,1,1,'fe8ccf95f51c83a094e5b24842e82a3b',NULL,NULL,NULL,NULL,'2025-07-18 09:27:26','2025-07-18 09:27:26'),
	(264,NULL,NULL,NULL,'GiVflJPrqIZZbQ','novaweeksgn38@gmail.com',NULL,'female','$2y$10$Gzq0IixpjkoXIUsz3Jcuy.EHi7feu9Naiz1vPvg/9W5RfkLBib6eu',NULL,2,1,1,0,1,1,'14cc4479982f726e1955d5cfb5722859',NULL,NULL,NULL,NULL,'2025-07-20 12:06:24','2025-07-20 12:06:24'),
	(265,NULL,NULL,NULL,'WjSrozwpeJ','frenchferdyi@gmail.com',NULL,'female','$2y$10$FwYf3rO5iQ8aMtLifwfJ7utusi0ZVurP.SJVl3EvSywTv13hg02y6',NULL,2,1,1,0,1,1,'4ace86bda7aeba7aefb849ad23371fc5',NULL,NULL,NULL,NULL,'2025-07-20 06:11:26','2025-07-20 06:11:26'),
	(266,NULL,NULL,NULL,'RzdSMlofMUu','johicazoti367@gmail.com',NULL,'female','$2y$10$W2dJQDYpSLIuvaaQVsq0LO6CLPEFuaJh8nia7rznyWDZPPvJSpvvG',NULL,2,1,1,0,1,1,'3fedbd3a9f227cb14b466eded9d100ae',NULL,NULL,NULL,NULL,'2025-07-20 06:46:17','2025-07-20 06:46:17'),
	(267,NULL,NULL,NULL,'MpeTgkaihluWE','niguviraxot126@gmail.com',NULL,'female','$2y$10$xiq4y.MsRvV5U02tprG2Iu4EBXWRYbqA36r2oAERfK08sE5q2op.2',NULL,2,1,1,0,1,1,'492ce9bb68eb7f2cb042e3aa6b13d746',NULL,NULL,NULL,NULL,'2025-07-20 03:06:42','2025-07-20 03:06:42'),
	(268,NULL,NULL,NULL,'AgpFaCcy','tehufinube01@gmail.com',NULL,'female','$2y$10$P67ISz5Gg3cOFMlRIlZkZ.6kuu49KaKArqnL3aA7S53FZqP9PXBTC',NULL,2,1,1,0,1,1,'a4918f2ef62271a55e8afbd42007d01b',NULL,NULL,NULL,NULL,'2025-07-20 03:32:48','2025-07-20 03:32:48'),
	(269,NULL,NULL,NULL,'YcrsAyyw','nhuffms31@gmail.com',NULL,'female','$2y$10$7/emtVxLYrOwndp9Y5e3be3Cff240lWeAxgtYpWbC.vinjz4hbSaC',NULL,2,1,1,0,1,1,'4f8a9554285632d80e5c66ee973608ef',NULL,NULL,NULL,NULL,'2025-07-20 09:30:49','2025-07-20 09:30:49'),
	(270,NULL,NULL,NULL,'xZBtiZjWh','fabexozo210@gmail.com',NULL,'female','$2y$10$QEDfSKKf9CJpbUHJyzN40.5gJqHApCKpMvST.hF6liVBW2G0cHdPC',NULL,2,1,1,0,1,1,'8076fd182b7afb2b2356c137b6022cbf',NULL,NULL,NULL,NULL,'2025-07-21 09:11:36','2025-07-21 09:11:36'),
	(271,NULL,NULL,NULL,'KIlOipxiXD','harleclarkby21@gmail.com',NULL,'female','$2y$10$JBVe8gifoZADOGk3bwN9eOT6Wf8024grxF98FJbSOHYAjFE4TBdVC',NULL,2,1,1,0,1,1,'5573ad552e65bc92dd3cb1370a445bd6',NULL,NULL,NULL,NULL,'2025-07-21 09:54:24','2025-07-21 09:54:24'),
	(272,NULL,NULL,NULL,'OWQApDtrLdZcVz','nimuveloliqi99@gmail.com',NULL,'female','$2y$10$wL2hjyjnw47T/m4HyKICeOSf7j3PdmYf1yBpPnhRMKYeDeKMMtz0u',NULL,2,1,1,0,1,1,'6a0eeefb04f6e7bf20b70304990a3589',NULL,NULL,NULL,NULL,'2025-07-22 10:44:24','2025-07-22 10:44:24'),
	(273,NULL,NULL,NULL,'vshHXuOVMf','abbeivxq@gmail.com',NULL,'female','$2y$10$HsuRLVfDp7TaDpl3Y1PC8eO72hPNQOVZH7oRyxb7r.v/b0B57Gzn2',NULL,2,1,1,0,1,1,'5720877715f630d30e0f682eb92b7ae5',NULL,NULL,NULL,NULL,'2025-07-22 11:04:16','2025-07-22 11:04:16'),
	(274,NULL,NULL,NULL,'tqPuTWUPg','karlsonjose723554@yahoo.com',NULL,'female','$2y$10$qWIx7JvWM4lXdnVXFN1xDOMbDFCBUCjfc4k.xv6ZQYybWInsAkPqS',NULL,2,1,1,0,1,1,'ae3815ab40a773e34e8a44511b77bcde',NULL,NULL,NULL,NULL,'2025-07-23 12:16:34','2025-07-23 12:16:34'),
	(275,NULL,NULL,NULL,'OVhtxpefCWEiiD','kingbassettyq42@gmail.com',NULL,'female','$2y$10$3TRBPRnHNmDZl0q2hkqxseC/JscGPHKrI8pJHjzQAWgosqyL334Wm',NULL,2,1,1,0,1,1,'cadb65a08c15c09fc6000b71e9092849',NULL,NULL,NULL,NULL,'2025-07-23 05:29:22','2025-07-23 05:29:22'),
	(276,NULL,NULL,NULL,'IYyxnIbd','jasonshetler456802@yahoo.com',NULL,'female','$2y$10$yRzVouFbBgiPE8UAu0uwUuwKZKIp2GwNIIXEY25rFmrGHE.utG/1K',NULL,2,1,1,0,1,1,'d556f20041de3e4551e3844cacdf26be',NULL,NULL,NULL,NULL,'2025-07-23 05:51:46','2025-07-23 05:51:46'),
	(277,NULL,NULL,NULL,'VqCHDFsdl','graydjaneti8@gmail.com',NULL,'female','$2y$10$OxzyffYeQ0JIL9eNI49lyOj1f5ml080wd.zEHRFXqf0YO40Esexhu',NULL,2,1,1,0,1,1,'cb89f17124a0b25a9a70b00e96e77dff',NULL,NULL,NULL,NULL,'2025-07-23 11:02:30','2025-07-23 11:02:30'),
	(278,NULL,NULL,NULL,'vwTgeEcTaJsZWv','opacezej632@gmail.com',NULL,'female','$2y$10$ylF1SbBPlQ2bY7zWgnWKJueaIQ5SHkyf7OUXX6sDicyEEXbxyTt02',NULL,2,1,1,0,1,1,'d3d7cf72cafedbb82df0887231c802d9',NULL,NULL,NULL,NULL,'2025-07-24 08:35:34','2025-07-24 08:35:34'),
	(279,NULL,NULL,NULL,'xUITekSLLeUy','carrdjelissaq23@gmail.com',NULL,'female','$2y$10$cH3tzXl//bq5Cew9TeYoE.EDiNBK8Rak0/qO1ebf8XE4xM0PlUgTG',NULL,2,1,1,0,1,1,'78e81bc226b17e37fd4958f3b9a0cb75',NULL,NULL,NULL,NULL,'2025-07-24 10:21:26','2025-07-24 10:21:26'),
	(280,NULL,NULL,NULL,'dLfgckzzmfN','afafiyog054@gmail.com',NULL,'female','$2y$10$SrldyIfe.JQsR5lHhFFLfuYEzRxo68Be/KXG1YG5Hozel.Gg2yXtK',NULL,2,1,1,0,1,1,'fd2322f7cbea3ee185933e60158e0fec',NULL,NULL,NULL,NULL,'2025-07-25 07:47:17','2025-07-25 07:47:17'),
	(281,NULL,NULL,NULL,'HmuwzAoLjdQudVx','vanuyekeril767@gmail.com',NULL,'female','$2y$10$4iTbkSS7c/2Q9xBnoJmL/uirf0ogwgEzUSFFj6vpo1i4Seifg9/uG',NULL,2,1,1,0,1,1,'2cdfbc07679ad739b6b44f8e15161ec3',NULL,NULL,NULL,NULL,'2025-07-25 10:56:04','2025-07-25 10:56:04'),
	(282,NULL,NULL,NULL,'OfzkKnayPYUb','zewaziviyar01@gmail.com',NULL,'female','$2y$10$KQWHiJCSHhVCA7YjOomkW.XNK7sTMemVgi7MxWKQZgdYk.uDzQrBi',NULL,2,1,1,0,1,1,'a57e58a8102dc69a9c546c31502d9be2',NULL,NULL,NULL,NULL,'2025-07-26 12:59:31','2025-07-26 12:59:31'),
	(283,NULL,NULL,NULL,'aXinMoweK','ibavuli884@gmail.com',NULL,'female','$2y$10$mqx0mq4rsn5UtSnplS4tZOAw2n6FDUy3MGjfKfkL8WirboEwifkiG',NULL,2,1,1,0,1,1,'64493c4a482d25b541dfa786f84603e4',NULL,NULL,NULL,NULL,'2025-07-26 01:29:36','2025-07-26 01:29:36'),
	(284,NULL,NULL,NULL,'uSvXxMHSmyAaOS','qetuhomeb067@gmail.com',NULL,'female','$2y$10$MA3qM.u6tp5c9UV8Illj0OAb9PNvKJcnIlum6JG/YW0wYCHesg7CK',NULL,2,1,1,0,1,1,'bbf4db3c769e638414de6fb1887a03ef',NULL,NULL,NULL,NULL,'2025-07-26 07:59:41','2025-07-26 07:59:41'),
	(285,NULL,NULL,NULL,'xJlacHhjOwXkoC','moxapowati025@gmail.com',NULL,'female','$2y$10$L6QWrTN6YGR3inI36aUMGu.5oj0V4TfXHk7f3taSmMdFT.GQWi4JW',NULL,2,1,1,0,1,1,'fac34fc379833fc55f15b302d4892ad1',NULL,NULL,NULL,NULL,'2025-07-27 12:48:16','2025-07-27 12:48:16'),
	(286,NULL,NULL,NULL,'WoVjmMve','qoyobor884@gmail.com',NULL,'female','$2y$10$GSlawqrBrrJpvI3D3CywxukvK1.002rN8f7riphDyRcgGWn.b.6UG',NULL,2,1,1,0,1,1,'ba50aa0a2c9ea6740fbc28d7e215186f',NULL,NULL,NULL,NULL,'2025-07-27 09:42:21','2025-07-27 09:42:21'),
	(287,NULL,NULL,NULL,'odQrjoqylbFyt','pekesowuwod739@gmail.com',NULL,'female','$2y$10$cwS7hqtr7qLr8K24otOfDeelQuMyt6IMWSoJgRW4btjDM5SWqt/uG',NULL,2,1,1,0,1,1,'116798ebd93eaee23c3a82934f3bc0d7',NULL,NULL,NULL,NULL,'2025-07-27 02:51:15','2025-07-27 02:51:15'),
	(288,NULL,NULL,NULL,'CkkJegAbMCv','rrothnf99@gmail.com',NULL,'female','$2y$10$VqFvQAsIkwAQT7mbeMdu0O2oY2uWeW9yQ2ca9MBYVdiOoMqM5VViu',NULL,2,1,1,0,1,1,'166f81a2b46352d3012e77c4b85287e9',NULL,NULL,NULL,NULL,'2025-07-27 04:11:43','2025-07-27 04:11:43'),
	(289,NULL,NULL,NULL,'cfHkOgWvDuABJRr','petersollisterd@gmail.com',NULL,'female','$2y$10$J5sU62nB0rp7q/e0tDNnf.0RpRf6HCK78RxlSbssrx70GXUuLWrZ6',NULL,2,1,1,0,1,1,'44b705390c9a5bd053bc880b895d05b1',NULL,NULL,NULL,NULL,'2025-07-27 08:25:58','2025-07-27 08:25:58'),
	(290,NULL,NULL,NULL,'bDeOKsrXpWt','mulipufemo724@gmail.com',NULL,'female','$2y$10$kKwwCCCx8QS6gSQPCd1Fa.sfzabrkMP4WANXHpTab/SccpzC/Xi9K',NULL,2,1,1,0,1,1,'8c3be789e1a6204517ff9cbd082a81db',NULL,NULL,NULL,NULL,'2025-07-27 08:38:01','2025-07-27 08:38:01'),
	(291,NULL,NULL,NULL,'qXsmVMWMECq','dohertydeanna731420@yahoo.com',NULL,'female','$2y$10$Zqq7yidStyTRrth2fltTZOwvpqJI0BdHfwSpwtRp0k0u3.dMYiuqO',NULL,2,1,1,0,1,1,'b4a74db681845d6891ec739e44b05ba6',NULL,NULL,NULL,NULL,'2025-07-28 02:15:27','2025-07-28 02:15:27'),
	(292,NULL,NULL,NULL,'gkoEHJQse','camilaborroto582185@yahoo.com',NULL,'female','$2y$10$d9/NTEUp1GpRjqrpWF.7OejsIgyi9.LcXDopLlguh7F814GL58.R6',NULL,2,1,1,0,1,1,'b1244e7c15eba2ad2aad00eb26e63f90',NULL,NULL,NULL,NULL,'2025-07-29 12:20:36','2025-07-29 12:20:36'),
	(293,NULL,NULL,NULL,'gzCWNGXJt','kshannenw@gmail.com',NULL,'female','$2y$10$PWV5x3SBa7UgrPwGQz91KuWptBe2EsyqshDvtkucLmoNXDqRMH6Mq',NULL,2,1,1,0,1,1,'575cbe7ad0289b9f30e04293bf0549da',NULL,NULL,NULL,NULL,'2025-07-29 05:44:24','2025-07-29 05:44:24'),
	(294,NULL,NULL,NULL,'VgqfhwHSrXk','pmariamn1987@gmail.com',NULL,'female','$2y$10$OcUXvx6kYCmsuca3sH1oBOttwXX2Ko9w22IUowTdpWTFOD6UZnVUS',NULL,2,1,1,0,1,1,'b1908c7dfb7d08bb7948bccd0889b948',NULL,NULL,NULL,NULL,'2025-07-30 12:00:04','2025-07-30 12:00:04'),
	(295,NULL,NULL,NULL,'ecrwLuaqDUCkD','forbkria@gmail.com',NULL,'female','$2y$10$nYByU4QTOd4oruN3T6/RweOdRFUYKP.SPk/enrInuMhM335NVbNSK',NULL,2,1,1,0,1,1,'e8a9072ce3122411742da8512031a147',NULL,NULL,NULL,NULL,'2025-07-30 04:45:51','2025-07-30 04:45:51'),
	(296,NULL,NULL,NULL,'LfKaJnbPfOTLK','bretanramseyfw2005@gmail.com',NULL,'female','$2y$10$6ypsbe9Ac7JcJSda3teWcOCYJgB09cOjFMcoea9jx4TAs0FvLh2RK',NULL,2,1,1,0,1,1,'0355f08f5e49b105e860d117c5373ea3',NULL,NULL,NULL,NULL,'2025-07-31 03:26:04','2025-07-31 03:26:04'),
	(297,NULL,NULL,NULL,'SRBYGfIYAxEeCQC','larsonsteven581866@yahoo.com',NULL,'female','$2y$10$U83UHr2Vije5SigM.3FAvexoPDvK46He1qyMlRo5wMRCGSW339Jhe',NULL,2,1,1,0,1,1,'fc3c9a2b4ffda71a0ead1ef91fa63e53',NULL,NULL,NULL,NULL,'2025-07-31 08:08:37','2025-07-31 08:08:37'),
	(298,NULL,NULL,NULL,'KyMiWaxu','ojokofija30@gmail.com',NULL,'female','$2y$10$t3xmCdgzij4NDqdI2ZZoiOXHZKGBwwv290gR2I9qeFfzkQW0tlBMW',NULL,2,1,1,0,1,1,'1f6cf622e8e7dc907e0b171f0fb6f5f6',NULL,NULL,NULL,NULL,'2025-08-01 08:07:03','2025-08-01 08:07:03'),
	(299,NULL,NULL,NULL,'audFamxWQOg','ahizecoti436@gmail.com',NULL,'female','$2y$10$wY9qIzMeWvQBRMX.UNOoE.qOC.MMnyPH9jmrp/ZZ8oEG0yPkRBbXK',NULL,2,1,1,0,1,1,'6aca0782bb43a746e00a039304ee70e3',NULL,NULL,NULL,NULL,'2025-08-01 10:19:27','2025-08-01 10:19:27'),
	(300,NULL,NULL,NULL,'UZuPgZAqcMI','novokudipo501@gmail.com',NULL,'female','$2y$10$IMnRdH8LLN1731fmmlHG5OFoug4OAZBm4zkm3YRW3NBdWkf6.VwUq',NULL,2,1,1,0,1,1,'826e93315731cf1fbde9a426fdb859f0',NULL,NULL,NULL,NULL,'2025-08-02 05:32:19','2025-08-02 05:32:19'),
	(301,NULL,NULL,NULL,'BcHtCFpSZSl','jomegasog21@gmail.com',NULL,'female','$2y$10$zouQQ8tH7rLbI7ZUH2mCyerC5xoIlLyqBoQSGsAdJCa1CY14GyvSq',NULL,2,1,1,0,1,1,'520df323bfb331e0d4e2604404e7ebae',NULL,NULL,NULL,NULL,'2025-08-02 12:31:13','2025-08-02 12:31:13'),
	(302,NULL,NULL,NULL,'hIjPQZFZvv','gonehiv069@gmail.com',NULL,'female','$2y$10$6l.kAiKRrY45JzvzJ9/kbelTRXV7QRtwdHl6hddqcXzbTBFM5UaZa',NULL,2,1,1,0,1,1,'dd3adb875734464afb2ba2639be76a00',NULL,NULL,NULL,NULL,'2025-08-02 11:12:55','2025-08-02 11:12:55'),
	(303,NULL,NULL,NULL,'JOxABFBwNGHfZRK','odozekugaxo158@gmail.com',NULL,'female','$2y$10$8K57qLAQ1TCmWAi3YnaIh.f5j.O0RLWAV5zS6PRaxflrkdkWiOPaa',NULL,2,1,1,0,1,1,'67275aa99fc59f2c2b2416e0a287777f',NULL,NULL,NULL,NULL,'2025-08-03 08:21:53','2025-08-03 08:21:53'),
	(304,NULL,NULL,NULL,'pwxvBCarBZXWFt','eimereih5@gmail.com',NULL,'female','$2y$10$NqQI9FSWaRqahrW7wJtBdOFOKlVxhFNtMLKSQO/.zW3DnZ/PRH3Hu',NULL,2,1,1,0,1,1,'8aa99487cefdcdd1e35beb6966a3cdf3',NULL,NULL,NULL,NULL,'2025-08-03 02:01:37','2025-08-03 02:01:37'),
	(305,NULL,NULL,NULL,'SvpXXUUaOr','frankainmj8@gmail.com',NULL,'female','$2y$10$j.k9qn1vwB175jCxkpHlieql7mvjpuQ4/htNjoAiVY1ueg/uO/ecO',NULL,2,1,1,0,1,1,'c047cedf7f01b80550e4e6d96a263530',NULL,NULL,NULL,NULL,'2025-08-03 02:24:26','2025-08-03 02:24:26'),
	(306,NULL,NULL,NULL,'LLXGfexZ','eimerethoc@gmail.com',NULL,'female','$2y$10$g6uubVz9aZph3Fhey9aZeezSKmkkqritlnCx7zR1pABHby0tJ4r.W',NULL,2,1,1,0,1,1,'8b7a433e893debc14cd5d1bb92cde935',NULL,NULL,NULL,NULL,'2025-08-03 10:57:45','2025-08-03 10:57:45'),
	(307,NULL,NULL,NULL,'COIsXFkZOPEN','yiceyike475@gmail.com',NULL,'female','$2y$10$FIuV2FiM348u9VVqfLgYye/UTPQWcXnHa3PmO91Bdui2eV1Ww.QPK',NULL,2,1,1,0,1,1,'46dde7f24c021dc9122798964f1fd029',NULL,NULL,NULL,NULL,'2025-08-04 12:51:01','2025-08-04 12:51:01'),
	(308,NULL,NULL,NULL,'oWRwgRlWZiVoOYy','ihozidav950@gmail.com',NULL,'female','$2y$10$zrrC5TKZL4TARbGbKYhFUulVyF1.xogzQpg2yXr5Aw3lEZzkoza1C',NULL,2,1,1,0,1,1,'0c0bc9c025ec1738a546632db5d1cfbc',NULL,NULL,NULL,NULL,'2025-08-04 01:49:42','2025-08-04 01:49:42'),
	(309,NULL,NULL,NULL,'fDikwZeB','ehuduwuru873@gmail.com',NULL,'female','$2y$10$QoQrIOK2O4fFy74kvmjQ5uwwxEcSjpU1i93OuUI9moF.0zWvslneq',NULL,2,1,1,0,1,1,'367ae8f1a8644a37067dbb533a6bfd63',NULL,NULL,NULL,NULL,'2025-08-04 04:39:02','2025-08-04 04:39:02'),
	(310,NULL,NULL,NULL,'MhHJFgjQjOHwUDx','kasoliho927@gmail.com',NULL,'female','$2y$10$LAZpOixdK/C9X2UJYHrGFue0qj8zQWILUX3ndu4G45tA78eeZjQ.S',NULL,2,1,1,0,1,1,'e6019722a5308005c618874b9729768f',NULL,NULL,NULL,NULL,'2025-08-04 10:46:05','2025-08-04 10:46:05'),
	(311,NULL,NULL,NULL,'oCnuGrYyWd','roskowells@gmail.com',NULL,'female','$2y$10$5z3Qq5iHyTpBy1FVU6JUHOr.Jszr1EnRTPY1UDKuLGMaxgH433ZEG',NULL,2,1,1,0,1,1,'1f4ec9294a198cbf7c2eadd1201cebc2',NULL,NULL,NULL,NULL,'2025-08-05 08:02:25','2025-08-05 08:02:25'),
	(312,NULL,NULL,NULL,'mRbOidTloGa','geielomaldoh39@gmail.com',NULL,'female','$2y$10$jJoZ7vzAhf0u0WvlVAXxdO8jvRNEntkjnhJFn5wyKTu3XKQ8YeAtW',NULL,2,1,1,0,1,1,'f65f5748759fccf53937c637ef581e3d',NULL,NULL,NULL,NULL,'2025-08-05 01:09:53','2025-08-05 01:09:53'),
	(313,NULL,NULL,NULL,'ouneMkznJf','missyhunley943892@yahoo.com',NULL,'female','$2y$10$Zp.58V1ZMgP/39bhXiFcd.sa/SNVGS/5LZIsPTg/Xggrph/L1d5Fa',NULL,2,1,1,0,1,1,'e163e5359846043154a9578c5151bf7c',NULL,NULL,NULL,NULL,'2025-08-05 05:27:29','2025-08-05 05:27:29'),
	(314,NULL,NULL,NULL,'kyHyvAmhnqQQNdS','makeioconnoryp17@gmail.com',NULL,'female','$2y$10$e4yw.p8JN3EsOIn4CoeZte8zUGoCPA4q..jGlQ6srU63K.qn/Umy6',NULL,2,1,1,0,1,1,'a24ccd61db9b1e77ac4c36dba107bd29',NULL,NULL,NULL,NULL,'2025-08-05 10:47:17','2025-08-05 10:47:17'),
	(315,NULL,NULL,NULL,'TUpcxDIDwdcyBAw','ruhafuji74@gmail.com',NULL,'female','$2y$10$YekA.h3PrlJhsnadWEsBs.4f/rMYldM3CTdM2fJ0bxc4ptK7Lvj2S',NULL,2,1,1,0,1,1,'98da47bc0d29fe650965da18fbdebd48',NULL,NULL,NULL,NULL,'2025-08-08 08:44:22','2025-08-08 08:44:22'),
	(316,NULL,NULL,NULL,'HAQTyXAPRCtAoZT','kecepaku50@gmail.com',NULL,'female','$2y$10$ttiYASXQKDGhpbW/MpHETeXfoKucS2B.bhWx.nVOJBs2Jq/BwdXga',NULL,2,1,1,0,1,1,'906612efd1cc32621e484aa7cff1b1b4',NULL,NULL,NULL,NULL,'2025-08-08 03:13:17','2025-08-08 03:13:17'),
	(317,NULL,NULL,NULL,'IxktQJCPsafeVd','adusasici486@gmail.com',NULL,'female','$2y$10$dYEKPZUcb8okQB.dCkUO3.YY55/9yPNbVs9lKvMLCjmfX5VSqY6sO',NULL,2,1,1,0,1,1,'06742f760692d112fa15b0e41c18ed11',NULL,NULL,NULL,NULL,'2025-08-10 05:56:52','2025-08-10 05:56:52'),
	(318,NULL,NULL,NULL,'vkEBQlUuoFR','ajeturexapi34@gmail.com',NULL,'female','$2y$10$.63aZTw1aj86MtI/iWmcgOppHb1nnBLM1Imq86hz.7tbFErsc0xqW',NULL,2,1,1,0,1,1,'86556a78c2ad5613c9b29cc429019e68',NULL,NULL,NULL,NULL,'2025-08-10 10:49:20','2025-08-10 10:49:20'),
	(319,NULL,NULL,NULL,'nbSPcukGmiTqzj','avexikoke20@gmail.com',NULL,'female','$2y$10$L/w/fyHPpFepkbI/DxXGeealJS5w/Da4L9qGbNPObiaGaHlK3P9He',NULL,2,1,1,0,1,1,'02bda5b065fd0e42b1781fe94053149e',NULL,NULL,NULL,NULL,'2025-08-11 02:07:32','2025-08-11 02:07:32'),
	(320,NULL,NULL,NULL,'NuNXGaSPNr','banokimugo65@gmail.com',NULL,'female','$2y$10$fNbzgItUbWQqRNwBFUuj.umPZ8CzXuxUomK02fTOsotadvD3VkCfy',NULL,2,1,1,0,1,1,'c2ec846e90cb562798d80284f5046997',NULL,NULL,NULL,NULL,'2025-08-11 07:20:39','2025-08-11 07:20:39'),
	(321,NULL,NULL,NULL,'CKkkffZnkA','jubuwijoton187@gmail.com',NULL,'female','$2y$10$xuNE4LJG2E0Zp9yehDHSCOvB9DBfxrYxb8XigMcO5VBxZpItnBVo6',NULL,2,1,1,0,1,1,'2b1af4e500b307a4ea6c4f7eaf9b0b29',NULL,NULL,NULL,NULL,'2025-08-12 12:24:14','2025-08-12 12:24:14'),
	(322,NULL,NULL,NULL,'ZdETBlbWmd','sulezazexol026@gmail.com',NULL,'female','$2y$10$MGFekRargUYuWUUX.q.HyOtZUjWkvLlqkJyCK8v5mQJGiOWEgYLKe',NULL,2,1,1,0,1,1,'6122daec4d987055eefbe116d12f25ba',NULL,NULL,NULL,NULL,'2025-08-12 01:22:56','2025-08-12 01:22:56'),
	(323,NULL,NULL,NULL,'mmdaCfEaq','ayucoxetolo798@gmail.com',NULL,'female','$2y$10$m.L/7fFSfBSlPbk/3f.zoeJOb9OOlF7IEUGFLwSWrCxRK4t1YPc/e',NULL,2,1,1,0,1,1,'0d8d5a999c1e2da411f312d870247b9c',NULL,NULL,NULL,NULL,'2025-08-12 10:58:02','2025-08-12 10:58:02'),
	(324,NULL,NULL,NULL,'uNkiYsojYSQTP','ofadihelojaj85@gmail.com',NULL,'female','$2y$10$fBHK3EXVxbpakzenRsQHK.tRKoqg8yL5reWg14PwmEB3ZPXUHkHO6',NULL,2,1,1,0,1,1,'9d8ed268045191039763c9c73c41e815',NULL,NULL,NULL,NULL,'2025-08-13 03:02:29','2025-08-13 03:02:29'),
	(325,NULL,NULL,NULL,'oWuWjCtzgyegxF','bocemamaxepe22@gmail.com',NULL,'female','$2y$10$gLR8kzMvzWwmLkRteTgXfuxKwdwZdO7MT4tuT6Nhs86Zrp6New3GG',NULL,2,1,1,0,1,1,'443b75af7445a7b7876747f07060641f',NULL,NULL,NULL,NULL,'2025-08-14 06:46:06','2025-08-14 06:46:06'),
	(326,NULL,NULL,NULL,'kdZunBerniCkv','kristymalone114081@yahoo.com',NULL,'female','$2y$10$msc6KkvxTllDa.4QiwiIhOozBUaAYdoHURJXcbUnkCMX.xE2S7EKS',NULL,2,1,1,0,1,1,'3c6125ffe01cd9636ca6643abdc8c8d7',NULL,NULL,NULL,NULL,'2025-08-14 11:31:53','2025-08-14 11:31:53'),
	(327,NULL,NULL,NULL,'YlCylBSlRYxlm','sapaxukuh227@gmail.com',NULL,'female','$2y$10$olt8UKLSliIH7rrNpznKz.iH5oejd1S//EzSiLExxrNp14D/S.EqO',NULL,2,1,1,0,1,1,'fbd2fa58b5e08b96c50dde89ce976115',NULL,NULL,NULL,NULL,'2025-08-14 04:41:25','2025-08-14 04:41:25'),
	(328,NULL,NULL,NULL,'* * * Claim Free iPhone 16: ht','paouqua@mailbox.in.ua',NULL,'female','$2y$10$T0OweILVmO2FLgX9yGi3MOAxP8enpcu9dzFLImz2lgKq8i.XCsUwe',NULL,2,1,1,0,1,1,'07f8407b9f3bb7ad1d6896863ace14bf',NULL,NULL,NULL,NULL,'2025-08-14 06:33:22','2025-08-14 06:33:22'),
	(329,NULL,NULL,NULL,'qmyDljGrqCYkjxp','enafenuvari598@gmail.com',NULL,'female','$2y$10$sFvWh/RKdpOY4FjOfyfQ6.soyFo.JXUtGFev6itX3v46f4MV5FqHm',NULL,2,1,1,0,1,1,'4eebba053d5431a04916db19ca887595',NULL,NULL,NULL,NULL,'2025-08-15 08:03:49','2025-08-15 08:03:49'),
	(330,NULL,NULL,NULL,'qLNaZtci','nirerihis67@gmail.com',NULL,'female','$2y$10$eQhG3bB4lG.ISbhOd7vf/uYkCpYlfMS2W6ZXGZW0OcBCmLnPwXTvC',NULL,2,1,1,0,1,1,'9ebda149f3186918b1184c6ec2f5634e',NULL,NULL,NULL,NULL,'2025-08-15 09:10:28','2025-08-15 09:10:28'),
	(331,NULL,NULL,NULL,'GNQKFUTeaYz','ihigakuhe54@gmail.com',NULL,'female','$2y$10$IFnt0sFCcEcD2JF.685VeenB7VjSx5iurqXez/TUT4RyBW/Iqch/q',NULL,2,1,1,0,1,1,'5015d41221ca668c27ed31cf58391f74',NULL,NULL,NULL,NULL,'2025-08-16 03:16:24','2025-08-16 03:16:24'),
	(332,NULL,NULL,NULL,'jPuINXQcabknCT','ayojogab151@gmail.com',NULL,'female','$2y$10$WJ75D5DSwuaHoVG9/fu8ZeRfRh9qXk/.tynj4yBSTkEon/fDQU1pC',NULL,2,1,1,0,1,1,'18b6f68ed9286f6c4f5c5e835cee7069',NULL,NULL,NULL,NULL,'2025-08-17 11:02:09','2025-08-17 11:02:09'),
	(333,NULL,NULL,NULL,'CAuYhnYBtQQnl','afomufivik35@gmail.com',NULL,'female','$2y$10$q1xcNGzKhzsGUeArFVq8H.F0jVn9PawGCbO7PDf9gPDnTJUsD2aui',NULL,2,1,1,0,1,1,'8d4160f06d84de1f96cd030f24af6ee5',NULL,NULL,NULL,NULL,'2025-08-17 11:35:55','2025-08-17 11:35:55'),
	(334,NULL,NULL,NULL,'EMLraurXhmYQrbY','bevicimigib336@gmail.com',NULL,'female','$2y$10$qSljGG5xsUvw.nLc4pdz1OMcyqvqhgnmuSZt/DZxw5aW.GAScXtOO',NULL,2,1,1,0,1,1,'239ae5e3ea2f5a21dc1bc3b123e85b32',NULL,NULL,NULL,NULL,'2025-08-18 12:39:04','2025-08-18 12:39:04'),
	(335,NULL,NULL,NULL,'ZTkNrfIcQCfg','mayerica1994@yahoo.com',NULL,'female','$2y$10$7QaR8re3HnnXnz0vfDu98eZXMGHaMOLvxIMKDjoSQkJOjb9aTKj4m',NULL,2,1,1,0,1,1,'44358393c06717310f41b983de145bcd',NULL,NULL,NULL,NULL,'2025-08-18 01:52:38','2025-08-18 01:52:38'),
	(336,NULL,NULL,NULL,'cUeJVGlHHPzh','nopohufuxej416@gmail.com',NULL,'female','$2y$10$d5iwi.E5mM4G/hlBaxUy6eXMvUzh5xO1j5G4a0XzP43/qqYGXb5wO',NULL,2,1,1,0,1,1,'ade738f8abf5994d1d8f3a405ab21cb9',NULL,NULL,NULL,NULL,'2025-08-18 10:29:00','2025-08-18 10:29:00'),
	(337,NULL,NULL,NULL,'eMFdumYJjyBsLUu','amexaliquzix40@gmail.com',NULL,'female','$2y$10$PkJLdUAwcfeqcf9Wphv8L.3LtbRmXy/ZXOnIQ51wJW0KDaVboRWne',NULL,2,1,1,0,1,1,'62df9c4eb8c321806c34c30cc99d227d',NULL,NULL,NULL,NULL,'2025-08-19 05:38:48','2025-08-19 05:38:48'),
	(338,NULL,NULL,NULL,'whcswKktdHsvpL','eqigegi076@gmail.com',NULL,'female','$2y$10$GlEtL4az8y5FQPZRbmUGLu8Wg8YIhiiY7UhTs1ABe7scXdydiyFhW',NULL,2,1,1,0,1,1,'a8fbf0acbc16ee929620340486bef79f',NULL,NULL,NULL,NULL,'2025-08-21 01:38:35','2025-08-21 01:38:35'),
	(339,NULL,NULL,NULL,'xUrXqkXnBVQ','akejuyow05@gmail.com',NULL,'female','$2y$10$GRIDoRHBwcz3648etTJU0uTUKCyZkpkjYiLN5.i.uB68mbzUuPTfe',NULL,2,1,1,0,1,1,'292bab57fda43782af523509edb076df',NULL,NULL,NULL,NULL,'2025-08-21 04:31:31','2025-08-21 04:31:31'),
	(340,NULL,NULL,NULL,'GyglQZgCJzD','oxobelu214@gmail.com',NULL,'female','$2y$10$KRpMu7g7sJrc1OjvSSwFRuIC9gMaMt6i8IcSfH7oO4ox6tsYbSGUe',NULL,2,1,1,0,1,1,'e88ddf331ef6bde58c9e445f724afcb9',NULL,NULL,NULL,NULL,'2025-08-22 01:21:24','2025-08-22 01:21:24'),
	(341,NULL,NULL,NULL,'ZuIdaibVfZpK','azefisasowo953@gmail.com',NULL,'female','$2y$10$dfgs8AlJDGZqlMo37M1K5ufBkc8/CtT.47Tu9FhmXSW4tNQ.8baAK',NULL,2,1,1,0,1,1,'c24ed890026dac1ca79b50c92b95d644',NULL,NULL,NULL,NULL,'2025-08-22 03:10:22','2025-08-22 03:10:22'),
	(342,NULL,NULL,NULL,'ielkBQlXX','wocorop498@gmail.com',NULL,'female','$2y$10$ScVeTECIzcKjnb69PuMR.Oj0TAFP6gJXtmNmRKpFXYRYmWMWd1n6a',NULL,2,1,1,0,1,1,'ac8ea03583360bad9c4341e416bc5e8b',NULL,NULL,NULL,NULL,'2025-08-23 02:47:22','2025-08-23 02:47:22'),
	(343,NULL,NULL,NULL,'aWBtwjwtsntIT','skaireynolds16@gmail.com',NULL,'female','$2y$10$j67Acb3mo87RF9zXK3FImOr3pvYIvcGKGfFFqqeT4NItYnQi9Bv7.',NULL,2,1,1,0,1,1,'7cf61a85f202dcdfa6783036ea1d18dc',NULL,NULL,NULL,NULL,'2025-08-23 06:06:52','2025-08-23 06:06:52'),
	(344,NULL,NULL,NULL,'VlLIXUNuZDyYJ','urutifeyaq74@gmail.com',NULL,'female','$2y$10$3slbw1y2zOxK4dV.Q67VH.L83vpvtZ4p98S0U1IVOPCaycw95qW7W',NULL,2,1,1,0,1,1,'df0463f49199a316d9718e7dae906b9e',NULL,NULL,NULL,NULL,'2025-08-23 07:48:53','2025-08-23 07:48:53'),
	(345,NULL,NULL,NULL,'EDiosAvceFVPr','peisiksf@gmail.com',NULL,'female','$2y$10$xhHQ4jKY9SMqbLzl60x/aOWNAkVyVsZZ8bex1JLxEBsq9CKNIxSmS',NULL,2,1,1,0,1,1,'505a9a2a28da8b88323ddb8b2d1d7f1b',NULL,NULL,NULL,NULL,'2025-08-23 01:30:32','2025-08-23 01:30:32'),
	(346,NULL,NULL,NULL,'lndeSkjiKuSAwMx','ufaqebubiwe908@gmail.com',NULL,'female','$2y$10$T3r0JuWHdeXbPcBOg4B4Z.835ws1plOJ0Y/rlHDRgCNHB8PdcKPOe',NULL,2,1,1,0,1,1,'47c7141b5aaf41c346de0b0a766b744a',NULL,NULL,NULL,NULL,'2025-08-24 09:39:49','2025-08-24 09:39:49'),
	(347,NULL,NULL,NULL,'JRFZwEyXaqQk','ujenoyajumu00@gmail.com',NULL,'female','$2y$10$enLi3HcYk1faEngebEIWf.NRPMS0cvJkm3gn7WSJ2RNrKv2Q1jTg6',NULL,2,1,1,0,1,1,'7bd580407ef47543b834e0d3088341d4',NULL,NULL,NULL,NULL,'2025-08-25 01:36:56','2025-08-25 01:36:56'),
	(348,NULL,NULL,NULL,'SUKQOJslI','tiwetufes42@gmail.com',NULL,'female','$2y$10$CNgV1cdHMfm.5ulwt1OMkeZhAoBdRYrsaTSyQQRGo6OMlf9Dpu0oa',NULL,2,1,1,0,1,1,'8474775b6e5247f55b2cee4e7daad6cd',NULL,NULL,NULL,NULL,'2025-08-26 04:56:44','2025-08-26 04:56:44'),
	(349,NULL,NULL,NULL,'ctAOfpRDxavsADl','ohakaxobi498@gmail.com',NULL,'female','$2y$10$RNyzD7789nY0hnw8/uYwp.Tyn8L.tlmppCPyEuNItNDWhKqep4kta',NULL,2,1,1,0,1,1,'a646402a43fe0e301e6a8a6615787ae0',NULL,NULL,NULL,NULL,'2025-08-26 06:19:17','2025-08-26 06:19:17'),
	(350,NULL,NULL,NULL,'KrdmkLMfg','iyoxunuwicul19@gmail.com',NULL,'female','$2y$10$12pOSZkmb3El5G2ELjXURuiTSNslac93McS5KXJ1YR6NjOqgakrl2',NULL,2,1,1,0,1,1,'2c51ccfd8cd6d17bf601d70535ce1027',NULL,NULL,NULL,NULL,'2025-08-26 11:56:41','2025-08-26 11:56:41'),
	(351,NULL,NULL,NULL,'VkphDQgvnsCHUx','ekirepegave996@gmail.com',NULL,'female','$2y$10$AtTXSSbShvriOFr97FyGQecihG4vqbCcvoVlKoBsBwUzbGhansPyO',NULL,2,1,1,0,1,1,'e6f8e411ab93e7855baf62616c0732c0',NULL,NULL,NULL,NULL,'2025-08-27 02:38:18','2025-08-27 02:38:18'),
	(352,NULL,NULL,NULL,'AkSSrPdScasscj','ubatohule940@gmail.com',NULL,'female','$2y$10$/Uj680JfxXl1OUtw/qWRqOL2fboFXDGPUhkTpPbBDn3PEzPJhyLiS',NULL,2,1,1,0,1,1,'e427dbe5ed695a2ec462794aa06ea2e6',NULL,NULL,NULL,NULL,'2025-08-27 09:20:00','2025-08-27 09:20:00'),
	(353,NULL,NULL,NULL,'KKctFiweZh','ihumuzucar85@gmail.com',NULL,'female','$2y$10$L5GcwUfOkpQLeatwVQvYyeP8zfJEcVda2T95TU9nZfwcvIVTr.e46',NULL,2,1,1,0,1,1,'39a31d041df7a7c8511075e6604d2e7b',NULL,NULL,NULL,NULL,'2025-08-28 01:18:53','2025-08-28 01:18:53'),
	(354,NULL,NULL,NULL,'avjljBCpEgwq','edukuweva28@gmail.com',NULL,'female','$2y$10$f1jwDVVGdvlWfWKiKVzXUOHMkU/0xApkVjIttA115ZboSYX4spsqO',NULL,2,1,1,0,1,1,'a951ae4c5a971e5b7adf5550205ae1a4',NULL,NULL,NULL,NULL,'2025-08-28 06:03:31','2025-08-28 06:03:31'),
	(355,NULL,NULL,NULL,'qZkhCesKX','teyoripi803@gmail.com',NULL,'female','$2y$10$4oYXNhklN5kKurtWkeIDaOciuWX6dcmHSpcc.I1O3XwC25muCMtSi',NULL,2,1,1,0,1,1,'de1615e620f483794f2b38cda658c7b5',NULL,NULL,NULL,NULL,'2025-08-28 07:12:26','2025-08-28 07:12:26'),
	(356,NULL,NULL,NULL,'oYYUaJPtG','heranot581@gmail.com',NULL,'female','$2y$10$RrM/dPbzXrCPNoRy1GXAveNTX2.t67gYQh0yum.m4wCTEUcY1qoo6',NULL,2,1,1,0,1,1,'1a6bef3fdd2fb062ab6268c9624a21cf',NULL,NULL,NULL,NULL,'2025-08-29 09:38:26','2025-08-29 09:38:26'),
	(357,NULL,NULL,NULL,'EyXVzoBTBObDNy','lipseyflorkiewicz@yahoo.com',NULL,'female','$2y$10$0tbyR7J4ca3Yf6eG6y.GauwJi6eLRQkev6q4oHvQWNnKqef.uzApq',NULL,2,1,1,0,1,1,'5d4236e7a962646542f355ee6a98b2f4',NULL,NULL,NULL,NULL,'2025-08-29 09:57:35','2025-08-29 09:57:35'),
	(358,NULL,NULL,NULL,'DxmaUfGKP','masesorayu87@gmail.com',NULL,'female','$2y$10$7RXMo1V0BmaD2K3uw9.0LuEK2PFTBvvnWLdkXzXohDXV2I/xHPAoC',NULL,2,1,1,0,1,1,'a5811556b19602f69556d84d8bb38ed7',NULL,NULL,NULL,NULL,'2025-08-30 12:11:01','2025-08-30 12:11:01'),
	(359,NULL,NULL,NULL,'IVXWMMnVlZ','qfcaosfctlonccj@yahoo.com',NULL,'female','$2y$10$lkdnoaSnfmeu8wOz.jnTrec9BUGIZmdNpZMNgDecSVftmyweM/.n6',NULL,2,1,1,0,1,1,'959f1f940d524dbde4fa1f4f7598afbd',NULL,NULL,NULL,NULL,'2025-08-30 12:33:14','2025-08-30 12:33:14'),
	(360,NULL,NULL,NULL,'vYegnwoLgOkwPq','toettiscto@yahoo.com',NULL,'female','$2y$10$CXVuyZqlUfar9smMJ.BJ4eNRYakd.tU3.GiFbCG03hCCLs01UI.Je',NULL,2,1,1,0,1,1,'e703ccc909e56c0dd1b236362f7f926a',NULL,NULL,NULL,NULL,'2025-08-31 05:50:48','2025-08-31 05:50:48'),
	(361,NULL,NULL,NULL,'VwQjROazWFTgI','evexoha580@gmail.com',NULL,'female','$2y$10$FU1lTrCdMl5Na8DHnJehReq.oSWiyfoGDZtzf6og38soZKzPbpYZy',NULL,2,1,1,0,1,1,'6d69b5da0462c529ac76ecc0c519e7e7',NULL,NULL,NULL,NULL,'2025-08-31 07:37:38','2025-08-31 07:37:38'),
	(362,NULL,NULL,NULL,'XmWvseUbxJB','oveqawet24@gmail.com',NULL,'female','$2y$10$1Dw7KU.IALUsx7BPKqJbJu/2EbqikiZ2nyALZ1bHBKxHHSfp1xOIW',NULL,2,1,1,0,1,1,'de3af1f2eb66f24767005fd148aa3dff',NULL,NULL,NULL,NULL,'2025-08-31 11:21:04','2025-08-31 11:21:04'),
	(363,NULL,NULL,NULL,'PFJJQjokXrt','setavubavit324@gmail.com',NULL,'female','$2y$10$/swoPjbs./oVtDVSqriU/uigbzZXc7l1jhfImOp2zromjg8IGNMMG',NULL,2,1,1,0,1,1,'23fdffd527225c730e73dc20eb429f12',NULL,NULL,NULL,NULL,'2025-09-01 03:55:16','2025-09-01 03:55:16'),
	(364,NULL,NULL,NULL,'FWZTMoaBStCwPip','otoneborogax27@gmail.com',NULL,'female','$2y$10$PBJjwnALy2gBB81XFVSlyOivxJSWyvaf9ctNnBwgfjkcks7eM/LSK',NULL,2,1,1,0,1,1,'32e9ea1e455921afa23a53a25494f567',NULL,NULL,NULL,NULL,'2025-09-02 12:05:12','2025-09-02 12:05:12'),
	(365,NULL,NULL,NULL,'JpYrwioWUT','lamso6ramagnolia@yahoo.com',NULL,'female','$2y$10$jAjhCSQ7GlVeV85nmZWsleyNpJf05xU.ZZplEoReR5q4QfRSv87Va',NULL,2,1,1,0,1,1,'de24993605fc50f9b044f9557ceb0812',NULL,NULL,NULL,NULL,'2025-09-02 01:00:03','2025-09-02 01:00:03'),
	(366,NULL,NULL,NULL,'hTfLmNGszfQo','iwubehexu351@gmail.com',NULL,'female','$2y$10$1wtS4tYRDGzdWHa63VAarOikirbyteHESs5SlH.KavWloJJ3XjAB6',NULL,2,1,1,0,1,1,'a588466d25c927e3f18e7085aac38be3',NULL,NULL,NULL,NULL,'2025-09-02 02:02:28','2025-09-02 02:02:28'),
	(367,NULL,NULL,NULL,'jbJOQqqNvuTnFSQ','ohurubafa723@gmail.com',NULL,'female','$2y$10$foH2mbXRXXAq0SPAcnOofOgYQnvN7HW5pajYSM4nMGgW4e.pSPsVi',NULL,2,1,1,0,1,1,'93f68fb608cf4ba007f36cc6fcdb46e1',NULL,NULL,NULL,NULL,'2025-09-02 05:07:25','2025-09-02 05:07:25'),
	(368,NULL,NULL,NULL,'MmfDNCqydeV','qivadaja036@gmail.com',NULL,'female','$2y$10$59eTuOI2V33VvYiZzXXFHubLEM.XO1nTYCN/hOEqGr81EtONTRBcq',NULL,2,1,1,0,1,1,'ee89fa8d0fdca0b5c7b99d8dd9fd3423',NULL,NULL,NULL,NULL,'2025-09-02 08:31:52','2025-09-02 08:31:52'),
	(369,NULL,NULL,NULL,'AcHKIoVMyBw','evadomuhu678@gmail.com',NULL,'female','$2y$10$2Mmo1U0DXMoI1ZqUhLMhPOOMdHihTO372hSkPx3S9MFMuGoE0bbE6',NULL,2,1,1,0,1,1,'34fc78c256c553839f9e1d6b659b3cc9',NULL,NULL,NULL,NULL,'2025-09-04 04:05:15','2025-09-04 04:05:15'),
	(370,NULL,NULL,NULL,'HVTehsdwtVH','nedocohoj18@gmail.com',NULL,'female','$2y$10$j9WeSBctTm2jLhUMbDHxV.Wj2xRrk7CFIHl49Taq0HGc./XqjHoVO',NULL,2,1,1,0,1,1,'7510d8fd839c85a8a0f183ba9fd42541',NULL,NULL,NULL,NULL,'2025-09-07 05:28:20','2025-09-07 05:28:20'),
	(371,NULL,NULL,NULL,'ijyxWuvEcwDHYcq','izayobese434@gmail.com',NULL,'female','$2y$10$jJkjne1e98Nsa/FwImDV3eJoorHAEQZH2bC6aa85AgEOrOekiqwsa',NULL,2,1,1,0,1,1,'f5a8b37a7f9e0f971736a1a193438035',NULL,NULL,NULL,NULL,'2025-09-07 07:09:29','2025-09-07 07:09:29'),
	(372,NULL,NULL,NULL,'sVZwyJiPBynT','wreyeslnepuycm@yahoo.com',NULL,'female','$2y$10$sQViLdTjwaFE473r8w3niuj2iw52RijXOELKR2uJ0bZ8T8MAkQPgC',NULL,2,1,1,0,1,1,'d1486ce76839afebd2caaa0dea6f6127',NULL,NULL,NULL,NULL,'2025-09-07 11:12:27','2025-09-07 11:12:27'),
	(373,NULL,NULL,NULL,'HcuFxIYXykt','zifabilode29@gmail.com',NULL,'female','$2y$10$1eTUx8cIag4lH/3dyxPUFOoFgS/yYtQUiLTLC9hFNRCJW1HSo6lFW',NULL,2,1,1,0,1,1,'8b2f7d5485e087afaa116935a97b7e4c',NULL,NULL,NULL,NULL,'2025-09-08 04:36:24','2025-09-08 04:36:24'),
	(374,NULL,NULL,NULL,'qhzLIsLIyfbeWiw','rwmiitunvqbqkbaoy@yahoo.com',NULL,'female','$2y$10$jqfiyuV3Ucx1kjDnUXq2bOxtH3jptZZqd5hpFtyaAGqqEoH3WVs/.',NULL,2,1,1,0,1,1,'ede791b0beccb28ec8f4e295a5eb5de5',NULL,NULL,NULL,NULL,'2025-09-08 01:31:29','2025-09-08 01:31:29'),
	(375,NULL,NULL,NULL,'LuFtzHvNbxrKd','hcbdjhrgx@yahoo.com',NULL,'female','$2y$10$y0kPzRH1r87L9GtTlnzo3.Y1njIT7XQfZs0edvybGV7v7R9f5c5c6',NULL,2,1,1,0,1,1,'acdf2c7e2fb5f34f34ef620003a64542',NULL,NULL,NULL,NULL,'2025-09-08 04:04:19','2025-09-08 04:04:19'),
	(376,NULL,NULL,NULL,'hndpCGwD','esefhpiibloy8zrbb@yahoo.com',NULL,'female','$2y$10$YbI0pE340s6LVZDPkNqne.4Xjonfs4Ayiux5ySOr.aH.8fq8H4SEa',NULL,2,1,1,0,1,1,'f795889cb92f14344d74904a8310ffb4',NULL,NULL,NULL,NULL,'2025-09-09 04:39:05','2025-09-09 04:39:05'),
	(377,NULL,NULL,NULL,'RaTBwotJYEMtq','owunuzaxa907@gmail.com',NULL,'female','$2y$10$YQoXr9Nn1//EOOUV6C2Z6u8rzgXSj.LpCKpStENnXIJVZIZwHLVrK',NULL,2,1,1,0,1,1,'d313999be555e41fc23f4c27a852af1b',NULL,NULL,NULL,NULL,'2025-09-09 08:11:52','2025-09-09 08:11:52'),
	(378,NULL,NULL,NULL,'ZguaMyGNKW','xqikcpgiaedfrs@yahoo.com',NULL,'female','$2y$10$saVzJ0x/LGsE7x16lhKs3OxQZya98Vxm6dKnaTiBHdyezd244J4e.',NULL,2,1,1,0,1,1,'af0ac171d8e8fa3264f97609f7ff9434',NULL,NULL,NULL,NULL,'2025-09-10 12:22:01','2025-09-10 12:22:01'),
	(379,NULL,NULL,NULL,'tUDrrmEOg','qanuhasis287@gmail.com',NULL,'female','$2y$10$ox0i7JsOOO2TINWD.gRMk.dTPyPoSf2cFkWBYgwBHNLp4EEo/vYWy',NULL,2,1,1,0,1,1,'b27713f7d492343eaca8681b3639a92a',NULL,NULL,NULL,NULL,'2025-09-12 01:42:08','2025-09-12 01:42:08'),
	(380,NULL,NULL,NULL,'WdWwmYHttbnGS','ijopakaqovo27@gmail.com',NULL,'female','$2y$10$9X8VUxXkb4q9Rp6Nk588HuGHjrUfTksb9FUIL/CnpOb7XkQ7/XX/a',NULL,2,1,1,0,1,1,'44d45c5d6a765b4d2e12c11eced28592',NULL,NULL,NULL,NULL,'2025-09-13 06:25:44','2025-09-13 06:25:44'),
	(381,NULL,NULL,NULL,'NAYUYUTY493987NERTYTRY','utqoiztr@ronaldofmail.com',NULL,'male','$2y$10$JmF8GcIRXsBcCZnV5Km4FuOzv66ett7Fi//UJbYgdZUN4HfWsU5we',NULL,2,1,1,0,1,1,'7cd4a9d8f0d27456bd56b76712d6e13b',NULL,NULL,NULL,NULL,'2025-09-13 02:21:50','2025-09-13 02:21:50'),
	(382,NULL,NULL,NULL,'MDCeRahfP','gqqrjmwfk@yahoo.com',NULL,'female','$2y$10$FZDP0w0tX8WMgSFqhTsH6usKS10YbvB6RBW0H.D5N5KY6bpbNUUQW',NULL,2,1,1,0,1,1,'9e7fed4715eecf4c03acacc7543beb28',NULL,NULL,NULL,NULL,'2025-09-13 05:55:28','2025-09-13 05:55:28'),
	(383,NULL,NULL,NULL,'NaUYAiugtcbwCMs','cuzofop300@gmail.com',NULL,'female','$2y$10$UyxnNHkzcSveMm7.DyZi0eJaWodSOcPueh4PZaeY2f.UqWJDHppRq',NULL,2,1,1,0,1,1,'7b1d699f98c06ba804a0c5f8be720c36',NULL,NULL,NULL,NULL,'2025-09-13 08:58:48','2025-09-13 08:58:48'),
	(384,NULL,NULL,NULL,'eZdaRPStfqmobU','preulacrx2upchak@yahoo.com',NULL,'female','$2y$10$e/TCTKfXP6RkK0030pgWYeTg5WbmSzYnmrCQhdUwundX5aWSzIwAe',NULL,2,1,1,0,1,1,'ee287aee6072d5b242d036384c8105f4',NULL,NULL,NULL,NULL,'2025-09-14 07:46:16','2025-09-14 07:46:16'),
	(385,NULL,NULL,NULL,'NATREGTEGH1477972NEYRTHYT','vrcxelgh@wildbmail.com',NULL,'male','$2y$10$m5.HBZAIu/DDlLIHHMLLmeSgDacTP0FJW95kbQ6GjYUM0krqfUyKK',NULL,2,1,1,0,1,1,'f9f093b849edbda107d86fb01d424b78',NULL,NULL,NULL,NULL,'2025-09-14 11:59:51','2025-09-14 11:59:51'),
	(386,NULL,NULL,NULL,'HcpYDjYJGxo','ovihoto759@gmail.com',NULL,'female','$2y$10$Pqvkqo7mUV.nInfy2vxutuljbePFM7l3oBohYzGKNNM1OF/mML/Q6',NULL,2,1,1,0,1,1,'e7e43516a48f0ecc253ad32f13b74255',NULL,NULL,NULL,NULL,'2025-09-15 12:23:30','2025-09-15 12:23:30'),
	(387,NULL,NULL,NULL,'ORERLYTQtKFRW','anihicudat042@gmail.com',NULL,'female','$2y$10$kxP2xHEIA1NTCfdIePrskuIsryEKd81RJsHCTS6NkftbmDQf9H0uO',NULL,2,1,1,0,1,1,'4eea9cfd739705adae7770a62bb053c6',NULL,NULL,NULL,NULL,'2025-09-16 11:41:14','2025-09-16 11:41:14'),
	(388,NULL,NULL,NULL,'oliiHPCfiNYAop','iyunutivifim23@gmail.com',NULL,'female','$2y$10$AedBiQAdR8hVZaibU7cAseKkc.79tZ3uCLCojFlvjiKySBwrCdrNC',NULL,2,1,1,0,1,1,'18246d414bc3b35cd5dcc74ed5eeaca8',NULL,NULL,NULL,NULL,'2025-09-17 02:28:14','2025-09-17 02:28:14'),
	(389,NULL,NULL,NULL,'STaSckORX','gudimisimij460@gmail.com',NULL,'female','$2y$10$B0RKbt6UBTulnvJZgUXtmeEF4mbSBo/k1cpMJZGE4eyXzh2Hrd5Ki',NULL,2,1,1,0,1,1,'4a020d58a84255f2cd8bb10bbb702df1',NULL,NULL,NULL,NULL,'2025-09-17 06:05:21','2025-09-17 06:05:21'),
	(390,NULL,NULL,NULL,'VGWrpXOqkeSABrs','dobuxas080@gmail.com',NULL,'female','$2y$10$9W3OgpF/VJSLdDXMrzgXJ.Nt0AX4dJi6pGVfof5qiZIVHMbwrl9Oi',NULL,2,1,1,0,1,1,'a74bf72750602c2fce5fe5075c99422e',NULL,NULL,NULL,NULL,'2025-09-17 11:27:01','2025-09-17 11:27:01'),
	(391,NULL,NULL,NULL,'XcplWGfcGWU','qefaliseri790@gmail.com',NULL,'female','$2y$10$8bm7/avS2k/lQeG5rXIoiurIpiIFUSfjaM2i.CBJCS8gqdDt7vO0W',NULL,2,1,1,0,1,1,'24f68e264eb5e05691697cab57c603ee',NULL,NULL,NULL,NULL,'2025-09-20 10:49:26','2025-09-20 10:49:26'),
	(392,NULL,NULL,NULL,'aUpKAHmRtTwUV','mefatoj780@gmail.com',NULL,'female','$2y$10$OQpAs6TCCuC1olH9TwOBL.XAggudeWrZA5.CX18fMOwJnYBFTYaVW',NULL,2,1,1,0,1,1,'84c247ba356ced5098f7cbfea7dea330',NULL,NULL,NULL,NULL,'2025-09-23 09:34:20','2025-09-23 09:34:20'),
	(393,NULL,NULL,NULL,'JULCAIyllYUXb','ufidatopal93@gmail.com',NULL,'female','$2y$10$PdpwP2mlXSMf2dp.AH1QI.HuanzEswnwZHaQNymSgESd9fnanUPYm',NULL,2,1,1,0,1,1,'806479aca701a81a66af9a999050d1a1',NULL,NULL,NULL,NULL,'2025-09-24 09:42:51','2025-09-24 09:42:51'),
	(394,NULL,NULL,NULL,'dgUwmEHhbPZuhk','qaqakahomu113@gmail.com',NULL,'female','$2y$10$Lh43QdcjCPjPuAdqoyYd.OtiXlt55PR.0fpzG6ECKTnhE/ghArBY6',NULL,2,1,1,0,1,1,'415ec8cc03afa632491e1b126f49f47b',NULL,NULL,NULL,NULL,'2025-09-24 09:00:24','2025-09-24 09:00:24'),
	(395,NULL,NULL,NULL,'HWkeqNIxG','prgsmhrsxsmkojwk@yahoo.com',NULL,'female','$2y$10$a0t.72W3BC2w6rfYcFM2JuEXOZnMWREfVgX2yZ7MhlJYRgeVltS/S',NULL,2,1,1,0,1,1,'858d880d3cd7df814d3fed13d3f0ffb0',NULL,NULL,NULL,NULL,'2025-09-24 10:34:17','2025-09-24 10:34:17'),
	(396,NULL,NULL,NULL,'GQFkfiJNLn','upeheqox83@gmail.com',NULL,'female','$2y$10$CN7HD4jejespkdWUL4RcBOjSvgZgBctuVhYSpNNmQ7AaAlyF0ezQW',NULL,2,1,1,0,1,1,'f440a1465291e187bb199c1c8f5fc9e4',NULL,NULL,NULL,NULL,'2025-09-25 04:01:50','2025-09-25 04:01:50'),
	(397,NULL,NULL,NULL,'mpHXrnwNnedent','omogavujuy507@gmail.com',NULL,'female','$2y$10$luNQH.Vcn590Fdub3jFrnuC4WVPDdRxnknmAqfgj.g74HbVhpHs0q',NULL,2,1,1,0,1,1,'914a1edf55cc55a1ff4b54346ba7d00e',NULL,NULL,NULL,NULL,'2025-09-27 07:08:46','2025-09-27 07:08:46'),
	(398,NULL,NULL,NULL,'kSsxmieIgyPcGXs','rbrisefus@yahoo.com',NULL,'female','$2y$10$5BE3Xn3/2Enq4DgPTrXR4u0CsPzQqj/diCHJviDKFv7NWXuNulAgS',NULL,2,1,1,0,1,1,'31c63d5ee67f820963991a1184836ab5',NULL,NULL,NULL,NULL,'2025-09-29 06:56:16','2025-09-29 06:56:16'),
	(399,NULL,NULL,NULL,'ipEfbRATr','tailerwoy21@gmail.com',NULL,'female','$2y$10$TO14vgx7QlaJUhqm/CGY2.hdmIKB6IcdBInAEOdH7byuXdE.RjBnC',NULL,2,1,1,0,1,1,'a78013a30ca0b21c281b7870c9df3822',NULL,NULL,NULL,NULL,'2025-09-29 11:25:29','2025-09-29 11:25:29'),
	(400,NULL,NULL,NULL,'VfgEgBJdfxbUWzM','ky9mukqp6el@yahoo.com',NULL,'female','$2y$10$CXqiy.6lT617PU3DORj7Z.K1QQen514qcLZQSEjns/741/6lRlvVy',NULL,2,1,1,0,1,1,'da246ebf862ce568c5501b178dee2c60',NULL,NULL,NULL,NULL,'2025-09-29 02:03:40','2025-09-29 02:03:40'),
	(401,NULL,NULL,NULL,'UZiyFKsD','jsqpy1jhhxvu8vypo@yahoo.com',NULL,'female','$2y$10$c/U.tN8r5E2GkJW.KrVE4utiSNwF6sgpTBzwS7uBDCGol.hyGBmua',NULL,2,1,1,0,1,1,'62a816c160f7ad7e310449a969b59e76',NULL,NULL,NULL,NULL,'2025-09-29 04:09:35','2025-09-29 04:09:35'),
	(402,NULL,NULL,NULL,'DoijEXPVAxgdg','wclbdup2fdt@yahoo.com',NULL,'female','$2y$10$xEobQGlSbtLUUEMcrngVxuUuyq.ONhH21HJIqPTV21hHDWsUhLpra',NULL,2,1,1,0,1,1,'922892892531dbe3a1700652df7b7e0e',NULL,NULL,NULL,NULL,'2025-09-30 03:01:47','2025-09-30 03:01:47'),
	(403,NULL,NULL,NULL,'PLnrGlBYoLuLNQc','rgrocittxukjsbyw@yahoo.com',NULL,'female','$2y$10$uYcO93JBENen0oHPN.3/1.qzK8wYZolQccnzxM1erRsWQpDefgbeS',NULL,2,1,1,0,1,1,'8cdbcd1373782cd3dbf7efcd1baaddff',NULL,NULL,NULL,NULL,'2025-09-30 08:30:53','2025-09-30 08:30:53'),
	(404,NULL,NULL,NULL,'qpWgdPIrF','xgr0gr6mrxajcbc@yahoo.com',NULL,'female','$2y$10$RbG39uNQQFF7bo..rdi7ROfvemM0ZINaGsMlQW4JFjOnJVR3/RcDi',NULL,2,1,1,0,1,1,'7ad13389a5abb9b944f624c209d774e9',NULL,NULL,NULL,NULL,'2025-09-30 11:57:28','2025-09-30 11:57:28');




